{"id":200,"date":"2015-03-17T10:04:24","date_gmt":"2015-03-17T10:04:24","guid":{"rendered":"http:\/\/blogsaverroes.juntadeandalucia.es\/pre\/ceip\/?page_id=200"},"modified":"2023-06-23T17:03:39","modified_gmt":"2023-06-23T15:03:39","slug":"quienes-formamos-el-ampa","status":"publish","type":"page","link":"https:\/\/blogsaverroes.juntadeandalucia.es\/cepermarenostrumro\/quienes-formamos-el-ampa\/","title":{"rendered":"\u00bfQui\u00e9nes formamos la ASOCIACI\u00d3N EDUPER?"},"content":{"rendered":"<table style=\"width: 95%;border-collapse: collapse\">\n<tbody>\n<tr>\n<td style=\"width: 26.2142%\"><a href=\"https:\/\/blogsaverroes.juntadeandalucia.es\/cepermarenostrumro\/files\/2021\/05\/Sello-Eduper.jpg\"><img decoding=\"async\" class=\"wp-image-3148 alignleft\" src=\"https:\/\/blogsaverroes.juntadeandalucia.es\/cepermarenostrumro\/files\/2021\/05\/Sello-Eduper.jpg\" alt=\"\" width=\"188\" height=\"188\" srcset=\"https:\/\/blogsaverroes.juntadeandalucia.es\/cepermarenostrumro\/files\/2021\/05\/Sello-Eduper.jpg 297w, https:\/\/blogsaverroes.juntadeandalucia.es\/cepermarenostrumro\/files\/2021\/05\/Sello-Eduper-150x150.jpg 150w, https:\/\/blogsaverroes.juntadeandalucia.es\/cepermarenostrumro\/files\/2021\/05\/Sello-Eduper-50x50.jpg 50w\" sizes=\"(max-width: 188px) 100vw, 188px\" \/><\/a><\/td>\n<td style=\"width: 73.7858%\">\n<ul>\n<li>\n<h4><strong>PRESIDENTA: Ana Cort\u00e9s<\/strong><\/h4>\n<\/li>\n<li>\n<h4><strong>VICEPRESIDENTA: Bouchra Dahioui<\/strong><\/h4>\n<\/li>\n<li>\n<h4><strong>SECRETARIA: Mar\u00eda Vicenta Padilla<\/strong><\/h4>\n<\/li>\n<li>\n<h4><strong>TESORERO: Jos\u00e9 Antonio Salmer\u00f3n<\/strong><\/h4>\n<\/li>\n<li>\n<h4><strong>VOCALES: Mar\u00eda Teresa Li\u00f1\u00e1n, Mari Carmen Polaino, Marina Ruiz, Gisela Torres y Orfelina Cort\u00e9s.<\/strong><\/h4>\n<\/li>\n<\/ul>\n<\/td>\n<\/tr>\n<\/tbody>\n<\/table>\n<h2 style=\"text-align: center\"><strong>Contacte con la Asociaci\u00f3n en este email: eduper121219@gmail.com<\/strong><\/h2>\n","protected":false},"excerpt":{"rendered":"<p>PRESIDENTA: Ana Cort\u00e9s VICEPRESIDENTA: Bouchra Dahioui SECRETARIA: Mar\u00eda Vicenta Padilla TESORERO: Jos\u00e9 Antonio Salmer\u00f3n VOCALES: Mar\u00eda Teresa Li\u00f1\u00e1n, Mari Carmen Polaino, Marina Ruiz, Gisela Torres y Orfelina Cort\u00e9s. Contacte con la Asociaci\u00f3n en este email: eduper121219@gmail.com<\/p>\n","protected":false},"author":1,"featured_media":0,"parent":0,"menu_order":0,"comment_status":"closed","ping_status":"open","template":"","meta":{"ngg_post_thumbnail":0,"footnotes":"","_mc_calendar":[]},"aioseo_notices":[],"post_mailing_queue_ids":[],"_links":{"self":[{"href":"https:\/\/blogsaverroes.juntadeandalucia.es\/cepermarenostrumro\/wp-json\/wp\/v2\/pages\/200"}],"collection":[{"href":"https:\/\/blogsaverroes.juntadeandalucia.es\/cepermarenostrumro\/wp-json\/wp\/v2\/pages"}],"about":[{"href":"https:\/\/blogsaverroes.juntadeandalucia.es\/cepermarenostrumro\/wp-json\/wp\/v2\/types\/page"}],"author":[{"embeddable":true,"href":"https:\/\/blogsaverroes.juntadeandalucia.es\/cepermarenostrumro\/wp-json\/wp\/v2\/users\/1"}],"replies":[{"embeddable":true,"href":"https:\/\/blogsaverroes.juntadeandalucia.es\/cepermarenostrumro\/wp-json\/wp\/v2\/comments?post=200"}],"version-history":[{"count":13,"href":"https:\/\/blogsaverroes.juntadeandalucia.es\/cepermarenostrumro\/wp-json\/wp\/v2\/pages\/200\/revisions"}],"predecessor-version":[{"id":5752,"href":"https:\/\/blogsaverroes.juntadeandalucia.es\/cepermarenostrumro\/wp-json\/wp\/v2\/pages\/200\/revisions\/5752"}],"wp:attachment":[{"href":"https:\/\/blogsaverroes.juntadeandalucia.es\/cepermarenostrumro\/wp-json\/wp\/v2\/media?parent=200"}],"curies":[{"name":"wp","href":"https:\/\/api.w.org\/{rel}","templated":true}]}}