{"id":2959,"date":"2020-12-19T16:53:07","date_gmt":"2020-12-19T16:53:07","guid":{"rendered":"https:\/\/blogsaverroes.juntadeandalucia.es\/cepermarenostrumro\/?page_id=2959"},"modified":"2021-05-18T16:52:50","modified_gmt":"2021-05-18T16:52:50","slug":"nuestra-localidad","status":"publish","type":"page","link":"https:\/\/blogsaverroes.juntadeandalucia.es\/cepermarenostrumro\/nuestra-localidad\/","title":{"rendered":"Nuestra localidad"},"content":{"rendered":"\t\t<div data-elementor-type=\"wp-page\" data-elementor-id=\"2959\" class=\"elementor elementor-2959\">\n\t\t\t\t\t\t<section class=\"elementor-section elementor-top-section elementor-element elementor-element-c1bf3 elementor-section-boxed elementor-section-height-default elementor-section-height-default\" data-id=\"c1bf3\" data-element_type=\"section\">\n\t\t\t\t\t\t<div class=\"elementor-container elementor-column-gap-default\">\n\t\t\t\t\t<div class=\"elementor-column elementor-col-100 elementor-top-column elementor-element elementor-element-798265f7\" data-id=\"798265f7\" data-element_type=\"column\">\n\t\t\t<div class=\"elementor-widget-wrap elementor-element-populated\">\n\t\t\t\t\t\t<div class=\"elementor-element elementor-element-d805ce0 elementor-widget elementor-widget-image\" data-id=\"d805ce0\" data-element_type=\"widget\" data-widget_type=\"image.default\">\n\t\t\t\t<div class=\"elementor-widget-container\">\n\t\t\t\t\t\t\t\t\t\t\t\t\t\t\t<img fetchpriority=\"high\" decoding=\"async\" width=\"691\" height=\"293\" src=\"https:\/\/blogsaverroes.juntadeandalucia.es\/cepermarenostrumro\/files\/2020\/12\/LOCALIDAD.jpg\" class=\"attachment-large size-large wp-image-3005\" alt=\"\" srcset=\"https:\/\/blogsaverroes.juntadeandalucia.es\/cepermarenostrumro\/files\/2020\/12\/LOCALIDAD.jpg 691w, https:\/\/blogsaverroes.juntadeandalucia.es\/cepermarenostrumro\/files\/2020\/12\/LOCALIDAD-300x127.jpg 300w, https:\/\/blogsaverroes.juntadeandalucia.es\/cepermarenostrumro\/files\/2020\/12\/LOCALIDAD-24x10.jpg 24w, https:\/\/blogsaverroes.juntadeandalucia.es\/cepermarenostrumro\/files\/2020\/12\/LOCALIDAD-36x15.jpg 36w, https:\/\/blogsaverroes.juntadeandalucia.es\/cepermarenostrumro\/files\/2020\/12\/LOCALIDAD-48x20.jpg 48w\" sizes=\"(max-width: 691px) 100vw, 691px\" \/>\t\t\t\t\t\t\t\t\t\t\t\t\t\t\t<\/div>\n\t\t\t\t<\/div>\n\t\t\t\t<div class=\"elementor-element elementor-element-10e4a5a5 elementor-widget elementor-widget-text-editor\" data-id=\"10e4a5a5\" data-element_type=\"widget\" data-widget_type=\"text-editor.default\">\n\t\t\t\t<div class=\"elementor-widget-container\">\n\t\t\t\t\t\t\t\t\t<p style=\"text-align: justify\"><span style=\"color: #000000\"><b>Roquetas de Mar<\/b>&nbsp;es un&nbsp;<a style=\"color: #000000;text-decoration: underline\" title=\"Municipio\" href=\"https:\/\/es.wikipedia.org\/wiki\/Municipio\">municipio<\/a>&nbsp;<a style=\"color: #000000;text-decoration: underline\" title=\"Espa\u00f1a\" href=\"https:\/\/es.wikipedia.org\/wiki\/Espa%C3%B1a\">espa\u00f1ol<\/a>&nbsp;de la&nbsp;<a style=\"color: #000000;text-decoration: underline\" title=\"Provincia de Almer\u00eda\" href=\"https:\/\/es.wikipedia.org\/wiki\/Provincia_de_Almer%C3%ADa\">provincia de Almer\u00eda<\/a>&nbsp;y la comunidad aut\u00f3noma de&nbsp;<a style=\"color: #000000;text-decoration: underline\" title=\"Andaluc\u00eda\" href=\"https:\/\/es.wikipedia.org\/wiki\/Andaluc%C3%ADa\">Andaluc\u00eda<\/a>, capital del partido judicial hom\u00f3nimo, situado en la comarca del&nbsp;<a style=\"color: #000000;text-decoration: underline\" title=\"Poniente Almeriense\" href=\"https:\/\/es.wikipedia.org\/wiki\/Poniente_Almeriense\">Poniente Almeriense<\/a>&nbsp;y a 21 kil\u00f3metros de la capital de provincia,&nbsp;<a style=\"color: #000000;text-decoration: underline\" title=\"Almer\u00eda\" href=\"https:\/\/es.wikipedia.org\/wiki\/Almer%C3%ADa\">Almer\u00eda<\/a>. En el a\u00f1o&nbsp;<a style=\"color: #000000;text-decoration: underline\" title=\"2014\" href=\"https:\/\/es.wikipedia.org\/wiki\/2014\">2014<\/a>, contaba con 91&nbsp;682 habitantes y era el segundo municipio de la provincia por detr\u00e1s de&nbsp;<a style=\"color: #000000;text-decoration: underline\" title=\"Almer\u00eda\" href=\"https:\/\/es.wikipedia.org\/wiki\/Almer%C3%ADa\">la capital<\/a>,&nbsp;<\/span><\/p>\n<p style=\"text-align: justify\"><span style=\"color: #000000\">El&nbsp;<a style=\"color: #000000;text-decoration: underline\" title=\"T\u00e9rmino municipal\" href=\"https:\/\/es.wikipedia.org\/wiki\/T%C3%A9rmino_municipal\">t\u00e9rmino municipal<\/a>&nbsp;de Roquetas de Mar es, en general, llano y con baja altura sobre el nivel del mar, a excepci\u00f3n de&nbsp;<a style=\"color: #000000;text-decoration: underline\" title=\"Cortijos de Mar\u00edn\" href=\"https:\/\/es.wikipedia.org\/wiki\/Cortijos_de_Mar%C3%ADn\">Cortijos de Mar\u00edn<\/a>&nbsp;y las zonas circundantes, que son ligeramente m\u00e1s elevadas aunque no menos llanas. El mon\u00f3tono relieve llano se rompe al norte, cerca del l\u00edmite con&nbsp;<a style=\"color: #000000;text-decoration: underline\" title=\"Enix (Almer\u00eda)\" href=\"https:\/\/es.wikipedia.org\/wiki\/Enix_(Almer%C3%ADa)\">Enix<\/a>, en las Colinas de Aguadulce y los alrededores, donde hay colinas y peque\u00f1os cerros. Aqu\u00ed la altura tambi\u00e9n es mayor.<\/span><\/p>\nEst\u00e1 atravesado por varias ramblas, entre las que destacan la de El Ca\u00f1uelo, la del Pastor y la de la Culebra.\n\nRoquetas de Mar es parte de la Espa\u00f1a seca y mediterr\u00e1nea subdes\u00e9rtica, por lo que est\u00e1 delimitada por las isoyetas de 300 mm anuales. Sus precipitaciones caen en una media de 25 d\u00edas al a\u00f1o en forma de aguaceros violentos. La escasez de las precipitaciones anuales es debido al efecto de pantalla que ejerce la&nbsp;<a title=\"Cordillera Penib\u00e9tica\" href=\"https:\/\/es.wikipedia.org\/wiki\/Cordillera_Penib%C3%A9tica\"><u>cordillera Penib\u00e9tica<\/u><\/a>&nbsp;sobre las borrascas procedentes del Atl\u00e1ntico. La estacionalidad de las precipitaciones es equinoccial: gota fr\u00eda en oto\u00f1o. Sus reg\u00edmenes estacionales pluviom\u00e9tricos son: m\u00e1ximo en oto\u00f1o y en primavera. No recibe nieve ni granizo, y no se producen heladas.\n\nDebido a su elevada posici\u00f3n al Sur respecto al resto de la&nbsp;<a title=\"Pen\u00ednsula Ib\u00e9rica\" href=\"https:\/\/es.wikipedia.org\/wiki\/Pen%C3%ADnsula_Ib%C3%A9rica\"><u>Pen\u00ednsula Ib\u00e9rica<\/u><\/a>, tiene un aumento del balance de radiaci\u00f3n solar, y por lo tanto una elevada temperatura media anual (19&nbsp;\u00baC); adem\u00e1s est\u00e1 expuesto a la llegada de masas de aire del continente africano. Su amplitud t\u00e9rmica (diferencia entre valores m\u00e1ximos y m\u00ednimos) es de entre 14&nbsp;\u00baC y 17&nbsp;\u00baC.\n\nEl&nbsp;<a title=\"Mar Mediterr\u00e1neo\" href=\"https:\/\/es.wikipedia.org\/wiki\/Mar_Mediterr%C3%A1neo\"><u>mar Mediterr\u00e1neo<\/u><\/a>, al ser cerrado y no tener corrientes marinas que modifiquen el clima es el causante de su elevada temperatura (inviernos templados, h\u00famedos, suaves y cortos; y veranos muy c\u00e1lidos), porque provoca una acci\u00f3n termorreguladora. A su baja altitud tambi\u00e9n se debe el clima c\u00e1lido. Su orientaci\u00f3n es de pendiente Sur, por lo que es de solana.\n\nLas masas de aire que recibe es el aire tropical mar\u00edtimo (aire c\u00e1lido y h\u00famedo). Est\u00e1 afectado por el desplazamiento al sur en invierno del&nbsp;<a title=\"Anticicl\u00f3n de las Azores\" href=\"https:\/\/es.wikipedia.org\/wiki\/Anticicl%C3%B3n_de_las_Azores\"><u>anticicl\u00f3n de las Azores<\/u><\/a>\n\n<b>Edad Antigua<\/b>\n\nDurante la Edad Antigua fueron dos civilizaciones las que pasaron por el municipio: fenicios y romanos, provocando un aprovechamiento en cadena de los recursos de la zona que luego fueron usados por los \u00e1rabes. Existen determinadas evidencias de la presencia de fenicios en el \u00e1rea del municipio.\n\nEn \u00e9poca romana recibi\u00f3 el nombre de&nbsp;<a title=\"Turaniana\" href=\"https:\/\/es.wikipedia.org\/wiki\/Turaniana\"><u>Turaniana<\/u><\/a>, en un principio esta poblaci\u00f3n se encontraba situada en la Ribera de la Algaida (entre las actuales Roquetas y&nbsp;<a title=\"Aguadulce (Almer\u00eda)\" href=\"https:\/\/es.wikipedia.org\/wiki\/Aguadulce_(Almer%C3%ADa)\"><u>Aguadulce<\/u><\/a>) aunque el asentamiento hubo de ser reconstruido en el actual emplazamiento de la villa de Roquetas a causa de unas inundaciones.\n\nUn tramo de la calzada romana de&nbsp;<a title=\"C\u00e1stulo\" href=\"https:\/\/es.wikipedia.org\/wiki\/C%C3%A1stulo\"><u>C\u00e1stulo<\/u><\/a>&nbsp;a&nbsp;<a title=\"Malaca (Hispania)\" href=\"https:\/\/es.wikipedia.org\/wiki\/Malaca_(Hispania)\"><u>Malacca<\/u><\/a>&nbsp;pasaba por el municipio, conserv\u00e1ndose adem\u00e1s un&nbsp;<a title=\"Miliario\" href=\"https:\/\/es.wikipedia.org\/wiki\/Miliario\"><u>miliario<\/u><\/a>&nbsp;de ella. El miliario mide metro y medio de altura y tiene inscripciones en n\u00fameros romanos que se\u00f1alan las leguas de distancia entre las poblaciones. Tambi\u00e9n se sabe que los romanos extrajeron sal de la zona gracias al hallazgo de una balsa de cuajado de sal acompa\u00f1ada de un manantial de agua (a\u00fan existente) que fue encauzado por una acequia.\n\nFue tal la importancia de las salinas romanas, que aparecieron alrededor grandes industrias del pescado en las cuales se fabricaban productos como el&nbsp;<i><a title=\"Garum\" href=\"https:\/\/es.wikipedia.org\/wiki\/Garum\"><u>garum<\/u><\/a><\/i>&nbsp;que se exportaba a Roma. A su vez, tambi\u00e9n se han encontrado varias monedas de cobre y bronce de la \u00e9poca.<a href=\"https:\/\/es.wikipedia.org\/wiki\/Roquetas_de_Mar#cite_note-7\"><sup><u>7<\/u><\/sup><\/a>\n\n<b>Edad Media<\/b>\n\nDurante la \u00e9poca&nbsp;<a title=\"Nazar\u00ed\" href=\"https:\/\/es.wikipedia.org\/wiki\/Nazar%C3%AD\"><u>nazar\u00ed<\/u><\/a>&nbsp;fue fortificada dando lugar a construcciones como la Torre del Esparto, la Torre de Cerrillos o el Castillo de Roquetas, en la actualidad llamado&nbsp;<a title=\"Castillo de Santa Ana (Roquetas de Mar, Almer\u00eda)\" href=\"https:\/\/es.wikipedia.org\/wiki\/Castillo_de_Santa_Ana_(Roquetas_de_Mar,_Almer%C3%ADa)\"><u>Castillo de Santa Ana<\/u><\/a>.\n\n<b>Edad Moderna<\/b>\n\nTras la&nbsp;<a title=\"Reconquista\" href=\"https:\/\/es.wikipedia.org\/wiki\/Reconquista\"><u>Reconquista<\/u><\/a>&nbsp;fue considerada como una plaza de gran inter\u00e9s militar aunque no consigui\u00f3 afianzarse como tal, quedando pues su actividad relegada a las salinas y a la pesca. El nacimiento de la actual Roquetas de Mar podr\u00eda situarse entorno al&nbsp;<a title=\"Siglo XVIII\" href=\"https:\/\/es.wikipedia.org\/wiki\/Siglo_XVIII\"><u>siglo XVIII<\/u><\/a>&nbsp;cuando los habitantes de los pueblos cercanos, como&nbsp;<a title=\"Enix (Almer\u00eda)\" href=\"https:\/\/es.wikipedia.org\/wiki\/Enix_(Almer%C3%ADa)\"><u>Enix<\/u><\/a>&nbsp;o&nbsp;<a title=\"Felix (Almer\u00eda)\" href=\"https:\/\/es.wikipedia.org\/wiki\/Felix_(Almer%C3%ADa)\"><u>Felix<\/u><\/a>, que en un principio no ten\u00edan residencia fija en el municipio, se asentaron de forma definitiva. Estos pescadores se dedicaron a roturar las salinosas tierras que circunscriben el t\u00e9rmino municipal dej\u00e1ndolas as\u00ed aptas para su cultivo.\n\n<b>Edad Contempor\u00e1nea<\/b>\n\nLos primeros asentamientos duraderos datan de&nbsp;<a title=\"1737\" href=\"https:\/\/es.wikipedia.org\/wiki\/1737\"><u>1737<\/u><\/a>, y se compon\u00edan de unas casas de pescadores cercanas al Castillo de Santa Ana y de algunos cortijos. Por aquel entonces, Roquetas de Mar era un barrio de pescadores perteneciente a&nbsp;<a title=\"Felix (Almer\u00eda)\" href=\"https:\/\/es.wikipedia.org\/wiki\/Felix_(Almer%C3%ADa)\"><u>Felix<\/u><\/a>, y recib\u00eda el nombre de&nbsp;<i>Las Roquetas<\/i>.<a href=\"https:\/\/es.wikipedia.org\/wiki\/Roquetas_de_Mar#cite_note-8\"><sup><u>8<\/u><\/sup><\/a>\n\nFue en los a\u00f1os cincuenta cuando Roquetas de Mar tom\u00f3 el impulso necesario para llegar a ser una de las poblaciones m\u00e1s importantes de la provincia. Este hecho fue consecuencia primero de la implantaci\u00f3n de la agricultura intensiva que desde entonces ha sido la principal actividad econ\u00f3mica del municipio. Los estudios y actuaciones llevadas a cabo por el&nbsp;<a title=\"Instituto Nacional de Colonizaci\u00f3n (Espa\u00f1a)\" href=\"https:\/\/es.wikipedia.org\/wiki\/Instituto_Nacional_de_Colonizaci%C3%B3n_(Espa%C3%B1a)\"><u>Instituto Nacional de Colonizaci\u00f3n<\/u><\/a>&nbsp;establecieron la infraestructura necesaria para el ulterior desarrollo del municipio. Peque\u00f1as comunidades de viviendas dotadas de unos servicios m\u00ednimos fueron paulatinamente habitadas por agricultores llegados en su mayor\u00eda del interior y de la costa de la&nbsp;<a title=\"Provincia de Granada\" href=\"https:\/\/es.wikipedia.org\/wiki\/Provincia_de_Granada\"><u>provincia de Granada<\/u><\/a>.<a href=\"https:\/\/es.wikipedia.org\/wiki\/Roquetas_de_Mar#cite_note-Historia_Roquetas-9\"><sup><u>9<\/u><\/sup><\/a>\n\nFrancisco Fuentes S\u00e1nchez, m\u00e1s conocido como \u201cPaco el piloto\u201d, monta el primer invernadero de la provincia de Almer\u00eda, fabricado con ca\u00f1as y alambre. 1963: 30 de noviembre, se utilizaba por primera vez en Espa\u00f1a el pl\u00e1stico para cubrir cinco m\u00f3dulos de cien metros cuadrados de terreno enarenado, un experimento en colaboraci\u00f3n con el Instituto Nacional de Colonizaci\u00f3n. La finca era la parcela 24 del Iryda, en el barrio de San Francisco, junto a&nbsp;<a title=\"El Parador de las Hortichuelas\" href=\"https:\/\/es.wikipedia.org\/wiki\/El_Parador_de_las_Hortichuelas\"><u>El Parador de las Hortichuelas<\/u><\/a>. Los t\u00e9cnicos fueron Leandro P\u00e9rez de los Cobos y Bernab\u00e9 Aguilar. Este invernadero estuvo en marcha hasta 1966. Al desarrollo agr\u00edcola que esta innovaci\u00f3n implant\u00f3 en la zona del&nbsp;<a title=\"Poniente almeriense\" href=\"https:\/\/es.wikipedia.org\/wiki\/Poniente_almeriense\"><u>Poniente almeriense<\/u><\/a><span style=\"font-family: Calibri;font-size: medium\">&nbsp;<\/span>posteriormente se a\u00f1adi\u00f3 el turismo, otro eje econ\u00f3mico importante cuya actividad arranc\u00f3 en el a\u00f1o 1964 con la declaraci\u00f3n de la localidad de&nbsp;<a title=\"Aguadulce (Almer\u00eda)\" href=\"https:\/\/es.wikipedia.org\/wiki\/Aguadulce_(Almer%C3%ADa)\"><u>Aguadulce<\/u><\/a>&nbsp;como&nbsp;<a title=\"Centro de Inter\u00e9s Tur\u00edstico Nacional (a\u00fan no redactado)\" href=\"https:\/\/es.wikipedia.org\/w\/index.php?title=Centro_de_Inter%C3%A9s_Tur%C3%ADstico_Nacional&amp;action=edit&amp;redlink=1\"><u>Centro de Inter\u00e9s Tur\u00edstico Nacional<\/u><\/a>.<a href=\"https:\/\/es.wikipedia.org\/wiki\/Roquetas_de_Mar#cite_note-Historia_Roquetas-9\"><sup><u>9<\/u><\/sup><\/a>\n\nEn los siguientes d\u00e9cadas del&nbsp;<a title=\"Siglo XX\" href=\"https:\/\/es.wikipedia.org\/wiki\/Siglo_XX\"><u>siglo XX<\/u><\/a>&nbsp;se fue consolidando este desarrollo que tuvo como consecuencia un aumento de la poblaci\u00f3n tanto del n\u00facleo principal de Roquetas de Mar como del resto de n\u00facleos de poblaci\u00f3n del municipio como el&nbsp;<a title=\"El Parador de las Hortichuelas\" href=\"https:\/\/es.wikipedia.org\/wiki\/El_Parador_de_las_Hortichuelas\"><u>El Parador de las Hortichuelas<\/u><\/a>&nbsp;o&nbsp;<a title=\"Las Marinas (a\u00fan no redactado)\" href=\"https:\/\/es.wikipedia.org\/w\/index.php?title=Las_Marinas&amp;action=edit&amp;redlink=1\"><u>Las Marinas<\/u><\/a>.\n\nComo consecuencia del desarrollo tur\u00edstico tambi\u00e9n se han creado varias urbanizaciones adaptadas a tales fines como la&nbsp;<a title=\"Urbanizaci\u00f3n de Roquetas (a\u00fan no redactado)\" href=\"https:\/\/es.wikipedia.org\/w\/index.php?title=Urbanizaci%C3%B3n_de_Roquetas&amp;action=edit&amp;redlink=1\"><u>Urbanizaci\u00f3n de Roquetas<\/u><\/a>, la&nbsp;<a title=\"Urbanizaci\u00f3n de Playa Serena (a\u00fan no redactado)\" href=\"https:\/\/es.wikipedia.org\/w\/index.php?title=Urbanizaci%C3%B3n_de_Playa_Serena&amp;action=edit&amp;redlink=1\"><u>Urbanizaci\u00f3n de Playa Serena<\/u><\/a>&nbsp;y, desde 2011, la&nbsp;<a title=\"Urbanizaci\u00f3n de Playa Serena Sur (a\u00fan no redactado)\" href=\"https:\/\/es.wikipedia.org\/w\/index.php?title=Urbanizaci%C3%B3n_de_Playa_Serena_Sur&amp;action=edit&amp;redlink=1\"><u>Urbanizaci\u00f3n de Playa Serena Sur<\/u><\/a>.\n<div>\n<h2><span style=\"font-size: large\">Econom\u00eda<\/span><\/h2>\n<\/div>\n<h3><b>Sector primario<\/b><\/h3>\n<h4><i>Agricultura<\/i><\/h4>\nLa agricultura ha estado presente en Roquetas de Mar desde hace siglos, aunque fuera en peque\u00f1a medida. A mediados del&nbsp;<a title=\"Siglo XIX\" href=\"https:\/\/es.wikipedia.org\/wiki\/Siglo_XIX\"><u>siglo XIX<\/u><\/a>, Roquetas de Mar produc\u00eda cierta cantidad de ma\u00edz y de cebada, as\u00ed como de trigo (aunque este \u00faltimo en menor cantidad). Las cantidades de cereales que Roquetas produc\u00eda eran a menudo insuficientes, por lo que hab\u00eda necesidad de importar los productos vegetales.\n\nSin embargo, en la d\u00e9cada de&nbsp;<a title=\"A\u00f1os 1960\" href=\"https:\/\/es.wikipedia.org\/wiki\/A%C3%B1os_1960\"><u>1960<\/u><\/a>, con la&nbsp;<a title=\"Agricultura intensiva\" href=\"https:\/\/es.wikipedia.org\/wiki\/Agricultura_intensiva\"><u>agricultura intensiva<\/u><\/a>&nbsp;bajo&nbsp;<a title=\"Invernadero\" href=\"https:\/\/es.wikipedia.org\/wiki\/Invernadero\"><u>pl\u00e1stico<\/u><\/a>, Roquetas de Mar experiment\u00f3 un considerable crecimiento demogr\u00e1fico y econ\u00f3mico.\n\nEn la actualidad se cultivan una infinidad de vegetales en los&nbsp;<a title=\"Invernadero\" href=\"https:\/\/es.wikipedia.org\/wiki\/Invernadero\"><u>invernaderos<\/u><\/a>. Los m\u00e1s comunes son los tomates, los pimientos, los calabacines y las habichuelas.\n<h4><i>Pesca<\/i><\/h4>\nComo es obvio, las actividades relacionadas con el mar fueron las que, en un principio, constituyeron el sustento de la mayor parte de los habitantes de Roquetas de Mar. La pesca fue la m\u00e1s relevante. En torno a&nbsp;<a title=\"1770\" href=\"https:\/\/es.wikipedia.org\/wiki\/1770\"><u>1770<\/u><\/a>, en Roquetas hab\u00eda 15 barcos pesqueros. Se pescaba, principalmente, merluza y boquerones. Los productos de la pesca eran llevados a pueblos como&nbsp;<a title=\"Dal\u00edas\" href=\"https:\/\/es.wikipedia.org\/wiki\/Dal%C3%ADas\"><u>Dal\u00edas<\/u><\/a>&nbsp;o&nbsp;<a title=\"Fond\u00f3n\" href=\"https:\/\/es.wikipedia.org\/wiki\/Fond%C3%B3n\"><u>Fond\u00f3n<\/u><\/a>, alejados del mar, para su venta.\n\nLa pesca sigue presente en el municipio, aunque un tanto eclipsada por la agricultura y el sector servicios en general. La tradici\u00f3n pesquera de Roquetas de Mar es palpable, tanto que, cada 29 de diciembre, se celebran las&nbsp;<a title=\"Moragas (a\u00fan no redactado)\" href=\"https:\/\/es.wikipedia.org\/w\/index.php?title=Moragas&amp;action=edit&amp;redlink=1\"><u>Moragas<\/u><\/a>.<a href=\"https:\/\/es.wikipedia.org\/wiki\/Roquetas_de_Mar#cite_note-20\"><sup><u>20<\/u><\/sup><\/a>\n<h3><b>Sector secundario<\/b><\/h3>\n<h4><i>Industria<\/i><\/h4>\nSeg\u00fan el anuario de 2011 publicado por&nbsp;<a title=\"La Caixa\" href=\"https:\/\/es.wikipedia.org\/wiki\/La_Caixa\"><u>La Caixa<\/u><\/a>, dentro del municipio existen un total de 114 empresas, destac\u00e1ndose entre ellas las 71 empresas de industria manufacturera, 28 de industria metal\u00fagica y 15 de industria qu\u00edmica.\n<h3><b>Sector terciario<\/b><\/h3>\n<h4><i>Turismo<\/i><\/h4>\nRoquetas de Mar dispone de la mayor infraestructura vacacional de toda la provincia, no en vano recibe m\u00e1s de dos tercios del turismo que cada a\u00f1o visita Almer\u00eda. La actividad de Roquetas ha girado siempre en torno al mar.\n\nEn la actualidad Roquetas ofrece al visitante m\u00e1s de 25.000 plazas hoteleras, en establecimientos de tres a cinco estrellas, adem\u00e1s de disponer de un gran campo de golf, en Playa Serena, de dos puertos deportivos (Roquetas y Aguadulce), de un parque acu\u00e1tico y del mayor acuario de Andaluc\u00eda, ambos en Las Salinas. A ello se une une una extensa oferta de equipamientos deportivos repartida por todo el municipio, as\u00ed como una gran y completa oferta a nivel cultural, centrada en un gran Teatro Auditorio y en otros escenarios como la Escuela de M\u00fasica, Danza y Teatro, el Faro o el Castillo de Santa Ana, este \u00faltimo edificio emblem\u00e1tico de la localidad (aparece en el escudo) est\u00e1 reconvertido en un museo con salas de exposiciones.\n\nSi a ello se suma el espacio natural de&nbsp;<a title=\"Punta Entinas-Sabinar\" href=\"https:\/\/es.wikipedia.org\/wiki\/Punta_Entinas-Sabinar\"><u>Punta Entinas-Sabinar<\/u><\/a>, con casi 2.000 hect\u00e1reas de humedales, dunas, sabinares y lentiscos que sirven de h\u00e1bitat a numerosas especies de aves migratorias, sus cuidadas y bien equipadas playas, reconocidas durante estos \u00faltimos a\u00f1os los galardones de Bandera Azul<a href=\"https:\/\/es.wikipedia.org\/wiki\/Roquetas_de_Mar#cite_note-22\"><sup><u>22<\/u><\/sup><\/a>&nbsp;y Q de Calidad Tur\u00edstica,<a href=\"https:\/\/es.wikipedia.org\/wiki\/Roquetas_de_Mar#cite_note-23\"><sup><u>23<\/u><\/sup><\/a>&nbsp;y sus trece kil\u00f3metros de paseos mar\u00edtimos, se puede decir sin lugar a dudas que Roquetas de Mar se ha convertido por derecho propio en uno de los grandes atractivos tur\u00edsticos de la costa mediterr\u00e1nea.\n\nActualmente las actuaciones del municipio en materia de infraestructura van enfocadas hacia la diversificaci\u00f3n de la oferta tur\u00edstica, ofreciendo al visitante un amplio abanico de posibilidades de ocio, como el Aquarium, la plaza de toros, su Teatro Auditorio y las continuas actividades l\u00fadicas celebradas a lo largo del a\u00f1o, que han conseguido hacer de Roquetas un referente del ocio.\n<h4><i>Servicios<\/i><\/h4>\nEste sector cuenta en el municipio con diversos tipos de servicios y comercios destac\u00e1ndose la presencia en \u00e9l de 65 entidades bancaras y la presencia del centro comercial de mayor superficie de la&nbsp;<a title=\"Provincia de Almer\u00eda\" href=\"https:\/\/es.wikipedia.org\/wiki\/Provincia_de_Almer%C3%ADa\"><u>provincia de Almer\u00eda<\/u><\/a>. Como consecuencia de la alto \u00edndice tur\u00edstico, tambi\u00e9n hay una gran presencia de bares y restaurantes registr\u00e1ndose un total de 192 en el a\u00f1o 2011.\n\n<span style=\"font-family: Calibri;font-size: medium\">&nbsp;<\/span>\t\t\t\t\t\t\t\t<\/div>\n\t\t\t\t<\/div>\n\t\t\t\t\t<\/div>\n\t\t<\/div>\n\t\t\t\t\t<\/div>\n\t\t<\/section>\n\t\t\t\t<\/div>\n\t\t","protected":false},"excerpt":{"rendered":"<p>Roquetas de Mar&nbsp;es un&nbsp;municipio&nbsp;espa\u00f1ol&nbsp;de la&nbsp;provincia de Almer\u00eda&nbsp;y la comunidad aut\u00f3noma de&nbsp;Andaluc\u00eda, capital del partido judicial hom\u00f3nimo, situado en la comarca del&nbsp;Poniente Almeriense&nbsp;y a 21 kil\u00f3metros de la capital de provincia,&nbsp;Almer\u00eda. En el a\u00f1o&nbsp;2014, contaba con 91&nbsp;682 habitantes y era el segundo municipio de la provincia&#46;&#46;&#46;<\/p>\n","protected":false},"author":11659,"featured_media":0,"parent":0,"menu_order":0,"comment_status":"closed","ping_status":"closed","template":"","meta":{"ngg_post_thumbnail":0,"footnotes":"","_mc_calendar":[]},"aioseo_notices":[],"post_mailing_queue_ids":[],"_links":{"self":[{"href":"https:\/\/blogsaverroes.juntadeandalucia.es\/cepermarenostrumro\/wp-json\/wp\/v2\/pages\/2959"}],"collection":[{"href":"https:\/\/blogsaverroes.juntadeandalucia.es\/cepermarenostrumro\/wp-json\/wp\/v2\/pages"}],"about":[{"href":"https:\/\/blogsaverroes.juntadeandalucia.es\/cepermarenostrumro\/wp-json\/wp\/v2\/types\/page"}],"author":[{"embeddable":true,"href":"https:\/\/blogsaverroes.juntadeandalucia.es\/cepermarenostrumro\/wp-json\/wp\/v2\/users\/11659"}],"replies":[{"embeddable":true,"href":"https:\/\/blogsaverroes.juntadeandalucia.es\/cepermarenostrumro\/wp-json\/wp\/v2\/comments?post=2959"}],"version-history":[{"count":8,"href":"https:\/\/blogsaverroes.juntadeandalucia.es\/cepermarenostrumro\/wp-json\/wp\/v2\/pages\/2959\/revisions"}],"predecessor-version":[{"id":3164,"href":"https:\/\/blogsaverroes.juntadeandalucia.es\/cepermarenostrumro\/wp-json\/wp\/v2\/pages\/2959\/revisions\/3164"}],"wp:attachment":[{"href":"https:\/\/blogsaverroes.juntadeandalucia.es\/cepermarenostrumro\/wp-json\/wp\/v2\/media?parent=2959"}],"curies":[{"name":"wp","href":"https:\/\/api.w.org\/{rel}","templated":true}]}}