{"id":3484,"date":"2021-11-19T09:22:01","date_gmt":"2021-11-19T08:22:01","guid":{"rendered":"https:\/\/blogsaverroes.juntadeandalucia.es\/cepermarenostrumro\/?page_id=3484"},"modified":"2022-10-19T18:58:39","modified_gmt":"2022-10-19T16:58:39","slug":"cortijos-de-marin","status":"publish","type":"page","link":"https:\/\/blogsaverroes.juntadeandalucia.es\/cepermarenostrumro\/cortijos-de-marin\/","title":{"rendered":"CORTIJOS DE MAR\u00cdN"},"content":{"rendered":"<p><a href=\"https:\/\/goo.gl\/maps\/4zCUg8S9vsPadtLQA\"><img fetchpriority=\"high\" decoding=\"async\" class=\"wp-image-2966 size-medium aligncenter\" src=\"https:\/\/blogsaverroes.juntadeandalucia.es\/cepermarenostrumro\/files\/2020\/12\/Cortijos-Mar\u00edn-300x180.jpg\" alt=\"\" width=\"300\" height=\"180\" srcset=\"https:\/\/blogsaverroes.juntadeandalucia.es\/cepermarenostrumro\/files\/2020\/12\/Cortijos-Mar\u00edn-300x180.jpg 300w, https:\/\/blogsaverroes.juntadeandalucia.es\/cepermarenostrumro\/files\/2020\/12\/Cortijos-Mar\u00edn-24x14.jpg 24w, https:\/\/blogsaverroes.juntadeandalucia.es\/cepermarenostrumro\/files\/2020\/12\/Cortijos-Mar\u00edn-36x22.jpg 36w, https:\/\/blogsaverroes.juntadeandalucia.es\/cepermarenostrumro\/files\/2020\/12\/Cortijos-Mar\u00edn-48x29.jpg 48w, https:\/\/blogsaverroes.juntadeandalucia.es\/cepermarenostrumro\/files\/2020\/12\/Cortijos-Mar\u00edn.jpg 400w\" sizes=\"(max-width: 300px) 100vw, 300px\" \/><\/a><\/p>\n<p>La <strong>Sede de CORTIJOS DE MAR\u00cdN <\/strong>se encuentra en el barrio de Roquetas de Mar que lleva \u00e9ste mismo nombre.<\/p>\n<ul>\n<li>Direcci\u00f3n: Edificio de Usos M\u00faltiples. Avda. Cortijos de Mar\u00edn,32. Cortijos de Mar\u00edn<\/li>\n<li>Tel\u00e9fono de informaci\u00f3n: 697952020<\/li>\n<li>Email<strong>:<\/strong> 04500374.edu@juntadeandalucia.es<\/li>\n<\/ul>\n<h1>\u00bfQu\u00e9 se estudia en Cortijos de Mar\u00edn?<\/h1>\n<p>En nuestra sede de Cortijos de Mar\u00edn podr\u00e1s cursar los estudios de:<\/p>\n<ul>\n<li>Planes de Ciudadan\u00eda Activa Interculturalidad.<\/li>\n<\/ul>\n<h1>Horario<\/h1>\n<p>Esta sede permanecer\u00e1 abierta los mi\u00e9rcoles, jueves y viernes en horario de tarde de 16 a 21 horas.<\/p>\n<p>Los horarios de este curso est\u00e1n disponibles pinchando en el siguiente <a href=\"https:\/\/blogsaverroes.juntadeandalucia.es\/cepermarenostrumro\/files\/2022\/09\/MAR_COR-CIUDAD-ACTIV.pdf\">ENLACE<\/a>.<\/p>\n","protected":false},"excerpt":{"rendered":"<p>La Sede de CORTIJOS DE MAR\u00cdN se encuentra en el barrio de Roquetas de Mar que lleva \u00e9ste mismo nombre. Direcci\u00f3n: Edificio de Usos M\u00faltiples. Avda. Cortijos de Mar\u00edn,32. Cortijos de Mar\u00edn Tel\u00e9fono de informaci\u00f3n: 697952020 Email: 04500374.edu@juntadeandalucia.es \u00bfQu\u00e9 se estudia en Cortijos de Mar\u00edn?&#46;&#46;&#46;<\/p>\n","protected":false},"author":11659,"featured_media":0,"parent":0,"menu_order":0,"comment_status":"closed","ping_status":"closed","template":"","meta":{"ngg_post_thumbnail":0,"footnotes":"","_mc_calendar":[]},"aioseo_notices":[],"post_mailing_queue_ids":[],"_links":{"self":[{"href":"https:\/\/blogsaverroes.juntadeandalucia.es\/cepermarenostrumro\/wp-json\/wp\/v2\/pages\/3484"}],"collection":[{"href":"https:\/\/blogsaverroes.juntadeandalucia.es\/cepermarenostrumro\/wp-json\/wp\/v2\/pages"}],"about":[{"href":"https:\/\/blogsaverroes.juntadeandalucia.es\/cepermarenostrumro\/wp-json\/wp\/v2\/types\/page"}],"author":[{"embeddable":true,"href":"https:\/\/blogsaverroes.juntadeandalucia.es\/cepermarenostrumro\/wp-json\/wp\/v2\/users\/11659"}],"replies":[{"embeddable":true,"href":"https:\/\/blogsaverroes.juntadeandalucia.es\/cepermarenostrumro\/wp-json\/wp\/v2\/comments?post=3484"}],"version-history":[{"count":6,"href":"https:\/\/blogsaverroes.juntadeandalucia.es\/cepermarenostrumro\/wp-json\/wp\/v2\/pages\/3484\/revisions"}],"predecessor-version":[{"id":5144,"href":"https:\/\/blogsaverroes.juntadeandalucia.es\/cepermarenostrumro\/wp-json\/wp\/v2\/pages\/3484\/revisions\/5144"}],"wp:attachment":[{"href":"https:\/\/blogsaverroes.juntadeandalucia.es\/cepermarenostrumro\/wp-json\/wp\/v2\/media?parent=3484"}],"curies":[{"name":"wp","href":"https:\/\/api.w.org\/{rel}","templated":true}]}}