{"id":148,"date":"2020-10-23T16:14:52","date_gmt":"2020-10-23T14:14:52","guid":{"rendered":"https:\/\/blogsaverroes.juntadeandalucia.es\/cepermariadeluna\/?page_id=148"},"modified":"2025-05-31T12:31:45","modified_gmt":"2025-05-31T10:31:45","slug":"tecnologias-de-la-informacion-y-la-comunicacion-tic","status":"publish","type":"page","link":"https:\/\/blogsaverroes.juntadeandalucia.es\/cepermariadeluna\/presentacion\/tecnologias-de-la-informacion-y-la-comunicacion-tic\/","title":{"rendered":"Tecnolog\u00edas de la Informaci\u00f3n y la Comunicaci\u00f3n (TIC)"},"content":{"rendered":"<p><iframe loading=\"lazy\" src=\"\/\/www.youtube.com\/embed\/lf3VorefTKc?si=9UTYwPtBiwO4P6Pg\" width=\"560\" height=\"315\" frameborder=\"0\"><\/iframe><\/p>\n<p>Este plan se dedica a la alfabetizaci\u00f3n en Tecnolog\u00edas de la Informaci\u00f3n y la Comunicaci\u00f3n, es decir, son clases de inform\u00e1tica b\u00e1sica.<\/p>\nngg_shortcode_0_placeholder\n<h2>TIC para TAE<\/h2>\n<p>Este plan de Tecnolog\u00edas de la Informaci\u00f3n y la Comunicaci\u00f3n es espec\u00edfico para el alumnado del los curso de Tutorizaci\u00f3n de Apoyo al Estudio (TAE) tanto de Educaci\u00f3n Secundaria de Adultos (ESA) como de Escuelas Oficiales de Idiomas (EOI).<\/p>\n<p>En este plan se trata, principalmente, el uso de la plataforma moodle: consulta de los temarios, descarga y entrega de tareas, tipos de tareas&#8230; Tambi\u00e9n se trabaja el procesador de textos y la hoja de c\u00e1lculo, as\u00ed como cualquier otra destreza digital que se requiera para el desarrollo del curso TAE.<\/p>\n<h2>Capacitaci\u00f3n Digital<\/h2>\n<p>Desde el <strong>curso 2023\/24<\/strong> se impartir\u00e1n en el CEPER Mar\u00eda de Luna cursos de <strong>Capacitaci\u00f3n Digital<\/strong>; estos ser\u00e1n cursos a parte de los habituales que se dan en el CEPER, ser\u00e1n de <strong>30 horas<\/strong> de duraci\u00f3n y su objetivo es certificar el nivel de competencia digital de la poblaci\u00f3n. El primero se realizar\u00e1 durante los meses de <strong>septiembre y octubre de 2023<\/strong>, en horario todav\u00eda pendiente de confirmaci\u00f3n.<\/p>\n<p>Ser\u00e1n cursos homologables a trav\u00e9s del programa ACREDITA de la Consejer\u00eda de Desarrollo Educativo y Formaci\u00f3n Profesional. M\u00e1s informaci\u00f3n pinchando en la imagen de abajo.<\/p>\n<p><a href=\"https:\/\/drive.google.com\/file\/d\/1_AHUcUNDaUkqjU6FOQQ38dgRThj3ZcCk\/view?usp=sharing\"><img loading=\"lazy\" decoding=\"async\" class=\"aligncenter size-large wp-image-1911\" src=\"https:\/\/blogsaverroes.juntadeandalucia.es\/cepermariadeluna\/files\/2023\/06\/d\u00edptico-pag-1-724x1024.jpg\" alt=\"\" width=\"724\" height=\"1024\" srcset=\"https:\/\/blogsaverroes.juntadeandalucia.es\/cepermariadeluna\/files\/2023\/06\/d\u00edptico-pag-1-724x1024.jpg 724w, https:\/\/blogsaverroes.juntadeandalucia.es\/cepermariadeluna\/files\/2023\/06\/d\u00edptico-pag-1-212x300.jpg 212w, https:\/\/blogsaverroes.juntadeandalucia.es\/cepermariadeluna\/files\/2023\/06\/d\u00edptico-pag-1-768x1087.jpg 768w, https:\/\/blogsaverroes.juntadeandalucia.es\/cepermariadeluna\/files\/2023\/06\/d\u00edptico-pag-1-1086x1536.jpg 1086w, https:\/\/blogsaverroes.juntadeandalucia.es\/cepermariadeluna\/files\/2023\/06\/d\u00edptico-pag-1-1447x2048.jpg 1447w, https:\/\/blogsaverroes.juntadeandalucia.es\/cepermariadeluna\/files\/2023\/06\/d\u00edptico-pag-1-17x24.jpg 17w, https:\/\/blogsaverroes.juntadeandalucia.es\/cepermariadeluna\/files\/2023\/06\/d\u00edptico-pag-1-25x36.jpg 25w, https:\/\/blogsaverroes.juntadeandalucia.es\/cepermariadeluna\/files\/2023\/06\/d\u00edptico-pag-1-34x48.jpg 34w, https:\/\/blogsaverroes.juntadeandalucia.es\/cepermariadeluna\/files\/2023\/06\/d\u00edptico-pag-1.jpg 1131w\" sizes=\"(max-width: 724px) 100vw, 724px\" \/><\/a><\/p>\n","protected":false},"excerpt":{"rendered":"<p>Este plan se dedica a la alfabetizaci\u00f3n en Tecnolog\u00edas de la Informaci\u00f3n y la Comunicaci\u00f3n, es decir, son clases de inform\u00e1tica b\u00e1sica. TIC para TAE Este plan de Tecnolog\u00edas de la Informaci\u00f3n y la&#46;&#46;&#46;<\/p>\n","protected":false},"author":5774,"featured_media":0,"parent":69,"menu_order":0,"comment_status":"closed","ping_status":"closed","template":"","meta":{"ngg_post_thumbnail":0,"footnotes":"","_mc_calendar":[]},"aioseo_notices":[],"_links":{"self":[{"href":"https:\/\/blogsaverroes.juntadeandalucia.es\/cepermariadeluna\/wp-json\/wp\/v2\/pages\/148"}],"collection":[{"href":"https:\/\/blogsaverroes.juntadeandalucia.es\/cepermariadeluna\/wp-json\/wp\/v2\/pages"}],"about":[{"href":"https:\/\/blogsaverroes.juntadeandalucia.es\/cepermariadeluna\/wp-json\/wp\/v2\/types\/page"}],"author":[{"embeddable":true,"href":"https:\/\/blogsaverroes.juntadeandalucia.es\/cepermariadeluna\/wp-json\/wp\/v2\/users\/5774"}],"replies":[{"embeddable":true,"href":"https:\/\/blogsaverroes.juntadeandalucia.es\/cepermariadeluna\/wp-json\/wp\/v2\/comments?post=148"}],"version-history":[{"count":8,"href":"https:\/\/blogsaverroes.juntadeandalucia.es\/cepermariadeluna\/wp-json\/wp\/v2\/pages\/148\/revisions"}],"predecessor-version":[{"id":3796,"href":"https:\/\/blogsaverroes.juntadeandalucia.es\/cepermariadeluna\/wp-json\/wp\/v2\/pages\/148\/revisions\/3796"}],"up":[{"embeddable":true,"href":"https:\/\/blogsaverroes.juntadeandalucia.es\/cepermariadeluna\/wp-json\/wp\/v2\/pages\/69"}],"wp:attachment":[{"href":"https:\/\/blogsaverroes.juntadeandalucia.es\/cepermariadeluna\/wp-json\/wp\/v2\/media?parent=148"}],"curies":[{"name":"wp","href":"https:\/\/api.w.org\/{rel}","templated":true}]}}

Tecnologías de la Información y la Comunicación (TIC)

<p><iframe loading="lazy" src="//www.youtube.com/embed/lf3VorefTKc?si=9UTYwPtBiwO4P6Pg" width="560" height="315" frameborder="0"></iframe></p>
<p>Este plan se dedica a la alfabetización en Tecnologías de la Información y la Comunicación, es decir, son clases de informática básica.</p>
ngg_shortcode_0_placeholder
<h2>TIC para TAE</h2>
<p>Este plan de Tecnologías de la Información y la Comunicación es específico para el alumnado del los curso de Tutorización de Apoyo al Estudio (TAE) tanto de Educación Secundaria de Adultos (ESA) como de Escuelas Oficiales de Idiomas (EOI).</p>
<p>En este plan se trata, principalmente, el uso de la plataforma moodle: consulta de los temarios, descarga y entrega de tareas, tipos de tareas&#8230; También se trabaja el procesador de textos y la hoja de cálculo, así como cualquier otra destreza digital que se requiera para el desarrollo del curso TAE.</p>
<h2>Capacitación Digital</h2>
<p>Desde el <strong>curso 2023/24</strong> se impartirán en el CEPER María de Luna cursos de <strong>Capacitación Digital</strong>; estos serán cursos a parte de los habituales que se dan en el CEPER, serán de <strong>30 horas</strong> de duración y su objetivo es certificar el nivel de competencia digital de la población. El primero se realizará durante los meses de <strong>septiembre y octubre de 2023</strong>, en horario todavía pendiente de confirmación.</p>
<p>Serán cursos homologables a través del programa ACREDITA de la Consejería de Desarrollo Educativo y Formación Profesional. Más información pinchando en la imagen de abajo.</p>
<p><a href="https://drive.google.com/file/d/1_AHUcUNDaUkqjU6FOQQ38dgRThj3ZcCk/view?usp=sharing"><img loading="lazy" decoding="async" class="aligncenter size-large wp-image-1911" src="https://blogsaverroes.juntadeandalucia.es/cepermariadeluna/files/2023/06/díptico-pag-1-724x1024.jpg" alt="" width="724" height="1024" srcset="https://blogsaverroes.juntadeandalucia.es/cepermariadeluna/files/2023/06/díptico-pag-1-724x1024.jpg 724w, https://blogsaverroes.juntadeandalucia.es/cepermariadeluna/files/2023/06/díptico-pag-1-212x300.jpg 212w, https://blogsaverroes.juntadeandalucia.es/cepermariadeluna/files/2023/06/díptico-pag-1-768x1087.jpg 768w, https://blogsaverroes.juntadeandalucia.es/cepermariadeluna/files/2023/06/díptico-pag-1-1086x1536.jpg 1086w, https://blogsaverroes.juntadeandalucia.es/cepermariadeluna/files/2023/06/díptico-pag-1-1447x2048.jpg 1447w, https://blogsaverroes.juntadeandalucia.es/cepermariadeluna/files/2023/06/díptico-pag-1-17x24.jpg 17w, https://blogsaverroes.juntadeandalucia.es/cepermariadeluna/files/2023/06/díptico-pag-1-25x36.jpg 25w, https://blogsaverroes.juntadeandalucia.es/cepermariadeluna/files/2023/06/díptico-pag-1-34x48.jpg 34w, https://blogsaverroes.juntadeandalucia.es/cepermariadeluna/files/2023/06/díptico-pag-1.jpg 1131w" sizes="(max-width: 724px) 100vw, 724px" /></a></p>

<p>Este plan se dedica a la alfabetización en Tecnologías de la Información y la Comunicación, es decir, son clases de informática básica. TIC para TAE Este plan de Tecnologías de la Información y la&#46;&#46;&#46;</p>
