{"id":42,"date":"2020-05-28T09:47:41","date_gmt":"2020-05-28T09:47:41","guid":{"rendered":"https:\/\/blogsaverroes.juntadeandalucia.es\/cepermariadeluna\/?page_id=42"},"modified":"2024-06-21T12:40:33","modified_gmt":"2024-06-21T10:40:33","slug":"novedades","status":"publish","type":"page","link":"https:\/\/blogsaverroes.juntadeandalucia.es\/cepermariadeluna\/novedades\/","title":{"rendered":"Novedades"},"content":{"rendered":"\n\n<div class=\"su-posts su-posts-default-loop \">\n\n\t\n\t\t\t\t\t\n\t\t\t\n\t\t\t<div id=\"su-post-4663\" class=\"su-post \">\n\n\t\t\t\t\t\t\t\t\t<a class=\"su-post-thumbnail\" href=\"https:\/\/blogsaverroes.juntadeandalucia.es\/cepermariadeluna\/2026\/04\/24\/paseo-por-el-arte-y-la-historia\/\"><img loading=\"lazy\" decoding=\"async\" width=\"940\" height=\"788\" src=\"https:\/\/blogsaverroes.juntadeandalucia.es\/cepermariadeluna\/files\/2023\/02\/Jornadas-de-senderismo.png\" class=\"attachment-post-thumbnail size-post-thumbnail wp-post-image\" alt=\"\" srcset=\"https:\/\/blogsaverroes.juntadeandalucia.es\/cepermariadeluna\/files\/2023\/02\/Jornadas-de-senderismo.png 940w, https:\/\/blogsaverroes.juntadeandalucia.es\/cepermariadeluna\/files\/2023\/02\/Jornadas-de-senderismo-300x251.png 300w, https:\/\/blogsaverroes.juntadeandalucia.es\/cepermariadeluna\/files\/2023\/02\/Jornadas-de-senderismo-768x644.png 768w, https:\/\/blogsaverroes.juntadeandalucia.es\/cepermariadeluna\/files\/2023\/02\/Jornadas-de-senderismo-24x20.png 24w, https:\/\/blogsaverroes.juntadeandalucia.es\/cepermariadeluna\/files\/2023\/02\/Jornadas-de-senderismo-36x30.png 36w, https:\/\/blogsaverroes.juntadeandalucia.es\/cepermariadeluna\/files\/2023\/02\/Jornadas-de-senderismo-48x40.png 48w\" sizes=\"(max-width: 940px) 100vw, 940px\" \/><\/a>\n\t\t\t\t\n\t\t\t\t<h2 class=\"su-post-title\"><a href=\"https:\/\/blogsaverroes.juntadeandalucia.es\/cepermariadeluna\/2026\/04\/24\/paseo-por-el-arte-y-la-historia\/\">Paseo Por El Arte Y La Historia<\/a><\/h2>\n\n\t\t\t\t<div class=\"su-post-meta\">\n\t\t\t\t\tPublicado: 24 abril, 2026\t\t\t\t<\/div>\n\n\t\t\t\t<div class=\"su-post-excerpt\">\n\t\t\t\t\t<p>El alumnado de interculturalidad 3 pasea por la calles de Baza y descubre lugares con mucha historia.&nbsp; Adem\u00e1s, visitamos la exposici\u00f3n de arte \u201cDe Tiziano a Goya\u201den el centro cultural Santo Domingo.&nbsp; Aprender desde&#46;&#46;&#46;<\/p>\n\t\t\t\t<\/div>\n\n\t\t\t\t\t\t\t\t\t<a href=\"https:\/\/blogsaverroes.juntadeandalucia.es\/cepermariadeluna\/2026\/04\/24\/paseo-por-el-arte-y-la-historia\/#respond\" class=\"su-post-comments-link\">0 comentarios<\/a>\n\t\t\t\t\n\t\t\t<\/div>\n\n\t\t\t\t\t\n\t\t\t\n\t\t\t<div id=\"su-post-4647\" class=\"su-post \">\n\n\t\t\t\t\t\t\t\t\t<a class=\"su-post-thumbnail\" href=\"https:\/\/blogsaverroes.juntadeandalucia.es\/cepermariadeluna\/2026\/04\/24\/paseo-por-las-calles-de-baza\/\"><img loading=\"lazy\" decoding=\"async\" width=\"940\" height=\"788\" src=\"https:\/\/blogsaverroes.juntadeandalucia.es\/cepermariadeluna\/files\/2024\/06\/viaja-con-nosotros.png\" class=\"attachment-post-thumbnail size-post-thumbnail wp-post-image\" alt=\"\" srcset=\"https:\/\/blogsaverroes.juntadeandalucia.es\/cepermariadeluna\/files\/2024\/06\/viaja-con-nosotros.png 940w, https:\/\/blogsaverroes.juntadeandalucia.es\/cepermariadeluna\/files\/2024\/06\/viaja-con-nosotros-300x251.png 300w, https:\/\/blogsaverroes.juntadeandalucia.es\/cepermariadeluna\/files\/2024\/06\/viaja-con-nosotros-768x644.png 768w, https:\/\/blogsaverroes.juntadeandalucia.es\/cepermariadeluna\/files\/2024\/06\/viaja-con-nosotros-24x20.png 24w, https:\/\/blogsaverroes.juntadeandalucia.es\/cepermariadeluna\/files\/2024\/06\/viaja-con-nosotros-36x30.png 36w, https:\/\/blogsaverroes.juntadeandalucia.es\/cepermariadeluna\/files\/2024\/06\/viaja-con-nosotros-48x40.png 48w\" sizes=\"(max-width: 940px) 100vw, 940px\" \/><\/a>\n\t\t\t\t\n\t\t\t\t<h2 class=\"su-post-title\"><a href=\"https:\/\/blogsaverroes.juntadeandalucia.es\/cepermariadeluna\/2026\/04\/24\/paseo-por-las-calles-de-baza\/\">Paseo Por Las Calles De Baza<\/a><\/h2>\n\n\t\t\t\t<div class=\"su-post-meta\">\n\t\t\t\t\tPublicado: 24 abril, 2026\t\t\t\t<\/div>\n\n\t\t\t\t<div class=\"su-post-excerpt\">\n\t\t\t\t\t<p>El alumnado de Cultura Andaluza 1 y 2 pasea por las calles de Baza. Durante el recorrido, han podido recordar vivencias del pasado, de cuando eran ni\u00f1as y jovenzuelas. Adem\u00e1s, hemos aprendido aspectos de&#46;&#46;&#46;<\/p>\n\t\t\t\t<\/div>\n\n\t\t\t\t\t\t\t\t\t<a href=\"https:\/\/blogsaverroes.juntadeandalucia.es\/cepermariadeluna\/2026\/04\/24\/paseo-por-las-calles-de-baza\/#respond\" class=\"su-post-comments-link\">0 comentarios<\/a>\n\t\t\t\t\n\t\t\t<\/div>\n\n\t\t\t\t\t\n\t\t\t\n\t\t\t<div id=\"su-post-4638\" class=\"su-post \">\n\n\t\t\t\t\t\t\t\t\t<a class=\"su-post-thumbnail\" href=\"https:\/\/blogsaverroes.juntadeandalucia.es\/cepermariadeluna\/2026\/04\/24\/la-salud-nos-importa-y-mucho\/\"><img loading=\"lazy\" decoding=\"async\" width=\"886\" height=\"1253\" src=\"https:\/\/blogsaverroes.juntadeandalucia.es\/cepermariadeluna\/files\/2026\/04\/XVI-Semana-Salud-cartel.jpg\" class=\"attachment-post-thumbnail size-post-thumbnail wp-post-image\" alt=\"\" srcset=\"https:\/\/blogsaverroes.juntadeandalucia.es\/cepermariadeluna\/files\/2026\/04\/XVI-Semana-Salud-cartel.jpg 886w, https:\/\/blogsaverroes.juntadeandalucia.es\/cepermariadeluna\/files\/2026\/04\/XVI-Semana-Salud-cartel-212x300.jpg 212w, https:\/\/blogsaverroes.juntadeandalucia.es\/cepermariadeluna\/files\/2026\/04\/XVI-Semana-Salud-cartel-724x1024.jpg 724w, https:\/\/blogsaverroes.juntadeandalucia.es\/cepermariadeluna\/files\/2026\/04\/XVI-Semana-Salud-cartel-768x1086.jpg 768w\" sizes=\"(max-width: 886px) 100vw, 886px\" \/><\/a>\n\t\t\t\t\n\t\t\t\t<h2 class=\"su-post-title\"><a href=\"https:\/\/blogsaverroes.juntadeandalucia.es\/cepermariadeluna\/2026\/04\/24\/la-salud-nos-importa-y-mucho\/\">La salud nos importa y mucho<\/a><\/h2>\n\n\t\t\t\t<div class=\"su-post-meta\">\n\t\t\t\t\tPublicado: 24 abril, 2026\t\t\t\t<\/div>\n\n\t\t\t\t<div class=\"su-post-excerpt\">\n\t\t\t\t\t<p>En la etapa adulta, la salud adquiere un valor a\u00fan m\u00e1s significativo. No se trata s\u00f3lo de evitar enfermedades, sino de mantener la autonom\u00eda, la calidad de vida y el bienestar emocional.&nbsp; Una alimentaci\u00f3n&#46;&#46;&#46;<\/p>\n\t\t\t\t<\/div>\n\n\t\t\t\t\t\t\t\t\t<a href=\"https:\/\/blogsaverroes.juntadeandalucia.es\/cepermariadeluna\/2026\/04\/24\/la-salud-nos-importa-y-mucho\/#respond\" class=\"su-post-comments-link\">0 comentarios<\/a>\n\t\t\t\t\n\t\t\t<\/div>\n\n\t\t\t\t\t\n\t\t\t\n\t\t\t<div id=\"su-post-4627\" class=\"su-post \">\n\n\t\t\t\t\t\t\t\t\t<a class=\"su-post-thumbnail\" href=\"https:\/\/blogsaverroes.juntadeandalucia.es\/cepermariadeluna\/2026\/04\/17\/un-paseo-por-el-barroco-en-baza\/\"><img loading=\"lazy\" decoding=\"async\" width=\"1276\" height=\"1600\" src=\"https:\/\/blogsaverroes.juntadeandalucia.es\/cepermariadeluna\/files\/2026\/04\/Portada-Noticia.jpg\" class=\"attachment-post-thumbnail size-post-thumbnail wp-post-image\" alt=\"\" srcset=\"https:\/\/blogsaverroes.juntadeandalucia.es\/cepermariadeluna\/files\/2026\/04\/Portada-Noticia.jpg 1276w, https:\/\/blogsaverroes.juntadeandalucia.es\/cepermariadeluna\/files\/2026\/04\/Portada-Noticia-239x300.jpg 239w, https:\/\/blogsaverroes.juntadeandalucia.es\/cepermariadeluna\/files\/2026\/04\/Portada-Noticia-817x1024.jpg 817w, https:\/\/blogsaverroes.juntadeandalucia.es\/cepermariadeluna\/files\/2026\/04\/Portada-Noticia-768x963.jpg 768w, https:\/\/blogsaverroes.juntadeandalucia.es\/cepermariadeluna\/files\/2026\/04\/Portada-Noticia-1225x1536.jpg 1225w, https:\/\/blogsaverroes.juntadeandalucia.es\/cepermariadeluna\/files\/2026\/04\/Portada-Noticia-1634x2048.jpg 1634w\" sizes=\"(max-width: 1276px) 100vw, 1276px\" \/><\/a>\n\t\t\t\t\n\t\t\t\t<h2 class=\"su-post-title\"><a href=\"https:\/\/blogsaverroes.juntadeandalucia.es\/cepermariadeluna\/2026\/04\/17\/un-paseo-por-el-barroco-en-baza\/\">Un paseo por el Barroco en Baza<\/a><\/h2>\n\n\t\t\t\t<div class=\"su-post-meta\">\n\t\t\t\t\tPublicado: 17 abril, 2026\t\t\t\t<\/div>\n\n\t\t\t\t<div class=\"su-post-excerpt\">\n\t\t\t\t\t<p>Alumnos y alumnas del Centro de Educaci\u00f3n Permanente Mar\u00eda de Luna han disfrutado de una visita al Centro Cultural Santo Domingo para dar ese paseo por el Barroco que, desde la Concejal\u00eda de Cultura&#46;&#46;&#46;<\/p>\n\t\t\t\t<\/div>\n\n\t\t\t\t\t\t\t\t\t<a href=\"https:\/\/blogsaverroes.juntadeandalucia.es\/cepermariadeluna\/2026\/04\/17\/un-paseo-por-el-barroco-en-baza\/#respond\" class=\"su-post-comments-link\">0 comentarios<\/a>\n\t\t\t\t\n\t\t\t<\/div>\n\n\t\t\t\t\t\n\t\t\t\n\t\t\t<div id=\"su-post-4623\" class=\"su-post \">\n\n\t\t\t\t\t\t\t\t\t<a class=\"su-post-thumbnail\" href=\"https:\/\/blogsaverroes.juntadeandalucia.es\/cepermariadeluna\/2026\/04\/17\/el-club-de-lectura-maria-de-luna-no-para\/\"><img loading=\"lazy\" decoding=\"async\" width=\"960\" height=\"540\" src=\"https:\/\/blogsaverroes.juntadeandalucia.es\/cepermariadeluna\/files\/2024\/04\/Portada-Presentaciones.jpg.jpg\" class=\"attachment-post-thumbnail size-post-thumbnail wp-post-image\" alt=\"\" srcset=\"https:\/\/blogsaverroes.juntadeandalucia.es\/cepermariadeluna\/files\/2024\/04\/Portada-Presentaciones.jpg.jpg 960w, https:\/\/blogsaverroes.juntadeandalucia.es\/cepermariadeluna\/files\/2024\/04\/Portada-Presentaciones.jpg-300x169.jpg 300w, https:\/\/blogsaverroes.juntadeandalucia.es\/cepermariadeluna\/files\/2024\/04\/Portada-Presentaciones.jpg-768x432.jpg 768w, https:\/\/blogsaverroes.juntadeandalucia.es\/cepermariadeluna\/files\/2024\/04\/Portada-Presentaciones.jpg-24x14.jpg 24w, https:\/\/blogsaverroes.juntadeandalucia.es\/cepermariadeluna\/files\/2024\/04\/Portada-Presentaciones.jpg-36x20.jpg 36w, https:\/\/blogsaverroes.juntadeandalucia.es\/cepermariadeluna\/files\/2024\/04\/Portada-Presentaciones.jpg-48x27.jpg 48w\" sizes=\"(max-width: 960px) 100vw, 960px\" \/><\/a>\n\t\t\t\t\n\t\t\t\t<h2 class=\"su-post-title\"><a href=\"https:\/\/blogsaverroes.juntadeandalucia.es\/cepermariadeluna\/2026\/04\/17\/el-club-de-lectura-maria-de-luna-no-para\/\">\u00a1El Club de Lectura Mar\u00eda de Luna no para!<\/a><\/h2>\n\n\t\t\t\t<div class=\"su-post-meta\">\n\t\t\t\t\tPublicado: 17 abril, 2026\t\t\t\t<\/div>\n\n\t\t\t\t<div class=\"su-post-excerpt\">\n\t\t\t\t\t<p>El pasado 23 de marzo, el Club de Lectura Mar\u00eda de Luna se volv\u00eda a reunir, en esta ocasi\u00f3n en la Escuela, para comentar el sorprendente Tonto, muerto, bastardo e invisible de Juan Jos\u00e9&#46;&#46;&#46;<\/p>\n\t\t\t\t<\/div>\n\n\t\t\t\t\t\t\t\t\t<a href=\"https:\/\/blogsaverroes.juntadeandalucia.es\/cepermariadeluna\/2026\/04\/17\/el-club-de-lectura-maria-de-luna-no-para\/#respond\" class=\"su-post-comments-link\">0 comentarios<\/a>\n\t\t\t\t\n\t\t\t<\/div>\n\n\t\t\t\t\t\n\t\t\t\n\t\t\t<div id=\"su-post-4618\" class=\"su-post \">\n\n\t\t\t\t\t\t\t\t\t<a class=\"su-post-thumbnail\" href=\"https:\/\/blogsaverroes.juntadeandalucia.es\/cepermariadeluna\/2026\/04\/17\/la-directora-del-ceper-maria-de-luna-irina-martinez-asiste-y-participa-en-las-xviii-jornadas-de-liderazgo-consciente-inteligencia-emocional-para-una-gestion-eficaz-y-transformacional-organizada\/\"><img loading=\"lazy\" decoding=\"async\" width=\"1600\" height=\"1200\" src=\"https:\/\/blogsaverroes.juntadeandalucia.es\/cepermariadeluna\/files\/2026\/04\/WhatsApp-Image-2026-04-17-at-12.45.09.jpeg\" class=\"attachment-post-thumbnail size-post-thumbnail wp-post-image\" alt=\"\" srcset=\"https:\/\/blogsaverroes.juntadeandalucia.es\/cepermariadeluna\/files\/2026\/04\/WhatsApp-Image-2026-04-17-at-12.45.09.jpeg 1600w, https:\/\/blogsaverroes.juntadeandalucia.es\/cepermariadeluna\/files\/2026\/04\/WhatsApp-Image-2026-04-17-at-12.45.09-300x225.jpeg 300w, https:\/\/blogsaverroes.juntadeandalucia.es\/cepermariadeluna\/files\/2026\/04\/WhatsApp-Image-2026-04-17-at-12.45.09-1024x768.jpeg 1024w, https:\/\/blogsaverroes.juntadeandalucia.es\/cepermariadeluna\/files\/2026\/04\/WhatsApp-Image-2026-04-17-at-12.45.09-768x576.jpeg 768w, https:\/\/blogsaverroes.juntadeandalucia.es\/cepermariadeluna\/files\/2026\/04\/WhatsApp-Image-2026-04-17-at-12.45.09-1536x1152.jpeg 1536w\" sizes=\"(max-width: 1600px) 100vw, 1600px\" \/><\/a>\n\t\t\t\t\n\t\t\t\t<h2 class=\"su-post-title\"><a href=\"https:\/\/blogsaverroes.juntadeandalucia.es\/cepermariadeluna\/2026\/04\/17\/la-directora-del-ceper-maria-de-luna-irina-martinez-asiste-y-participa-en-las-xviii-jornadas-de-liderazgo-consciente-inteligencia-emocional-para-una-gestion-eficaz-y-transformacional-organizada\/\">La directora del Ceper Mar\u00eda de luna, Irina Mart\u00ednez, asiste y participa en las &#8220;XVIII Jornadas de liderazgo consciente: inteligencia emocional para una gesti\u00f3n eficaz y transformacional&#8221; organizadas por ASADIPRE<\/a><\/h2>\n\n\t\t\t\t<div class=\"su-post-meta\">\n\t\t\t\t\tPublicado: 17 abril, 2026\t\t\t\t<\/div>\n\n\t\t\t\t<div class=\"su-post-excerpt\">\n\t\t\t\t\t<p>La Asociaci\u00f3n Andaluza de directoras\/es de centros p\u00fablicos de Ed. Infantil y primar\u00eda, Educaci\u00f3n Especial y Educaci\u00f3n Permanente y Residencias escolares organiza estas Jornadas los d\u00edas 16 y 17 de abril en el Parque&#46;&#46;&#46;<\/p>\n\t\t\t\t<\/div>\n\n\t\t\t\t\t\t\t\t\t<a href=\"https:\/\/blogsaverroes.juntadeandalucia.es\/cepermariadeluna\/2026\/04\/17\/la-directora-del-ceper-maria-de-luna-irina-martinez-asiste-y-participa-en-las-xviii-jornadas-de-liderazgo-consciente-inteligencia-emocional-para-una-gestion-eficaz-y-transformacional-organizada\/#respond\" class=\"su-post-comments-link\">0 comentarios<\/a>\n\t\t\t\t\n\t\t\t<\/div>\n\n\t\t\t\t\t\n\t\t\t\n\t\t\t<div id=\"su-post-4613\" class=\"su-post \">\n\n\t\t\t\t\t\t\t\t\t<a class=\"su-post-thumbnail\" href=\"https:\/\/blogsaverroes.juntadeandalucia.es\/cepermariadeluna\/2026\/04\/14\/el-sep-negratin-celebra-la-fiesta-intercultural-de-la-primavera-en-las-diferentes-aulas-de-la-seccion\/\"><img loading=\"lazy\" decoding=\"async\" width=\"1600\" height=\"1135\" src=\"https:\/\/blogsaverroes.juntadeandalucia.es\/cepermariadeluna\/files\/2026\/04\/Fiesta-intercltural-de-la-primavera.png\" class=\"attachment-post-thumbnail size-post-thumbnail wp-post-image\" alt=\"\" srcset=\"https:\/\/blogsaverroes.juntadeandalucia.es\/cepermariadeluna\/files\/2026\/04\/Fiesta-intercltural-de-la-primavera.png 1600w, https:\/\/blogsaverroes.juntadeandalucia.es\/cepermariadeluna\/files\/2026\/04\/Fiesta-intercltural-de-la-primavera-300x213.png 300w, https:\/\/blogsaverroes.juntadeandalucia.es\/cepermariadeluna\/files\/2026\/04\/Fiesta-intercltural-de-la-primavera-1024x726.png 1024w, https:\/\/blogsaverroes.juntadeandalucia.es\/cepermariadeluna\/files\/2026\/04\/Fiesta-intercltural-de-la-primavera-768x545.png 768w, https:\/\/blogsaverroes.juntadeandalucia.es\/cepermariadeluna\/files\/2026\/04\/Fiesta-intercltural-de-la-primavera-1536x1090.png 1536w\" sizes=\"(max-width: 1600px) 100vw, 1600px\" \/><\/a>\n\t\t\t\t\n\t\t\t\t<h2 class=\"su-post-title\"><a href=\"https:\/\/blogsaverroes.juntadeandalucia.es\/cepermariadeluna\/2026\/04\/14\/el-sep-negratin-celebra-la-fiesta-intercultural-de-la-primavera-en-las-diferentes-aulas-de-la-seccion\/\">El SEP Negrat\u00edn celebra la fiesta intercultural de la primavera en las diferentes aulas de la secci\u00f3n<\/a><\/h2>\n\n\t\t\t\t<div class=\"su-post-meta\">\n\t\t\t\t\tPublicado: 14 abril, 2026\t\t\t\t<\/div>\n\n\t\t\t\t<div class=\"su-post-excerpt\">\n\t\t\t\t\t<p>Antes de disfrutar de las vacaciones de primavera el SEP Negrat\u00edn ha celebrado por todo lo alto el renacer y rebrotar de la naturaleza con una jornada llena de alegr\u00eda, juegos y una deliciosa&#46;&#46;&#46;<\/p>\n\t\t\t\t<\/div>\n\n\t\t\t\t\t\t\t\t\t<a href=\"https:\/\/blogsaverroes.juntadeandalucia.es\/cepermariadeluna\/2026\/04\/14\/el-sep-negratin-celebra-la-fiesta-intercultural-de-la-primavera-en-las-diferentes-aulas-de-la-seccion\/#respond\" class=\"su-post-comments-link\">0 comentarios<\/a>\n\t\t\t\t\n\t\t\t<\/div>\n\n\t\t\t\t\t\n\t\t\t\n\t\t\t<div id=\"su-post-4557\" class=\"su-post \">\n\n\t\t\t\t\t\t\t\t\t<a class=\"su-post-thumbnail\" href=\"https:\/\/blogsaverroes.juntadeandalucia.es\/cepermariadeluna\/2026\/04\/14\/olimpiadas-en-el-sep-guardal\/\"><img loading=\"lazy\" decoding=\"async\" width=\"1200\" height=\"628\" src=\"https:\/\/blogsaverroes.juntadeandalucia.es\/cepermariadeluna\/files\/2026\/04\/imagen-destacada-I-olimpiada.png\" class=\"attachment-post-thumbnail size-post-thumbnail wp-post-image\" alt=\"\" srcset=\"https:\/\/blogsaverroes.juntadeandalucia.es\/cepermariadeluna\/files\/2026\/04\/imagen-destacada-I-olimpiada.png 1200w, https:\/\/blogsaverroes.juntadeandalucia.es\/cepermariadeluna\/files\/2026\/04\/imagen-destacada-I-olimpiada-300x157.png 300w, https:\/\/blogsaverroes.juntadeandalucia.es\/cepermariadeluna\/files\/2026\/04\/imagen-destacada-I-olimpiada-1024x536.png 1024w, https:\/\/blogsaverroes.juntadeandalucia.es\/cepermariadeluna\/files\/2026\/04\/imagen-destacada-I-olimpiada-768x402.png 768w\" sizes=\"(max-width: 1200px) 100vw, 1200px\" \/><\/a>\n\t\t\t\t\n\t\t\t\t<h2 class=\"su-post-title\"><a href=\"https:\/\/blogsaverroes.juntadeandalucia.es\/cepermariadeluna\/2026\/04\/14\/olimpiadas-en-el-sep-guardal\/\">Olimpiadas en el SEP Guardal<\/a><\/h2>\n\n\t\t\t\t<div class=\"su-post-meta\">\n\t\t\t\t\tPublicado: 14 abril, 2026\t\t\t\t<\/div>\n\n\t\t\t\t<div class=\"su-post-excerpt\">\n\t\t\t\t\t<p>Durante la semana previa a Semana Santa, en nuestro CEPER y secciones, se han organizado unas divertidas Olimpiadas escolares que han llenado nuestras aulas de entusiasmo, compa\u00f1erismo y muchas ganas de participar. A lo&#46;&#46;&#46;<\/p>\n\t\t\t\t<\/div>\n\n\t\t\t\t\t\t\t\t\t<a href=\"https:\/\/blogsaverroes.juntadeandalucia.es\/cepermariadeluna\/2026\/04\/14\/olimpiadas-en-el-sep-guardal\/#respond\" class=\"su-post-comments-link\">0 comentarios<\/a>\n\t\t\t\t\n\t\t\t<\/div>\n\n\t\t\t\t\t\n\t\t\t\n\t\t\t<div id=\"su-post-4552\" class=\"su-post \">\n\n\t\t\t\t\t\t\t\t\t<a class=\"su-post-thumbnail\" href=\"https:\/\/blogsaverroes.juntadeandalucia.es\/cepermariadeluna\/2026\/04\/14\/un-trimestre-muy-activo-en-cullar\/\"><img loading=\"lazy\" decoding=\"async\" width=\"1200\" height=\"628\" src=\"https:\/\/blogsaverroes.juntadeandalucia.es\/cepermariadeluna\/files\/2026\/04\/imagen-destacada-2o-trim-2026-cullar.png\" class=\"attachment-post-thumbnail size-post-thumbnail wp-post-image\" alt=\"\" srcset=\"https:\/\/blogsaverroes.juntadeandalucia.es\/cepermariadeluna\/files\/2026\/04\/imagen-destacada-2o-trim-2026-cullar.png 1200w, https:\/\/blogsaverroes.juntadeandalucia.es\/cepermariadeluna\/files\/2026\/04\/imagen-destacada-2o-trim-2026-cullar-300x157.png 300w, https:\/\/blogsaverroes.juntadeandalucia.es\/cepermariadeluna\/files\/2026\/04\/imagen-destacada-2o-trim-2026-cullar-1024x536.png 1024w, https:\/\/blogsaverroes.juntadeandalucia.es\/cepermariadeluna\/files\/2026\/04\/imagen-destacada-2o-trim-2026-cullar-768x402.png 768w\" sizes=\"(max-width: 1200px) 100vw, 1200px\" \/><\/a>\n\t\t\t\t\n\t\t\t\t<h2 class=\"su-post-title\"><a href=\"https:\/\/blogsaverroes.juntadeandalucia.es\/cepermariadeluna\/2026\/04\/14\/un-trimestre-muy-activo-en-cullar\/\">\u00a1UN TRIMESTRE MUY ACTIVO EN C\u00daLLAR!<\/a><\/h2>\n\n\t\t\t\t<div class=\"su-post-meta\">\n\t\t\t\t\tPublicado: 14 abril, 2026\t\t\t\t<\/div>\n\n\t\t\t\t<div class=\"su-post-excerpt\">\n\t\t\t\t\t<p>A lo largo de este segundo trimestre el alumnado del Sep La Torre de C\u00fallar ha participado en las diversas efem\u00e9rides correspondientes a este trimestre. Al poco de volver de vacaciones,&nbsp; conocieron diversos personajes&#46;&#46;&#46;<\/p>\n\t\t\t\t<\/div>\n\n\t\t\t\t\t\t\t\t\t<a href=\"https:\/\/blogsaverroes.juntadeandalucia.es\/cepermariadeluna\/2026\/04\/14\/un-trimestre-muy-activo-en-cullar\/#respond\" class=\"su-post-comments-link\">0 comentarios<\/a>\n\t\t\t\t\n\t\t\t<\/div>\n\n\t\t\t\t\t\n\t\t\t\n\t\t\t<div id=\"su-post-4540\" class=\"su-post \">\n\n\t\t\t\t\t\t\t\t\t<a class=\"su-post-thumbnail\" href=\"https:\/\/blogsaverroes.juntadeandalucia.es\/cepermariadeluna\/2026\/04\/14\/i-olimpiada-ceper-maria-de-luna\/\"><img loading=\"lazy\" decoding=\"async\" width=\"1200\" height=\"628\" src=\"https:\/\/blogsaverroes.juntadeandalucia.es\/cepermariadeluna\/files\/2026\/04\/imagen-destacada-I-olimpiada.png\" class=\"attachment-post-thumbnail size-post-thumbnail wp-post-image\" alt=\"\" srcset=\"https:\/\/blogsaverroes.juntadeandalucia.es\/cepermariadeluna\/files\/2026\/04\/imagen-destacada-I-olimpiada.png 1200w, https:\/\/blogsaverroes.juntadeandalucia.es\/cepermariadeluna\/files\/2026\/04\/imagen-destacada-I-olimpiada-300x157.png 300w, https:\/\/blogsaverroes.juntadeandalucia.es\/cepermariadeluna\/files\/2026\/04\/imagen-destacada-I-olimpiada-1024x536.png 1024w, https:\/\/blogsaverroes.juntadeandalucia.es\/cepermariadeluna\/files\/2026\/04\/imagen-destacada-I-olimpiada-768x402.png 768w\" sizes=\"(max-width: 1200px) 100vw, 1200px\" \/><\/a>\n\t\t\t\t\n\t\t\t\t<h2 class=\"su-post-title\"><a href=\"https:\/\/blogsaverroes.juntadeandalucia.es\/cepermariadeluna\/2026\/04\/14\/i-olimpiada-ceper-maria-de-luna\/\">I olimpiada CEPER Mar\u00eda de Luna<\/a><\/h2>\n\n\t\t\t\t<div class=\"su-post-meta\">\n\t\t\t\t\tPublicado: 14 abril, 2026\t\t\t\t<\/div>\n\n\t\t\t\t<div class=\"su-post-excerpt\">\n\t\t\t\t\t<p>En el pasado mes de marzo, celebramos en el patio de nuestra escuela la I olimpiada del CEPER Mar\u00eda de Luna. Las maestras y maestros organizaron una serie de juegos y actividades para desarrollar&#46;&#46;&#46;<\/p>\n\t\t\t\t<\/div>\n\n\t\t\t\t\t\t\t\t\t<a href=\"https:\/\/blogsaverroes.juntadeandalucia.es\/cepermariadeluna\/2026\/04\/14\/i-olimpiada-ceper-maria-de-luna\/#respond\" class=\"su-post-comments-link\">0 comentarios<\/a>\n\t\t\t\t\n\t\t\t<\/div>\n\n\t\t\n\t\n<\/div>\n\n","protected":false},"excerpt":{"rendered":"","protected":false},"author":5774,"featured_media":0,"parent":0,"menu_order":0,"comment_status":"closed","ping_status":"closed","template":"","meta":{"ngg_post_thumbnail":0,"footnotes":"","_mc_calendar":[]},"aioseo_notices":[],"_links":{"self":[{"href":"https:\/\/blogsaverroes.juntadeandalucia.es\/cepermariadeluna\/wp-json\/wp\/v2\/pages\/42"}],"collection":[{"href":"https:\/\/blogsaverroes.juntadeandalucia.es\/cepermariadeluna\/wp-json\/wp\/v2\/pages"}],"about":[{"href":"https:\/\/blogsaverroes.juntadeandalucia.es\/cepermariadeluna\/wp-json\/wp\/v2\/types\/page"}],"author":[{"embeddable":true,"href":"https:\/\/blogsaverroes.juntadeandalucia.es\/cepermariadeluna\/wp-json\/wp\/v2\/users\/5774"}],"replies":[{"embeddable":true,"href":"https:\/\/blogsaverroes.juntadeandalucia.es\/cepermariadeluna\/wp-json\/wp\/v2\/comments?post=42"}],"version-history":[{"count":5,"href":"https:\/\/blogsaverroes.juntadeandalucia.es\/cepermariadeluna\/wp-json\/wp\/v2\/pages\/42\/revisions"}],"predecessor-version":[{"id":2650,"href":"https:\/\/blogsaverroes.juntadeandalucia.es\/cepermariadeluna\/wp-json\/wp\/v2\/pages\/42\/revisions\/2650"}],"wp:attachment":[{"href":"https:\/\/blogsaverroes.juntadeandalucia.es\/cepermariadeluna\/wp-json\/wp\/v2\/media?parent=42"}],"curies":[{"name":"wp","href":"https:\/\/api.w.org\/{rel}","templated":true}]}}