{"id":2783,"date":"2020-12-07T09:30:45","date_gmt":"2020-12-07T09:30:45","guid":{"rendered":"https:\/\/blogsaverroes.juntadeandalucia.es\/cepermediterraneoadra\/?page_id=2783"},"modified":"2021-01-16T19:49:27","modified_gmt":"2021-01-16T19:49:27","slug":"contacto","status":"publish","type":"page","link":"https:\/\/blogsaverroes.juntadeandalucia.es\/cepermediterraneoadra\/contacto\/","title":{"rendered":"CONTACTO"},"content":{"rendered":"<p><strong>Direcci\u00f3n:<\/strong>&nbsp; Avenida de la Guardia Civil, 6 (Pabell\u00f3n de Deportes)<\/p>\n<p>04770- Adra<br \/>\n<strong>Tel\u00e9fono:950 579500<\/strong><\/p>\n<p><strong>Email:<\/strong>&nbsp;<\/p>\n<p>04500234.edu@juntadeandalucia.es&nbsp;<\/p>\n<p>Nota.- Por la situaci\u00f3n derivada de la pandemia COVID 19, se aconseja pedir cita telef\u00f3nica.<\/p>\n","protected":false},"excerpt":{"rendered":"<p>Direcci\u00f3n:&nbsp; Avenida de la Guardia Civil, 6 (Pabell\u00f3n de Deportes) 04770- Adra Tel\u00e9fono:950 579500 Email:&nbsp; 04500234.edu@juntadeandalucia.es&nbsp; Nota.- Por la situaci\u00f3n derivada de la pandemia COVID 19, se aconseja pedir cita telef\u00f3nica.<\/p>\n","protected":false},"author":11626,"featured_media":0,"parent":0,"menu_order":0,"comment_status":"closed","ping_status":"closed","template":"","meta":{"ngg_post_thumbnail":0,"footnotes":"","_mc_calendar":[]},"aioseo_notices":[],"_links":{"self":[{"href":"https:\/\/blogsaverroes.juntadeandalucia.es\/cepermediterraneoadra\/wp-json\/wp\/v2\/pages\/2783"}],"collection":[{"href":"https:\/\/blogsaverroes.juntadeandalucia.es\/cepermediterraneoadra\/wp-json\/wp\/v2\/pages"}],"about":[{"href":"https:\/\/blogsaverroes.juntadeandalucia.es\/cepermediterraneoadra\/wp-json\/wp\/v2\/types\/page"}],"author":[{"embeddable":true,"href":"https:\/\/blogsaverroes.juntadeandalucia.es\/cepermediterraneoadra\/wp-json\/wp\/v2\/users\/11626"}],"replies":[{"embeddable":true,"href":"https:\/\/blogsaverroes.juntadeandalucia.es\/cepermediterraneoadra\/wp-json\/wp\/v2\/comments?post=2783"}],"version-history":[{"count":4,"href":"https:\/\/blogsaverroes.juntadeandalucia.es\/cepermediterraneoadra\/wp-json\/wp\/v2\/pages\/2783\/revisions"}],"predecessor-version":[{"id":2857,"href":"https:\/\/blogsaverroes.juntadeandalucia.es\/cepermediterraneoadra\/wp-json\/wp\/v2\/pages\/2783\/revisions\/2857"}],"wp:attachment":[{"href":"https:\/\/blogsaverroes.juntadeandalucia.es\/cepermediterraneoadra\/wp-json\/wp\/v2\/media?parent=2783"}],"curies":[{"name":"wp","href":"https:\/\/api.w.org\/{rel}","templated":true}]}}