{"id":3638,"date":"2021-01-21T21:34:46","date_gmt":"2021-01-21T21:34:46","guid":{"rendered":"https:\/\/blogsaverroes.juntadeandalucia.es\/cepermiguelhernandezgilabert\/?page_id=3638"},"modified":"2021-01-21T21:36:18","modified_gmt":"2021-01-21T21:36:18","slug":"el-centro","status":"publish","type":"page","link":"https:\/\/blogsaverroes.juntadeandalucia.es\/cepermiguelhernandezgilabert\/el-centro\/","title":{"rendered":"EL CENTRO."},"content":{"rendered":"<p><strong>CARACTER\u00cdSTICAS INTERNAS DEL CENTRO PENITENCIARIO<\/strong><\/p>\n<p><a href=\"https:\/\/blogsaverroes.juntadeandalucia.es\/cepermiguelhernandezgilabert\/files\/2020\/12\/prision-huelva-efe-kONH-U702193735013rH-624x385@RC.jpg\"><img fetchpriority=\"high\" decoding=\"async\" class=\"alignnone size-medium wp-image-2858\" src=\"https:\/\/blogsaverroes.juntadeandalucia.es\/cepermiguelhernandezgilabert\/files\/2020\/12\/prision-huelva-efe-kONH-U702193735013rH-624x385@RC-300x185.jpg\" alt=\"\" width=\"300\" height=\"185\" srcset=\"https:\/\/blogsaverroes.juntadeandalucia.es\/cepermiguelhernandezgilabert\/files\/2020\/12\/prision-huelva-efe-kONH-U702193735013rH-624x385@RC-300x185.jpg 300w, https:\/\/blogsaverroes.juntadeandalucia.es\/cepermiguelhernandezgilabert\/files\/2020\/12\/prision-huelva-efe-kONH-U702193735013rH-624x385@RC-24x15.jpg 24w, https:\/\/blogsaverroes.juntadeandalucia.es\/cepermiguelhernandezgilabert\/files\/2020\/12\/prision-huelva-efe-kONH-U702193735013rH-624x385@RC-36x22.jpg 36w, https:\/\/blogsaverroes.juntadeandalucia.es\/cepermiguelhernandezgilabert\/files\/2020\/12\/prision-huelva-efe-kONH-U702193735013rH-624x385@RC-48x30.jpg 48w, https:\/\/blogsaverroes.juntadeandalucia.es\/cepermiguelhernandezgilabert\/files\/2020\/12\/prision-huelva-efe-kONH-U702193735013rH-624x385@RC.jpg 624w\" sizes=\"(max-width: 300px) 100vw, 300px\" \/><\/a><\/p>\n<p><strong>El Centro de Educaci\u00f3n Permanente Miguel Hern\u00e1ndez Gilabert se encuentra situado dentro del Centro Penitencia2rio de Huelva. Este Centro tiene una ocupaci\u00f3n real de hasta 1.800 internos (1200 de media actualmente) y una estructura arquitect\u00f3nica formada por compartimentos estancos, llamados \u201cM\u00f3dulos\u201d, diecisiete en total, con una capacidad cada uno de ellos de unos 100 internos y con unas caracter\u00edsticas distintas entre ellos basadas fundamentalmente en la situaci\u00f3n penal de los mismos (preventivos o penados) o de evoluci\u00f3n y respuesta al r\u00e9gimen y tratamiento penitenciarios.<\/strong><\/p>\n<p><strong>La prisi\u00f3n tiene una estructura vertical compuesta de unos \u00d3rganos colegiados y otros unipersonales. Entre los colegiados que afectan a las actuaciones del CEPER, encontramos el Consejo de Direcci\u00f3n que rige los restantes \u00f3rganos del Centro; la Junta de Tratamiento, que trata mediante la actuaci\u00f3n de diversos profesionales (trabajadores sociales, psic\u00f3logos, juristas, educadores) el itinerario reeducativo y de reinserci\u00f3n del interno mediante programas y modelos individualizados de tratamiento; y la Comisi\u00f3n Disciplinaria, que aplica sanciones o recompensas a los internos seg\u00fan su conducta y trayectoria. Entre los \u00d3rganos unipersonales destaca el Director que ostenta la representaci\u00f3n del Centro, preside los \u00f3rganos colegiados y tiene la m\u00e1xima competencia en la toma de decisiones; Subdirectores diferenciados por \u00e1reas de intervenci\u00f3n (r\u00e9gimen, seguridad, tratamiento, administraci\u00f3n, sanidad), y, siguiendo una cadena de mando descendente, Jefes de Servicio, Jefes de Centro y Encargados de Departamento.<\/strong><\/p>\n<p><strong>El Centro de Educaci\u00f3n Permanente, al estar dentro de una Instituci\u00f3n Penitenciaria, tiene que ver con la parte de la gesti\u00f3n penitenciaria que toca el llamado \u201cTratamiento\u201d, es decir, la formaci\u00f3n (tanto educativa, como ocupacional o profesional), la reeducaci\u00f3n y la reinserci\u00f3n social, la preparaci\u00f3n del interno para su vida futura en libertad o la asistencia social. La persona responsable de esta \u00e1rea es el Subdirector de Tratamiento.<\/strong><\/p>\n<p><strong>Seg\u00fan el Decreto 1203\/1999 de Integraci\u00f3n de los Profesores de EGB de IIPP, la Instituci\u00f3n Penitenciaria ofrece las instalaciones, mobiliario y asume parte de gastos de material de los internos matriculados en nuestro CEPER.<\/strong><\/p>\n<p><strong>En el referido Decreto se establece un \u00f3rgano permanente de coordinaci\u00f3n y seguimiento entre las dos Administraciones llamado \u201cComisi\u00f3n de seguimiento o mixta\u201d, como f\u00f3rmula para solventar los desajustes que se puedan producir. Est\u00e1 formado por el Subdirector de Tratamiento y el Coordinador de Formaci\u00f3n, por una parte, y el director del Centro de Educaci\u00f3n Permanente y el Coordinador Provincial de Educaci\u00f3n Permanente, por la otra. Debe reunirse, al menos, una vez al trimestre.<\/strong><\/p>\n<p>&nbsp;<\/p>\n<p><strong>15.1.2.- CARACTER\u00cdSTICAS DE LA COMUNIDAD EDUCATIVA<\/strong><\/p>\n<p><strong>PROFESORADO<\/strong><\/p>\n<p><strong>Durante el presente curso escolar la plantilla de profesores est\u00e1 formada por diez maestros y maestras, funcionarios\/as de carrera.<\/strong><\/p>\n<p><a href=\"https:\/\/blogsaverroes.juntadeandalucia.es\/cepermiguelhernandezgilabert\/files\/2020\/12\/DSC_0507-1.jpg\"><img decoding=\"async\" class=\"alignnone size-medium wp-image-2868\" src=\"https:\/\/blogsaverroes.juntadeandalucia.es\/cepermiguelhernandezgilabert\/files\/2020\/12\/DSC_0507-1-300x201.jpg\" alt=\"\" width=\"300\" height=\"201\" srcset=\"https:\/\/blogsaverroes.juntadeandalucia.es\/cepermiguelhernandezgilabert\/files\/2020\/12\/DSC_0507-1-300x201.jpg 300w, https:\/\/blogsaverroes.juntadeandalucia.es\/cepermiguelhernandezgilabert\/files\/2020\/12\/DSC_0507-1-24x16.jpg 24w, https:\/\/blogsaverroes.juntadeandalucia.es\/cepermiguelhernandezgilabert\/files\/2020\/12\/DSC_0507-1-36x24.jpg 36w, https:\/\/blogsaverroes.juntadeandalucia.es\/cepermiguelhernandezgilabert\/files\/2020\/12\/DSC_0507-1-48x32.jpg 48w, https:\/\/blogsaverroes.juntadeandalucia.es\/cepermiguelhernandezgilabert\/files\/2020\/12\/DSC_0507-1.jpg 700w\" sizes=\"(max-width: 300px) 100vw, 300px\" \/><\/a><\/p>\n<p>&nbsp;<\/p>\n","protected":false},"excerpt":{"rendered":"<p>CARACTER\u00cdSTICAS INTERNAS DEL CENTRO PENITENCIARIO El Centro de Educaci\u00f3n Permanente Miguel Hern\u00e1ndez Gilabert se encuentra situado dentro del Centro Penitencia2rio de Huelva. Este Centro tiene una ocupaci\u00f3n real de hasta 1.800 internos (1200 de&#46;&#46;&#46;<\/p>\n","protected":false},"author":11727,"featured_media":0,"parent":0,"menu_order":0,"comment_status":"closed","ping_status":"closed","template":"","meta":{"ngg_post_thumbnail":0,"footnotes":"","_mc_calendar":[]},"aioseo_notices":[],"post_mailing_queue_ids":[],"_links":{"self":[{"href":"https:\/\/blogsaverroes.juntadeandalucia.es\/cepermiguelhernandezgilabert\/wp-json\/wp\/v2\/pages\/3638"}],"collection":[{"href":"https:\/\/blogsaverroes.juntadeandalucia.es\/cepermiguelhernandezgilabert\/wp-json\/wp\/v2\/pages"}],"about":[{"href":"https:\/\/blogsaverroes.juntadeandalucia.es\/cepermiguelhernandezgilabert\/wp-json\/wp\/v2\/types\/page"}],"author":[{"embeddable":true,"href":"https:\/\/blogsaverroes.juntadeandalucia.es\/cepermiguelhernandezgilabert\/wp-json\/wp\/v2\/users\/11727"}],"replies":[{"embeddable":true,"href":"https:\/\/blogsaverroes.juntadeandalucia.es\/cepermiguelhernandezgilabert\/wp-json\/wp\/v2\/comments?post=3638"}],"version-history":[{"count":3,"href":"https:\/\/blogsaverroes.juntadeandalucia.es\/cepermiguelhernandezgilabert\/wp-json\/wp\/v2\/pages\/3638\/revisions"}],"predecessor-version":[{"id":3642,"href":"https:\/\/blogsaverroes.juntadeandalucia.es\/cepermiguelhernandezgilabert\/wp-json\/wp\/v2\/pages\/3638\/revisions\/3642"}],"wp:attachment":[{"href":"https:\/\/blogsaverroes.juntadeandalucia.es\/cepermiguelhernandezgilabert\/wp-json\/wp\/v2\/media?parent=3638"}],"curies":[{"name":"wp","href":"https:\/\/api.w.org\/{rel}","templated":true}]}}