{"id":191,"date":"2018-11-22T18:50:13","date_gmt":"2018-11-22T18:50:13","guid":{"rendered":"https:\/\/blogsaverroes.juntadeandalucia.es\/cepermontilla\/?page_id=191"},"modified":"2022-09-21T14:21:54","modified_gmt":"2022-09-21T14:21:54","slug":"datos-del-centro-2","status":"publish","type":"page","link":"https:\/\/blogsaverroes.juntadeandalucia.es\/cepermontilla\/datos-del-centro-2\/","title":{"rendered":"Datos del centro"},"content":{"rendered":"<p>C\/Lepanto s\/n&nbsp;<\/p>\n<p>14550&nbsp; Montilla<\/p>\n<p>C\u00f3rdoba<\/p>\n<p>Tel\u00e9fono: <span style=\"font-size: 14pt;font-family: 'arial black', sans-serif\">957653126<\/span><\/p>\n<p>Correo electr\u00f3nico: 14500017.edu@juntadeandalucia.es<\/p>\n<p>Twitter:<a href=\"https:\/\/twitter.com\/CeperGala\">https:\/\/twitter.com\/CeperGala<\/a><\/p>\n<p>Facebook:<a href=\"https:\/\/www.facebook.com\/Centro-de-Adultos-Antonio-Gala-Montilla-1559886491005637\/\">https:\/\/www.facebook.com\/Centro-de-Adultos-Antonio-Gala-Montilla-1559886491005637\/<\/a><\/p>\n<p>HORARIO DE SECRETAR\u00cdA<\/p>\n<p>Jueves y viernes de 10:00 a 12:00 horas.<\/p>\n","protected":false},"excerpt":{"rendered":"<p>C\/Lepanto s\/n&nbsp; 14550&nbsp; Montilla C\u00f3rdoba Tel\u00e9fono: 957653126 Correo electr\u00f3nico: 14500017.edu@juntadeandalucia.es Twitter:https:\/\/twitter.com\/CeperGala Facebook:https:\/\/www.facebook.com\/Centro-de-Adultos-Antonio-Gala-Montilla-1559886491005637\/ HORARIO DE SECRETAR\u00cdA Jueves y viernes de 10:00 a 12:00 horas.<\/p>\n","protected":false},"author":6747,"featured_media":0,"parent":0,"menu_order":0,"comment_status":"closed","ping_status":"closed","template":"page-template-full.php","meta":{"ngg_post_thumbnail":0,"footnotes":""},"aioseo_notices":[],"_links":{"self":[{"href":"https:\/\/blogsaverroes.juntadeandalucia.es\/cepermontilla\/wp-json\/wp\/v2\/pages\/191"}],"collection":[{"href":"https:\/\/blogsaverroes.juntadeandalucia.es\/cepermontilla\/wp-json\/wp\/v2\/pages"}],"about":[{"href":"https:\/\/blogsaverroes.juntadeandalucia.es\/cepermontilla\/wp-json\/wp\/v2\/types\/page"}],"author":[{"embeddable":true,"href":"https:\/\/blogsaverroes.juntadeandalucia.es\/cepermontilla\/wp-json\/wp\/v2\/users\/6747"}],"replies":[{"embeddable":true,"href":"https:\/\/blogsaverroes.juntadeandalucia.es\/cepermontilla\/wp-json\/wp\/v2\/comments?post=191"}],"version-history":[{"count":7,"href":"https:\/\/blogsaverroes.juntadeandalucia.es\/cepermontilla\/wp-json\/wp\/v2\/pages\/191\/revisions"}],"predecessor-version":[{"id":2075,"href":"https:\/\/blogsaverroes.juntadeandalucia.es\/cepermontilla\/wp-json\/wp\/v2\/pages\/191\/revisions\/2075"}],"wp:attachment":[{"href":"https:\/\/blogsaverroes.juntadeandalucia.es\/cepermontilla\/wp-json\/wp\/v2\/media?parent=191"}],"curies":[{"name":"wp","href":"https:\/\/api.w.org\/{rel}","templated":true}]}}

<p>C/Lepanto s/n&nbsp;</p>
<p>14550&nbsp; Montilla</p>
<p>Córdoba</p>
<p>Teléfono: <span style="font-size: 14pt;font-family: 'arial black', sans-serif">957653126</span></p>
<p>Correo electrónico: 14500017.edu@juntadeandalucia.es</p>
<p>Twitter:<a href="https://twitter.com/CeperGala">https://twitter.com/CeperGala</a></p>
<p>Facebook:<a href="https://www.facebook.com/Centro-de-Adultos-Antonio-Gala-Montilla-1559886491005637/">https://www.facebook.com/Centro-de-Adultos-Antonio-Gala-Montilla-1559886491005637/</a></p>
<p>HORARIO DE SECRETARÍA</p>
<p>Jueves y viernes de 10:00 a 12:00 horas.</p>

<p>C/Lepanto s/n&nbsp; 14550&nbsp; Montilla Córdoba Teléfono: 957653126 Correo electrónico: 14500017.edu@juntadeandalucia.es Twitter:https://twitter.com/CeperGala Facebook:https://www.facebook.com/Centro-de-Adultos-Antonio-Gala-Montilla-1559886491005637/ HORARIO DE SECRETARÍA Jueves y viernes de 10:00 a 12:00 horas.</p>
