{"id":195,"date":"2018-11-22T19:00:46","date_gmt":"2018-11-22T19:00:46","guid":{"rendered":"https:\/\/blogsaverroes.juntadeandalucia.es\/cepermontilla\/?page_id=195"},"modified":"2022-09-21T14:24:10","modified_gmt":"2022-09-21T14:24:10","slug":"oferta-educativa","status":"publish","type":"page","link":"https:\/\/blogsaverroes.juntadeandalucia.es\/cepermontilla\/oferta-educativa\/","title":{"rendered":"Oferta educativa"},"content":{"rendered":"<p>INFORMACI\u00d3N GENERAL&nbsp;<\/p>\n<p>Si quieres conocer la Educaci\u00f3n Permanente, clica en el siguiente enlace de la Consejer\u00eda de Desarrollo Educativo y Formaci\u00f3n Profesional e inf\u00f3rmate a nivel general sobre los diferentes Planes Educativos, pruebas, plazos, programas, etc.<\/p>\n<p><a href=\"https:\/\/www.juntadeandalucia.es\/educacion\/portals\/web\/educacion-permanente\">https:\/\/www.juntadeandalucia.es\/educacion\/portals\/web\/educacion-permanente<\/a><\/p>\n<p>Cada Centro perteneciente a nuestra red dispone de ofertas educativas diferentes. Le aconsejamos que nos llame y solicite informaci\u00f3n:<\/p>\n<p>Aguilar de la Frontera: <span style=\"font-family: 'arial black', sans-serif\">957 69 95 70&nbsp;&nbsp;<\/span><\/p>\n<p>Montilla: <span style=\"font-family: 'arial black', sans-serif\">957 65 31 26 (jueves y viernes de 10 a 12 horas)<\/span><\/p>\n<p>Montemayor:<\/p>\n<p>Fern\u00e1n N\u00fa\u00f1ez: <span style=\"font-family: 'arial black', sans-serif\">957 38 14 73<\/span><\/p>\n<p>Montalb\u00e1n: <span style=\"font-family: 'arial black', sans-serif\"><strong>957 01 83 13<\/strong><\/span><\/p>\n<p>Santaella\/La Guijarrosa:<\/p>\n<p>La Rambla: <span style=\"font-family: 'arial black', sans-serif\">957 68 27 31<\/span><\/p>\n","protected":false},"excerpt":{"rendered":"<p>INFORMACI\u00d3N GENERAL&nbsp; Si quieres conocer la Educaci\u00f3n Permanente, clica en el siguiente enlace de la Consejer\u00eda de Desarrollo Educativo y Formaci\u00f3n Profesional e inf\u00f3rmate a nivel general sobre los diferentes Planes Educativos, pruebas, plazos,&#46;&#46;&#46;<\/p>\n","protected":false},"author":6747,"featured_media":0,"parent":0,"menu_order":0,"comment_status":"closed","ping_status":"closed","template":"","meta":{"ngg_post_thumbnail":0,"footnotes":""},"aioseo_notices":[],"_links":{"self":[{"href":"https:\/\/blogsaverroes.juntadeandalucia.es\/cepermontilla\/wp-json\/wp\/v2\/pages\/195"}],"collection":[{"href":"https:\/\/blogsaverroes.juntadeandalucia.es\/cepermontilla\/wp-json\/wp\/v2\/pages"}],"about":[{"href":"https:\/\/blogsaverroes.juntadeandalucia.es\/cepermontilla\/wp-json\/wp\/v2\/types\/page"}],"author":[{"embeddable":true,"href":"https:\/\/blogsaverroes.juntadeandalucia.es\/cepermontilla\/wp-json\/wp\/v2\/users\/6747"}],"replies":[{"embeddable":true,"href":"https:\/\/blogsaverroes.juntadeandalucia.es\/cepermontilla\/wp-json\/wp\/v2\/comments?post=195"}],"version-history":[{"count":5,"href":"https:\/\/blogsaverroes.juntadeandalucia.es\/cepermontilla\/wp-json\/wp\/v2\/pages\/195\/revisions"}],"predecessor-version":[{"id":2077,"href":"https:\/\/blogsaverroes.juntadeandalucia.es\/cepermontilla\/wp-json\/wp\/v2\/pages\/195\/revisions\/2077"}],"wp:attachment":[{"href":"https:\/\/blogsaverroes.juntadeandalucia.es\/cepermontilla\/wp-json\/wp\/v2\/media?parent=195"}],"curies":[{"name":"wp","href":"https:\/\/api.w.org\/{rel}","templated":true}]}}

<p>INFORMACIÓN GENERAL&nbsp;</p>
<p>Si quieres conocer la Educación Permanente, clica en el siguiente enlace de la Consejería de Desarrollo Educativo y Formación Profesional e infórmate a nivel general sobre los diferentes Planes Educativos, pruebas, plazos, programas, etc.</p>
<p><a href="https://www.juntadeandalucia.es/educacion/portals/web/educacion-permanente">https://www.juntadeandalucia.es/educacion/portals/web/educacion-permanente</a></p>
<p>Cada Centro perteneciente a nuestra red dispone de ofertas educativas diferentes. Le aconsejamos que nos llame y solicite información:</p>
<p>Aguilar de la Frontera: <span style="font-family: 'arial black', sans-serif">957 69 95 70&nbsp;&nbsp;</span></p>
<p>Montilla: <span style="font-family: 'arial black', sans-serif">957 65 31 26 (jueves y viernes de 10 a 12 horas)</span></p>
<p>Montemayor:</p>
<p>Fernán Núñez: <span style="font-family: 'arial black', sans-serif">957 38 14 73</span></p>
<p>Montalbán: <span style="font-family: 'arial black', sans-serif"><strong>957 01 83 13</strong></span></p>
<p>Santaella/La Guijarrosa:</p>
<p>La Rambla: <span style="font-family: 'arial black', sans-serif">957 68 27 31</span></p>

<p>INFORMACIÓN GENERAL&nbsp; Si quieres conocer la Educación Permanente, clica en el siguiente enlace de la Consejería de Desarrollo Educativo y Formación Profesional e infórmate a nivel general sobre los diferentes Planes Educativos, pruebas, plazos,&#46;&#46;&#46;</p>
