{"id":220,"date":"2018-11-22T19:27:39","date_gmt":"2018-11-22T19:27:39","guid":{"rendered":"https:\/\/blogsaverroes.juntadeandalucia.es\/cepermontilla\/?page_id=220"},"modified":"2019-05-30T16:45:21","modified_gmt":"2019-05-30T16:45:21","slug":"planes-no-formales","status":"publish","type":"page","link":"https:\/\/blogsaverroes.juntadeandalucia.es\/cepermontilla\/planes-no-formales\/","title":{"rendered":"Planes Educativos para el fomento de la ciudadan\u00eda activa"},"content":{"rendered":"<p>Tambi\u00e9n se denominan&nbsp;<strong>Planes Educativos no formales<\/strong>&nbsp;ya que la participaci\u00f3n en ellos no conlleva la obtenci\u00f3n ning\u00fan t\u00edtulo. Se imparten exclusivamente en modalidad presencial. La finalidad de estos planes es variada y pueden agruparse en:&nbsp; &nbsp; &nbsp; &nbsp; &nbsp; &nbsp; &nbsp; &nbsp; &nbsp; &nbsp; &nbsp; &nbsp; &nbsp; &nbsp; &nbsp; &nbsp; &nbsp; &nbsp; &nbsp; &nbsp; &nbsp; &nbsp; &nbsp; &nbsp; &nbsp; &nbsp; &nbsp; &nbsp; &nbsp; &nbsp; &nbsp; &nbsp; &nbsp; &nbsp;<\/p>\n<ul>\n<li>Uso b\u00e1sico de un idioma extranjero.<\/li>\n<li>Uso b\u00e1sico de las Tecnolog\u00edas de Informaci\u00f3n y Comunicaci\u00f3n (uso de ordenadores).<\/li>\n<li>Fomento de la Cultura Emprendedora.<\/li>\n<li>Conocimiento y conservaci\u00f3n del Patrimonio cultural de Andaluc\u00eda y del Medioambiente.<\/li>\n<li>Adquisici\u00f3n de h\u00e1bitos de vida saludable y Prevenci\u00f3n de enfermedades y Riesgos profesionales.<\/li>\n<\/ul>\n<div class=\"listaPlegable\">&nbsp;Al finalizar dichos planes se obtiene un certificado de aprovechamiento.<\/div>\n","protected":false},"excerpt":{"rendered":"<p>Tambi\u00e9n se denominan&nbsp;Planes Educativos no formales&nbsp;ya que la participaci\u00f3n en ellos no conlleva la obtenci\u00f3n ning\u00fan t\u00edtulo. Se imparten exclusivamente en modalidad presencial. La finalidad de estos planes es variada y pueden agruparse en:&nbsp;&#46;&#46;&#46;<\/p>\n","protected":false},"author":6747,"featured_media":0,"parent":0,"menu_order":0,"comment_status":"closed","ping_status":"closed","template":"","meta":{"ngg_post_thumbnail":0,"footnotes":""},"aioseo_notices":[],"_links":{"self":[{"href":"https:\/\/blogsaverroes.juntadeandalucia.es\/cepermontilla\/wp-json\/wp\/v2\/pages\/220"}],"collection":[{"href":"https:\/\/blogsaverroes.juntadeandalucia.es\/cepermontilla\/wp-json\/wp\/v2\/pages"}],"about":[{"href":"https:\/\/blogsaverroes.juntadeandalucia.es\/cepermontilla\/wp-json\/wp\/v2\/types\/page"}],"author":[{"embeddable":true,"href":"https:\/\/blogsaverroes.juntadeandalucia.es\/cepermontilla\/wp-json\/wp\/v2\/users\/6747"}],"replies":[{"embeddable":true,"href":"https:\/\/blogsaverroes.juntadeandalucia.es\/cepermontilla\/wp-json\/wp\/v2\/comments?post=220"}],"version-history":[{"count":10,"href":"https:\/\/blogsaverroes.juntadeandalucia.es\/cepermontilla\/wp-json\/wp\/v2\/pages\/220\/revisions"}],"predecessor-version":[{"id":959,"href":"https:\/\/blogsaverroes.juntadeandalucia.es\/cepermontilla\/wp-json\/wp\/v2\/pages\/220\/revisions\/959"}],"wp:attachment":[{"href":"https:\/\/blogsaverroes.juntadeandalucia.es\/cepermontilla\/wp-json\/wp\/v2\/media?parent=220"}],"curies":[{"name":"wp","href":"https:\/\/api.w.org\/{rel}","templated":true}]}}