{"id":297,"date":"2019-01-27T11:36:58","date_gmt":"2019-01-27T11:36:58","guid":{"rendered":"https:\/\/blogsaverroes.juntadeandalucia.es\/cepermontilla\/?page_id=297"},"modified":"2023-04-25T11:31:23","modified_gmt":"2023-04-25T11:31:23","slug":"s-e-per-8-de-marzo","status":"publish","type":"page","link":"https:\/\/blogsaverroes.juntadeandalucia.es\/cepermontilla\/s-e-per-8-de-marzo\/","title":{"rendered":"S.E.PER. 8 de marzo"},"content":{"rendered":"<p><iframe loading=\"lazy\" src=\"\/\/www.youtube.com\/embed\/Mb8BCyQD8u8\" width=\"580\" height=\"325\"><\/iframe><\/p>\n<p><span style=\"font-size: 24pt\">Curso 2022\/2023<\/span><\/p>\n<ul style=\"list-style-type: square\">\n<li><span style=\"font-size: 14pt;color: #008000\"><strong>Preparaci\u00f3n Pruebas Libres ESO.<\/strong><\/span><\/li>\n<li><span style=\"font-size: 14pt;color: #008000\"><strong>Uso B\u00e1sico del Idioma Extranjero (ingl\u00e9s).<\/strong><\/span><\/li>\n<li><span style=\"font-size: 14pt;color: #008000\"><strong>Uso b\u00e1sico de las Nuevas Tecnolog\u00edas.<\/strong><\/span><\/li>\n<li><span style=\"font-size: 14pt;color: #008000\"><strong>Interculturalidad y Espa\u00f1ol para personas procedentes de otros pa\u00edses.<\/strong><\/span><\/li>\n<\/ul>\n<p><span style=\"font-size: 12pt\"><strong>Direcci\u00f3n:<\/strong> <\/span><\/p>\n<p><span style=\"font-size: 12pt\">C\/ Rodr\u00edguez de la Fuente, n\u00ba 12 (Edificio de la Biblioteca).<\/span><\/p>\n<p><span style=\"font-size: 12pt\"><strong>Tel\u00e9fono:<\/strong> <\/span><\/p>\n<p><span style=\"font-size: 12pt\">957 379726 (Horario de atenci\u00f3n los martes de 11:00 a 13:00).<\/span><\/p>\n<p><strong><span style=\"font-size: 12pt\">Email: <\/span><\/strong><\/p>\n<p><span style=\"font-size: 12pt\">sep8marzo@gmail.com<\/span><\/p>\n","protected":false},"excerpt":{"rendered":"<p>Curso 2022\/2023 Preparaci\u00f3n Pruebas Libres ESO. Uso B\u00e1sico del Idioma Extranjero (ingl\u00e9s). Uso b\u00e1sico de las Nuevas Tecnolog\u00edas. Interculturalidad y Espa\u00f1ol para personas procedentes de otros pa\u00edses. Direcci\u00f3n: C\/ Rodr\u00edguez de la Fuente, n\u00ba&#46;&#46;&#46;<\/p>\n","protected":false},"author":6747,"featured_media":317,"parent":0,"menu_order":0,"comment_status":"closed","ping_status":"closed","template":"","meta":{"ngg_post_thumbnail":0,"footnotes":""},"aioseo_notices":[],"_links":{"self":[{"href":"https:\/\/blogsaverroes.juntadeandalucia.es\/cepermontilla\/wp-json\/wp\/v2\/pages\/297"}],"collection":[{"href":"https:\/\/blogsaverroes.juntadeandalucia.es\/cepermontilla\/wp-json\/wp\/v2\/pages"}],"about":[{"href":"https:\/\/blogsaverroes.juntadeandalucia.es\/cepermontilla\/wp-json\/wp\/v2\/types\/page"}],"author":[{"embeddable":true,"href":"https:\/\/blogsaverroes.juntadeandalucia.es\/cepermontilla\/wp-json\/wp\/v2\/users\/6747"}],"replies":[{"embeddable":true,"href":"https:\/\/blogsaverroes.juntadeandalucia.es\/cepermontilla\/wp-json\/wp\/v2\/comments?post=297"}],"version-history":[{"count":18,"href":"https:\/\/blogsaverroes.juntadeandalucia.es\/cepermontilla\/wp-json\/wp\/v2\/pages\/297\/revisions"}],"predecessor-version":[{"id":2416,"href":"https:\/\/blogsaverroes.juntadeandalucia.es\/cepermontilla\/wp-json\/wp\/v2\/pages\/297\/revisions\/2416"}],"wp:featuredmedia":[{"embeddable":true,"href":"https:\/\/blogsaverroes.juntadeandalucia.es\/cepermontilla\/wp-json\/wp\/v2\/media\/317"}],"wp:attachment":[{"href":"https:\/\/blogsaverroes.juntadeandalucia.es\/cepermontilla\/wp-json\/wp\/v2\/media?parent=297"}],"curies":[{"name":"wp","href":"https:\/\/api.w.org\/{rel}","templated":true}]}}

<p><iframe loading="lazy" src="//www.youtube.com/embed/Mb8BCyQD8u8" width="580" height="325"></iframe></p>
<p><span style="font-size: 24pt">Curso 2022/2023</span></p>
<ul style="list-style-type: square">
<li><span style="font-size: 14pt;color: #008000"><strong>Preparación Pruebas Libres ESO.</strong></span></li>
<li><span style="font-size: 14pt;color: #008000"><strong>Uso Básico del Idioma Extranjero (inglés).</strong></span></li>
<li><span style="font-size: 14pt;color: #008000"><strong>Uso básico de las Nuevas Tecnologías.</strong></span></li>
<li><span style="font-size: 14pt;color: #008000"><strong>Interculturalidad y Español para personas procedentes de otros países.</strong></span></li>
</ul>
<p><span style="font-size: 12pt"><strong>Dirección:</strong> </span></p>
<p><span style="font-size: 12pt">C/ Rodríguez de la Fuente, nº 12 (Edificio de la Biblioteca).</span></p>
<p><span style="font-size: 12pt"><strong>Teléfono:</strong> </span></p>
<p><span style="font-size: 12pt">957 379726 (Horario de atención los martes de 11:00 a 13:00).</span></p>
<p><strong><span style="font-size: 12pt">Email: </span></strong></p>
<p><span style="font-size: 12pt">sep8marzo@gmail.com</span></p>

<p>Curso 2022/2023 Preparación Pruebas Libres ESO. Uso Básico del Idioma Extranjero (inglés). Uso básico de las Nuevas Tecnologías. Interculturalidad y Español para personas procedentes de otros países. Dirección: C/ Rodríguez de la Fuente, nº&#46;&#46;&#46;</p>
