{"id":299,"date":"2019-01-27T11:37:22","date_gmt":"2019-01-27T11:37:22","guid":{"rendered":"https:\/\/blogsaverroes.juntadeandalucia.es\/cepermontilla\/?page_id=299"},"modified":"2023-05-30T16:33:31","modified_gmt":"2023-05-30T16:33:31","slug":"s-e-per-la-paz","status":"publish","type":"page","link":"https:\/\/blogsaverroes.juntadeandalucia.es\/cepermontilla\/s-e-per-la-paz\/","title":{"rendered":"S.E.PER. La Paz"},"content":{"rendered":"<p>&nbsp;<\/p>\n<p>La S.E.PER. La Paz es una de las secciones de Educaci\u00f3n Permanente del C.E.PER Antonio Gala de Montilla ubicada en la ciudad de Montalb\u00e1n (C\u00f3rdoba).<\/p>\n<p>&nbsp;<\/p>\n<p>&nbsp;<\/p>\n<p>&nbsp;<\/p>\n<p>Os esperamos en:<\/p>\n<p>C\/ La Paz\u00a0 \u00a0s\/n\u00a0 \u00a0 Edificio:\u00a0 Casa de la Cultura<\/p>\n<p>14548 Montalb\u00e1n (C\u00f3rdoba)<\/p>\n<p>Tel\u00e9fono: <span style=\"font-size: 18pt\"><strong>957 01 83 13<\/strong><\/span><\/p>\n<p>Direcci\u00f3n de correo: 14500054.edu@juntadeandalucia.es<\/p>\n<p>Email: lapazmontalban@gmail.com<\/p>\n<p>Facebook: Centro de Adultos La Paz de Montalb\u00e1n<\/p>\n<p>&nbsp;<\/p>\n<p>Horario de Atenci\u00f3n al Alumnado:<\/p>\n<p>Viernes de 9:00 a 10:00 y de 13:00 a 14:00 horas.<\/p>\n<p>&nbsp;<\/p>\n<p>&nbsp;<\/p>\n<p>&nbsp;<\/p>\n<p><a href=\"https:\/\/blogsaverroes.juntadeandalucia.es\/cepermontilla\/category\/s-e-p-la-paz\/\">NOTICIAS DEL CENTRO<\/a><!--more--><\/p>\n","protected":false},"excerpt":{"rendered":"<p>&nbsp; La S.E.PER. La Paz es una de las secciones de Educaci\u00f3n Permanente del C.E.PER Antonio Gala de Montilla ubicada en la ciudad de Montalb\u00e1n (C\u00f3rdoba). &nbsp; &nbsp; &nbsp; Os esperamos en: C\/ La&#46;&#46;&#46;<\/p>\n","protected":false},"author":6747,"featured_media":346,"parent":0,"menu_order":0,"comment_status":"closed","ping_status":"closed","template":"","meta":{"ngg_post_thumbnail":0,"footnotes":""},"aioseo_notices":[],"_links":{"self":[{"href":"https:\/\/blogsaverroes.juntadeandalucia.es\/cepermontilla\/wp-json\/wp\/v2\/pages\/299"}],"collection":[{"href":"https:\/\/blogsaverroes.juntadeandalucia.es\/cepermontilla\/wp-json\/wp\/v2\/pages"}],"about":[{"href":"https:\/\/blogsaverroes.juntadeandalucia.es\/cepermontilla\/wp-json\/wp\/v2\/types\/page"}],"author":[{"embeddable":true,"href":"https:\/\/blogsaverroes.juntadeandalucia.es\/cepermontilla\/wp-json\/wp\/v2\/users\/6747"}],"replies":[{"embeddable":true,"href":"https:\/\/blogsaverroes.juntadeandalucia.es\/cepermontilla\/wp-json\/wp\/v2\/comments?post=299"}],"version-history":[{"count":23,"href":"https:\/\/blogsaverroes.juntadeandalucia.es\/cepermontilla\/wp-json\/wp\/v2\/pages\/299\/revisions"}],"predecessor-version":[{"id":2429,"href":"https:\/\/blogsaverroes.juntadeandalucia.es\/cepermontilla\/wp-json\/wp\/v2\/pages\/299\/revisions\/2429"}],"wp:featuredmedia":[{"embeddable":true,"href":"https:\/\/blogsaverroes.juntadeandalucia.es\/cepermontilla\/wp-json\/wp\/v2\/media\/346"}],"wp:attachment":[{"href":"https:\/\/blogsaverroes.juntadeandalucia.es\/cepermontilla\/wp-json\/wp\/v2\/media?parent=299"}],"curies":[{"name":"wp","href":"https:\/\/api.w.org\/{rel}","templated":true}]}}