{"id":166,"date":"2015-03-17T07:53:12","date_gmt":"2015-03-17T07:53:12","guid":{"rendered":"http:\/\/blogsaverroes.juntadeandalucia.es\/pre\/ceip\/?page_id=166"},"modified":"2021-01-19T18:42:05","modified_gmt":"2021-01-19T18:42:05","slug":"taeeso","status":"publish","type":"page","link":"https:\/\/blogsaverroes.juntadeandalucia.es\/ceperpedrodeescavias\/taeeso\/","title":{"rendered":"\ud83c\udf93 Tutor\u00eda de apoyo al estudio ESO"},"content":{"rendered":"<p><img loading=\"lazy\" decoding=\"async\" class=\"alignnone size-full wp-image-3554\" src=\"https:\/\/blogsaverroes.juntadeandalucia.es\/ceperpedrodeescavias\/files\/2020\/11\/unnamed.jpg\" alt=\"\" width=\"512\" height=\"282\" srcset=\"https:\/\/blogsaverroes.juntadeandalucia.es\/ceperpedrodeescavias\/files\/2020\/11\/unnamed.jpg 512w, https:\/\/blogsaverroes.juntadeandalucia.es\/ceperpedrodeescavias\/files\/2020\/11\/unnamed-300x165.jpg 300w, https:\/\/blogsaverroes.juntadeandalucia.es\/ceperpedrodeescavias\/files\/2020\/11\/unnamed-24x13.jpg 24w, https:\/\/blogsaverroes.juntadeandalucia.es\/ceperpedrodeescavias\/files\/2020\/11\/unnamed-36x20.jpg 36w, https:\/\/blogsaverroes.juntadeandalucia.es\/ceperpedrodeescavias\/files\/2020\/11\/unnamed-48x26.jpg 48w\" sizes=\"(max-width: 512px) 100vw, 512px\" \/><\/p>\n<p>\u00bfTuviste que dejar los estudios para ayudar en casa?<\/p>\n<p>\u00bfEras un adolescente rebelde y estudiar no era lo tuyo?<\/p>\n<p>\u00bfTe has dado cuenta de que que te exigen el t\u00edtulo de ESO hasta para salir a la calle?<\/p>\n<p>Si la respuesta es SI, \u00a1est\u00e1s en el lugar indicado!<\/p>\n<p>En el CEPER \u201cPedro de Escavias\u201d te ayudaremos a conseguir tu t\u00edtulo en ESO e intentaremos motivarte para que despu\u00e9s sigas estudiando, porque&#8230;<\/p>\n<h2 style=\"text-align: center\"><span style=\"color: #0000ff\"><strong>\u201cAprender no tiene edad\u201d<\/strong><\/span><\/h2>\n<p>&nbsp;<\/p>\n<p>El plan de \u00abTutor\u00eda de apoyo al estudio en ESO\u00bb se imparte en el centro en colaboraci\u00f3n con el IES Nuestra Se\u00f1ora de la Cabeza.<\/p>\n<p>En este plan la ense\u00f1anza se divide en 3 \u00e1mbitos:<\/p>\n<ul>\n<li>Cient\u00edfico &#8211; Tecnol\u00f3gico: Abarca matem\u00e1ticas, ciencias naturales, f\u00edsica, qu\u00edmica, inform\u00e1tica&#8230;<\/li>\n<li>Comunicaci\u00f3n: Incluye Lengua e Ingl\u00e9s.<\/li>\n<li>Social: Historia, geograf\u00eda, geolog\u00eda b\u00e1sica&#8230;<\/li>\n<\/ul>\n<p>En este plan existen dos niveles:<\/p>\n<ul>\n<li>Nivel I: Equivale a 1\u00ba y 2\u00ba de la ESO<\/li>\n<li>Nivel II: Equivale a 3\u00ba y 4\u00ba de la ESO.<\/li>\n<\/ul>\n<p>Los <span style=\"color: #ff0000\"><strong>requisitos<\/strong> para acceder directamente a <strong>Nivel II<\/strong><\/span> son:<\/p>\n<ul>\n<li>T\u00edtulaci\u00f3n en EGB.<\/li>\n<li>Cursos 1\u00ba y 2\u00ba de la ESO aprobados.<\/li>\n<li>Tener alguno de los 3 \u00e1mbitos aprobados, ya sea de cursos anteriores o en la Prueba Libre.<\/li>\n<li>Superaci\u00f3n de la Prueba VIA.<\/li>\n<\/ul>\n<p>Aqu\u00ed tienes los enlaces donde puedes ver los <strong>temarios<\/strong> digitalizados, tanto del Nivel I, como de Nivel II<\/p>\n<ul>\n<li><a href=\"https:\/\/blogsaverroes.juntadeandalucia.es\/ceperpedrodeescavias\/%f0%9f%a7%ac-cientifico-tecnologico\/\">Cient\u00edfico &#8211; Tecnol\u00f3gico<\/a><\/li>\n<li><a href=\"https:\/\/blogsaverroes.juntadeandalucia.es\/ceperpedrodeescavias\/%f0%9f%93%9a-comunicacion-lengua\/\">Comunicaci\u00f3n &#8211; Lengua<\/a><\/li>\n<li><a href=\"https:\/\/blogsaverroes.juntadeandalucia.es\/ceperpedrodeescavias\/%f0%9f%87%ac%f0%9f%87%a7-comunicacion-ingles\/\">Comunicaci\u00f3n &#8211; Ingl\u00e9s<\/a><\/li>\n<li><a href=\"https:\/\/blogsaverroes.juntadeandalucia.es\/ceperpedrodeescavias\/%f0%9f%8c%8d-social\/\">Social<\/a><\/li>\n<\/ul>\n","protected":false},"excerpt":{"rendered":"<p>\u00bfTuviste que dejar los estudios para ayudar en casa? \u00bfEras un adolescente rebelde y estudiar no era lo tuyo? \u00bfTe has dado cuenta de que que te exigen el t\u00edtulo de ESO hasta para&#46;&#46;&#46;<\/p>\n","protected":false},"author":1,"featured_media":0,"parent":0,"menu_order":0,"comment_status":"open","ping_status":"open","template":"","meta":{"ngg_post_thumbnail":0,"footnotes":"","_mc_calendar":[]},"aioseo_notices":[],"_links":{"self":[{"href":"https:\/\/blogsaverroes.juntadeandalucia.es\/ceperpedrodeescavias\/wp-json\/wp\/v2\/pages\/166"}],"collection":[{"href":"https:\/\/blogsaverroes.juntadeandalucia.es\/ceperpedrodeescavias\/wp-json\/wp\/v2\/pages"}],"about":[{"href":"https:\/\/blogsaverroes.juntadeandalucia.es\/ceperpedrodeescavias\/wp-json\/wp\/v2\/types\/page"}],"author":[{"embeddable":true,"href":"https:\/\/blogsaverroes.juntadeandalucia.es\/ceperpedrodeescavias\/wp-json\/wp\/v2\/users\/1"}],"replies":[{"embeddable":true,"href":"https:\/\/blogsaverroes.juntadeandalucia.es\/ceperpedrodeescavias\/wp-json\/wp\/v2\/comments?post=166"}],"version-history":[{"count":18,"href":"https:\/\/blogsaverroes.juntadeandalucia.es\/ceperpedrodeescavias\/wp-json\/wp\/v2\/pages\/166\/revisions"}],"predecessor-version":[{"id":3346,"href":"https:\/\/blogsaverroes.juntadeandalucia.es\/ceperpedrodeescavias\/wp-json\/wp\/v2\/pages\/166\/revisions\/3346"}],"wp:attachment":[{"href":"https:\/\/blogsaverroes.juntadeandalucia.es\/ceperpedrodeescavias\/wp-json\/wp\/v2\/media?parent=166"}],"curies":[{"name":"wp","href":"https:\/\/api.w.org\/{rel}","templated":true}]}}