{"id":3236,"date":"2020-10-28T10:31:47","date_gmt":"2020-10-28T10:31:47","guid":{"rendered":"https:\/\/blogsaverroes.juntadeandalucia.es\/ceperpedrodeescavias\/?page_id=3236"},"modified":"2020-10-31T21:48:37","modified_gmt":"2020-10-31T21:48:37","slug":"obtener-usuario-y-contrasena-moodle","status":"publish","type":"page","link":"https:\/\/blogsaverroes.juntadeandalucia.es\/ceperpedrodeescavias\/obtener-usuario-y-contrasena-moodle\/","title":{"rendered":"\ud83d\udc64 Obtener usuario y contrase\u00f1a Moodle"},"content":{"rendered":"<p style=\"text-align: justify\">Para obtener un usuario y contrase\u00f1a para acceder a Moodle, debes estar matriculado en nuestro centro.<\/p>\n<p style=\"text-align: justify\">Ten en cuenta, que si ya utilizas la aplicaci\u00f3n iPasen, el usuario y la contrase\u00f1a ser\u00e1n los mismos.<\/p>\n<p style=\"text-align: justify\">Si a\u00fan no lo tienes, solo debes dirigirte al siguiente enlace y pulsar en la opci\u00f3n \u00abNo tengo acceso\u00bb.<\/p>\n<p><a href=\"https:\/\/blogsaverroes.juntadeandalucia.es\/ceperpedrodeescavias\/files\/2020\/10\/Captura-de-pantalla-2020-10-28-a-las-11.43.38.png\"><img loading=\"lazy\" decoding=\"async\" class=\"alignnone size-full wp-image-3246\" src=\"https:\/\/blogsaverroes.juntadeandalucia.es\/ceperpedrodeescavias\/files\/2020\/10\/Captura-de-pantalla-2020-10-28-a-las-11.43.38.png\" alt=\"\" width=\"1008\" height=\"446\" srcset=\"https:\/\/blogsaverroes.juntadeandalucia.es\/ceperpedrodeescavias\/files\/2020\/10\/Captura-de-pantalla-2020-10-28-a-las-11.43.38.png 1008w, https:\/\/blogsaverroes.juntadeandalucia.es\/ceperpedrodeescavias\/files\/2020\/10\/Captura-de-pantalla-2020-10-28-a-las-11.43.38-300x133.png 300w, https:\/\/blogsaverroes.juntadeandalucia.es\/ceperpedrodeescavias\/files\/2020\/10\/Captura-de-pantalla-2020-10-28-a-las-11.43.38-768x340.png 768w, https:\/\/blogsaverroes.juntadeandalucia.es\/ceperpedrodeescavias\/files\/2020\/10\/Captura-de-pantalla-2020-10-28-a-las-11.43.38-24x11.png 24w, https:\/\/blogsaverroes.juntadeandalucia.es\/ceperpedrodeescavias\/files\/2020\/10\/Captura-de-pantalla-2020-10-28-a-las-11.43.38-36x16.png 36w, https:\/\/blogsaverroes.juntadeandalucia.es\/ceperpedrodeescavias\/files\/2020\/10\/Captura-de-pantalla-2020-10-28-a-las-11.43.38-48x21.png 48w\" sizes=\"(max-width: 1008px) 100vw, 1008px\" \/><\/a><\/p>\n<p>&nbsp;<\/p>\n<p style=\"text-align: justify\">A continuaci\u00f3n debes introducir los datos solicitados y recibir\u00e1s un SMS con tu usuario y contrase\u00f1a.<\/p>\n<p>Aqu\u00ed tienes el enlace para acceder a la p\u00e1gina:<\/p>\n<p style=\"text-align: justify\"><a href=\"https:\/\/www.juntadeandalucia.es\/educacion\/portalseneca\/web\/pasen\/inicio\">Obtener usuario y contrase\u00f1a<\/a><\/p>\n<p>&nbsp;<\/p>\n<p>&nbsp;<\/p>\n","protected":false},"excerpt":{"rendered":"<p>Para obtener un usuario y contrase\u00f1a para acceder a Moodle, debes estar matriculado en nuestro centro. Ten en cuenta, que si ya utilizas la aplicaci\u00f3n iPasen, el usuario y la contrase\u00f1a ser\u00e1n los mismos.&#46;&#46;&#46;<\/p>\n","protected":false},"author":9142,"featured_media":0,"parent":0,"menu_order":0,"comment_status":"closed","ping_status":"closed","template":"","meta":{"ngg_post_thumbnail":0,"footnotes":"","_mc_calendar":[]},"aioseo_notices":[],"_links":{"self":[{"href":"https:\/\/blogsaverroes.juntadeandalucia.es\/ceperpedrodeescavias\/wp-json\/wp\/v2\/pages\/3236"}],"collection":[{"href":"https:\/\/blogsaverroes.juntadeandalucia.es\/ceperpedrodeescavias\/wp-json\/wp\/v2\/pages"}],"about":[{"href":"https:\/\/blogsaverroes.juntadeandalucia.es\/ceperpedrodeescavias\/wp-json\/wp\/v2\/types\/page"}],"author":[{"embeddable":true,"href":"https:\/\/blogsaverroes.juntadeandalucia.es\/ceperpedrodeescavias\/wp-json\/wp\/v2\/users\/9142"}],"replies":[{"embeddable":true,"href":"https:\/\/blogsaverroes.juntadeandalucia.es\/ceperpedrodeescavias\/wp-json\/wp\/v2\/comments?post=3236"}],"version-history":[{"count":5,"href":"https:\/\/blogsaverroes.juntadeandalucia.es\/ceperpedrodeescavias\/wp-json\/wp\/v2\/pages\/3236\/revisions"}],"predecessor-version":[{"id":3432,"href":"https:\/\/blogsaverroes.juntadeandalucia.es\/ceperpedrodeescavias\/wp-json\/wp\/v2\/pages\/3236\/revisions\/3432"}],"wp:attachment":[{"href":"https:\/\/blogsaverroes.juntadeandalucia.es\/ceperpedrodeescavias\/wp-json\/wp\/v2\/media?parent=3236"}],"curies":[{"name":"wp","href":"https:\/\/api.w.org\/{rel}","templated":true}]}}