{"id":3608,"date":"2020-11-04T16:46:30","date_gmt":"2020-11-04T16:46:30","guid":{"rendered":"https:\/\/blogsaverroes.juntadeandalucia.es\/ceperpedrodeescavias\/?page_id=3608"},"modified":"2025-04-23T11:18:01","modified_gmt":"2025-04-23T09:18:01","slug":"raquel-barrios","status":"publish","type":"page","link":"https:\/\/blogsaverroes.juntadeandalucia.es\/ceperpedrodeescavias\/raquel-barrios\/","title":{"rendered":"Raquel Barrios"},"content":{"rendered":"<p><a href=\"https:\/\/blogsaverroes.juntadeandalucia.es\/ceperpedrodeescavias\/files\/2020\/11\/Captura-de-pantalla-2020-11-25-a-las-18.18.37.png\"><img loading=\"lazy\" decoding=\"async\" class=\"wp-image-3933 aligncenter\" src=\"https:\/\/blogsaverroes.juntadeandalucia.es\/ceperpedrodeescavias\/files\/2020\/11\/Captura-de-pantalla-2020-11-25-a-las-18.18.37.png\" alt=\"\" width=\"193\" height=\"217\" srcset=\"https:\/\/blogsaverroes.juntadeandalucia.es\/ceperpedrodeescavias\/files\/2020\/11\/Captura-de-pantalla-2020-11-25-a-las-18.18.37.png 634w, https:\/\/blogsaverroes.juntadeandalucia.es\/ceperpedrodeescavias\/files\/2020\/11\/Captura-de-pantalla-2020-11-25-a-las-18.18.37-266x300.png 266w, https:\/\/blogsaverroes.juntadeandalucia.es\/ceperpedrodeescavias\/files\/2020\/11\/Captura-de-pantalla-2020-11-25-a-las-18.18.37-21x24.png 21w, https:\/\/blogsaverroes.juntadeandalucia.es\/ceperpedrodeescavias\/files\/2020\/11\/Captura-de-pantalla-2020-11-25-a-las-18.18.37-32x36.png 32w, https:\/\/blogsaverroes.juntadeandalucia.es\/ceperpedrodeescavias\/files\/2020\/11\/Captura-de-pantalla-2020-11-25-a-las-18.18.37-43x48.png 43w\" sizes=\"(max-width: 193px) 100vw, 193px\" \/><\/a><\/p>\n<p>Trabajando como maestra desde el a\u00f1o 2004. Lleg\u00f3 al CEPer Pedro de Escavias en el a\u00f1o 2015.&nbsp;<\/p>\n<p><span style=\"font-size: 1rem\">Es especialista en lengua extranjera: Ingl\u00e9s. En la act<\/span><span style=\"font-size: 1rem\">ualidad es coordinadora del Plan <\/span><span style=\"font-size: 1rem\">de Transformaci\u00f3n Digital Educativa.<\/span><\/p>\n<p>Imparte las clases de:<\/p>\n<ul>\n<li>Uso b\u00e1sico de Tecnolog\u00edas de la Informaci\u00f3n&nbsp; y la Comunicaci\u00f3n<\/li>\n<li>Conocimiento y conservaci\u00f3n del Patrimonio cultural andaluz<\/li>\n<li>Uso b\u00e1sico de idiomas: Ingl\u00e9s<\/li>\n<li>Formaci\u00f3n b\u00e1sica.<\/li>\n<\/ul>\n<p>Correo electr\u00f3nico: rbarmud784@g.educaand.es<\/p>\n","protected":false},"excerpt":{"rendered":"<p>Trabajando como maestra desde el a\u00f1o 2004. Lleg\u00f3 al CEPer Pedro de Escavias en el a\u00f1o 2015.&nbsp; Es especialista en lengua extranjera: Ingl\u00e9s. En la actualidad es coordinadora del Plan de Transformaci\u00f3n Digital Educativa.&#46;&#46;&#46;<\/p>\n","protected":false},"author":9142,"featured_media":0,"parent":0,"menu_order":0,"comment_status":"closed","ping_status":"closed","template":"","meta":{"ngg_post_thumbnail":0,"footnotes":"","_mc_calendar":[]},"aioseo_notices":[],"_links":{"self":[{"href":"https:\/\/blogsaverroes.juntadeandalucia.es\/ceperpedrodeescavias\/wp-json\/wp\/v2\/pages\/3608"}],"collection":[{"href":"https:\/\/blogsaverroes.juntadeandalucia.es\/ceperpedrodeescavias\/wp-json\/wp\/v2\/pages"}],"about":[{"href":"https:\/\/blogsaverroes.juntadeandalucia.es\/ceperpedrodeescavias\/wp-json\/wp\/v2\/types\/page"}],"author":[{"embeddable":true,"href":"https:\/\/blogsaverroes.juntadeandalucia.es\/ceperpedrodeescavias\/wp-json\/wp\/v2\/users\/9142"}],"replies":[{"embeddable":true,"href":"https:\/\/blogsaverroes.juntadeandalucia.es\/ceperpedrodeescavias\/wp-json\/wp\/v2\/comments?post=3608"}],"version-history":[{"count":9,"href":"https:\/\/blogsaverroes.juntadeandalucia.es\/ceperpedrodeescavias\/wp-json\/wp\/v2\/pages\/3608\/revisions"}],"predecessor-version":[{"id":8941,"href":"https:\/\/blogsaverroes.juntadeandalucia.es\/ceperpedrodeescavias\/wp-json\/wp\/v2\/pages\/3608\/revisions\/8941"}],"wp:attachment":[{"href":"https:\/\/blogsaverroes.juntadeandalucia.es\/ceperpedrodeescavias\/wp-json\/wp\/v2\/media?parent=3608"}],"curies":[{"name":"wp","href":"https:\/\/api.w.org\/{rel}","templated":true}]}}

<p><a href="https://blogsaverroes.juntadeandalucia.es/ceperpedrodeescavias/files/2020/11/Captura-de-pantalla-2020-11-25-a-las-18.18.37.png"><img loading="lazy" decoding="async" class="wp-image-3933 aligncenter" src="https://blogsaverroes.juntadeandalucia.es/ceperpedrodeescavias/files/2020/11/Captura-de-pantalla-2020-11-25-a-las-18.18.37.png" alt="" width="193" height="217" srcset="https://blogsaverroes.juntadeandalucia.es/ceperpedrodeescavias/files/2020/11/Captura-de-pantalla-2020-11-25-a-las-18.18.37.png 634w, https://blogsaverroes.juntadeandalucia.es/ceperpedrodeescavias/files/2020/11/Captura-de-pantalla-2020-11-25-a-las-18.18.37-266x300.png 266w, https://blogsaverroes.juntadeandalucia.es/ceperpedrodeescavias/files/2020/11/Captura-de-pantalla-2020-11-25-a-las-18.18.37-21x24.png 21w, https://blogsaverroes.juntadeandalucia.es/ceperpedrodeescavias/files/2020/11/Captura-de-pantalla-2020-11-25-a-las-18.18.37-32x36.png 32w, https://blogsaverroes.juntadeandalucia.es/ceperpedrodeescavias/files/2020/11/Captura-de-pantalla-2020-11-25-a-las-18.18.37-43x48.png 43w" sizes="(max-width: 193px) 100vw, 193px" /></a></p>
<p>Trabajando como maestra desde el año 2004. Llegó al CEPer Pedro de Escavias en el año 2015.&nbsp;</p>
<p><span style="font-size: 1rem">Es especialista en lengua extranjera: Inglés. En la act</span><span style="font-size: 1rem">ualidad es coordinadora del Plan </span><span style="font-size: 1rem">de Transformación Digital Educativa.</span></p>
<p>Imparte las clases de:</p>
<ul>
<li>Uso básico de Tecnologías de la Información&nbsp; y la Comunicación</li>
<li>Conocimiento y conservación del Patrimonio cultural andaluz</li>
<li>Uso básico de idiomas: Inglés</li>
<li>Formación básica.</li>
</ul>
<p>Correo electrónico: rbarmud784@g.educaand.es</p>

<p>Trabajando como maestra desde el año 2004. Llegó al CEPer Pedro de Escavias en el año 2015.&nbsp; Es especialista en lengua extranjera: Inglés. En la actualidad es coordinadora del Plan de Transformación Digital Educativa.&#46;&#46;&#46;</p>
