{"id":3627,"date":"2020-11-04T17:34:13","date_gmt":"2020-11-04T17:34:13","guid":{"rendered":"https:\/\/blogsaverroes.juntadeandalucia.es\/ceperpedrodeescavias\/?page_id=3627"},"modified":"2025-04-23T11:27:09","modified_gmt":"2025-04-23T09:27:09","slug":"cecilia-chamorro","status":"publish","type":"page","link":"https:\/\/blogsaverroes.juntadeandalucia.es\/ceperpedrodeescavias\/cecilia-chamorro\/","title":{"rendered":"Mar\u00eda Dolores Soriano"},"content":{"rendered":"<p><a href=\"https:\/\/blogsaverroes.juntadeandalucia.es\/ceperpedrodeescavias\/files\/2025\/04\/47c488a7-e344-43d6-99a7-af701145a591.jpeg\"><img loading=\"lazy\" decoding=\"async\" class=\"wp-image-8935 aligncenter\" src=\"https:\/\/blogsaverroes.juntadeandalucia.es\/ceperpedrodeescavias\/files\/2025\/04\/47c488a7-e344-43d6-99a7-af701145a591-300x282.jpeg\" alt=\"\" width=\"173\" height=\"163\" srcset=\"https:\/\/blogsaverroes.juntadeandalucia.es\/ceperpedrodeescavias\/files\/2025\/04\/47c488a7-e344-43d6-99a7-af701145a591-300x282.jpeg 300w, https:\/\/blogsaverroes.juntadeandalucia.es\/ceperpedrodeescavias\/files\/2025\/04\/47c488a7-e344-43d6-99a7-af701145a591-1024x963.jpeg 1024w, https:\/\/blogsaverroes.juntadeandalucia.es\/ceperpedrodeescavias\/files\/2025\/04\/47c488a7-e344-43d6-99a7-af701145a591-768x722.jpeg 768w, https:\/\/blogsaverroes.juntadeandalucia.es\/ceperpedrodeescavias\/files\/2025\/04\/47c488a7-e344-43d6-99a7-af701145a591.jpeg 1217w\" sizes=\"(max-width: 173px) 100vw, 173px\" \/><\/a><\/p>\n<p style=\"text-align: justify\">Trabajando como maestra desde el a\u00f1o 1995. Lleg\u00f3 al CEPer Pedro de Escavias en el a\u00f1o 2019.&nbsp;<\/p>\n<p style=\"text-align: justify\">En la actualidad desempe\u00f1a el cargo de jefa de estudios del CEper y de las SEper de la zona.&nbsp;<\/p>\n<p style=\"text-align: justify\">Imparte las clases de:<\/p>\n<ul>\n<li style=\"text-align: justify\">\u00c1mbito Cient\u00edfico Tecnol\u00f3gico en Tutor\u00eda de apoyo al estudio ESO.<\/li>\n<li style=\"text-align: justify\">H\u00e1bitos de Vida Saludable<\/li>\n<li style=\"text-align: justify\">Conocimiento y conservaci\u00f3n del Patrimonio cultural andaluz<\/li>\n<li>Uso B\u00e1sico de Tecnolog\u00edas de la Informaci\u00f3n y la Comunicaci\u00f3n.<\/li>\n<\/ul>\n<p>Correo electr\u00f3nico:&nbsp;<a href=\"msorgon905@g.educaand.es\">msorgon905@g.educaand.es<\/a><\/p>\n<p>&nbsp;<\/p>\n","protected":false},"excerpt":{"rendered":"<p>Trabajando como maestra desde el a\u00f1o 1995. Lleg\u00f3 al CEPer Pedro de Escavias en el a\u00f1o 2019.&nbsp; En la actualidad desempe\u00f1a el cargo de jefa de estudios del CEper y de las SEper de&#46;&#46;&#46;<\/p>\n","protected":false},"author":9142,"featured_media":0,"parent":0,"menu_order":0,"comment_status":"closed","ping_status":"closed","template":"","meta":{"ngg_post_thumbnail":0,"footnotes":"","_mc_calendar":[]},"aioseo_notices":[],"_links":{"self":[{"href":"https:\/\/blogsaverroes.juntadeandalucia.es\/ceperpedrodeescavias\/wp-json\/wp\/v2\/pages\/3627"}],"collection":[{"href":"https:\/\/blogsaverroes.juntadeandalucia.es\/ceperpedrodeescavias\/wp-json\/wp\/v2\/pages"}],"about":[{"href":"https:\/\/blogsaverroes.juntadeandalucia.es\/ceperpedrodeescavias\/wp-json\/wp\/v2\/types\/page"}],"author":[{"embeddable":true,"href":"https:\/\/blogsaverroes.juntadeandalucia.es\/ceperpedrodeescavias\/wp-json\/wp\/v2\/users\/9142"}],"replies":[{"embeddable":true,"href":"https:\/\/blogsaverroes.juntadeandalucia.es\/ceperpedrodeescavias\/wp-json\/wp\/v2\/comments?post=3627"}],"version-history":[{"count":6,"href":"https:\/\/blogsaverroes.juntadeandalucia.es\/ceperpedrodeescavias\/wp-json\/wp\/v2\/pages\/3627\/revisions"}],"predecessor-version":[{"id":8943,"href":"https:\/\/blogsaverroes.juntadeandalucia.es\/ceperpedrodeescavias\/wp-json\/wp\/v2\/pages\/3627\/revisions\/8943"}],"wp:attachment":[{"href":"https:\/\/blogsaverroes.juntadeandalucia.es\/ceperpedrodeescavias\/wp-json\/wp\/v2\/media?parent=3627"}],"curies":[{"name":"wp","href":"https:\/\/api.w.org\/{rel}","templated":true}]}}