{"id":3780,"date":"2020-11-14T15:28:26","date_gmt":"2020-11-14T15:28:26","guid":{"rendered":"https:\/\/blogsaverroes.juntadeandalucia.es\/ceperpedrodeescavias\/?page_id=3780"},"modified":"2025-04-12T11:50:09","modified_gmt":"2025-04-12T09:50:09","slug":"porcuna","status":"publish","type":"page","link":"https:\/\/blogsaverroes.juntadeandalucia.es\/ceperpedrodeescavias\/porcuna\/","title":{"rendered":"Porcuna"},"content":{"rendered":"<h2 style=\"text-align: center\"><strong>SEPer \u00abMolinillo Viejo\u00bb<\/strong><\/h2>\n<p><a href=\"https:\/\/blogsaverroes.juntadeandalucia.es\/molinilloviejo\/\">https:\/\/blogsaverroes.juntadeandalucia.es\/molinilloviejo\/<\/a><\/p>\n<p><a href=\"https:\/\/blogsaverroes.juntadeandalucia.es\/ceperpedrodeescavias\/files\/2020\/11\/Captura-de-pantalla-2020-11-25-a-las-20.40.59.png\"><img loading=\"lazy\" decoding=\"async\" class=\"alignnone size-full wp-image-3941\" src=\"https:\/\/blogsaverroes.juntadeandalucia.es\/ceperpedrodeescavias\/files\/2020\/11\/Captura-de-pantalla-2020-11-25-a-las-20.40.59.png\" alt=\"\" width=\"1278\" height=\"450\" srcset=\"https:\/\/blogsaverroes.juntadeandalucia.es\/ceperpedrodeescavias\/files\/2020\/11\/Captura-de-pantalla-2020-11-25-a-las-20.40.59.png 1278w, https:\/\/blogsaverroes.juntadeandalucia.es\/ceperpedrodeescavias\/files\/2020\/11\/Captura-de-pantalla-2020-11-25-a-las-20.40.59-300x106.png 300w, https:\/\/blogsaverroes.juntadeandalucia.es\/ceperpedrodeescavias\/files\/2020\/11\/Captura-de-pantalla-2020-11-25-a-las-20.40.59-1024x361.png 1024w, https:\/\/blogsaverroes.juntadeandalucia.es\/ceperpedrodeescavias\/files\/2020\/11\/Captura-de-pantalla-2020-11-25-a-las-20.40.59-768x270.png 768w, https:\/\/blogsaverroes.juntadeandalucia.es\/ceperpedrodeescavias\/files\/2020\/11\/Captura-de-pantalla-2020-11-25-a-las-20.40.59-24x8.png 24w, https:\/\/blogsaverroes.juntadeandalucia.es\/ceperpedrodeescavias\/files\/2020\/11\/Captura-de-pantalla-2020-11-25-a-las-20.40.59-36x13.png 36w, https:\/\/blogsaverroes.juntadeandalucia.es\/ceperpedrodeescavias\/files\/2020\/11\/Captura-de-pantalla-2020-11-25-a-las-20.40.59-48x17.png 48w\" sizes=\"(max-width: 1278px) 100vw, 1278px\" \/><\/a><\/p>\n<p><a href=\"https:\/\/blogsaverroes.juntadeandalucia.es\/ceperpedrodeescavias\/files\/2020\/11\/DSC_0006.jpeg\"><img loading=\"lazy\" decoding=\"async\" class=\"alignnone size-full wp-image-3792\" src=\"https:\/\/blogsaverroes.juntadeandalucia.es\/ceperpedrodeescavias\/files\/2020\/11\/DSC_0006.jpeg\" alt=\"\" width=\"1600\" height=\"1071\" srcset=\"https:\/\/blogsaverroes.juntadeandalucia.es\/ceperpedrodeescavias\/files\/2020\/11\/DSC_0006.jpeg 1600w, https:\/\/blogsaverroes.juntadeandalucia.es\/ceperpedrodeescavias\/files\/2020\/11\/DSC_0006-300x201.jpeg 300w, https:\/\/blogsaverroes.juntadeandalucia.es\/ceperpedrodeescavias\/files\/2020\/11\/DSC_0006-1024x685.jpeg 1024w, https:\/\/blogsaverroes.juntadeandalucia.es\/ceperpedrodeescavias\/files\/2020\/11\/DSC_0006-768x514.jpeg 768w, https:\/\/blogsaverroes.juntadeandalucia.es\/ceperpedrodeescavias\/files\/2020\/11\/DSC_0006-1536x1028.jpeg 1536w, https:\/\/blogsaverroes.juntadeandalucia.es\/ceperpedrodeescavias\/files\/2020\/11\/DSC_0006-24x16.jpeg 24w, https:\/\/blogsaverroes.juntadeandalucia.es\/ceperpedrodeescavias\/files\/2020\/11\/DSC_0006-36x24.jpeg 36w, https:\/\/blogsaverroes.juntadeandalucia.es\/ceperpedrodeescavias\/files\/2020\/11\/DSC_0006-48x32.jpeg 48w\" sizes=\"(max-width: 1600px) 100vw, 1600px\" \/><\/a><\/p>\n<p>C\u00f3digo del Centro: 23500565<\/p>\n<p>Direcci\u00f3n: c\/ Alf\u00e9rez Joaqu\u00edn L\u00f3pez Ramos s\/n 23790, Porcuna, Ja\u00e9n<\/p>\n<p>[googlemaps https:\/\/www.google.com\/maps\/embed?pb=!1m17!1m8!1m3!1d12597.890235288867!2d-4.1917459!3d37.87263!3m2!1i1024!2i768!4f13.1!4m6!3e0!4m0!4m3!3m2!1d37.8729727!2d-4.1862318!5e0!3m2!1ses!2ses!4v1605369449788!5m2!1ses!2ses&amp;w=600&amp;h=450]<\/p>\n<p>Tel\u00e9fono: <a href=\"tel:953539561\">953539561<\/a><\/p>\n<p>Correo electr\u00f3nico:&nbsp; <a href=\"mailto:23500565.edu@juntadeandalucia.es\">23500565.edu@juntadeandalucia.es<\/a><\/p>\n<p>Web: <a href=\"https:\/\/blogsaverroes.juntadeandalucia.es\/molinilloviejo\/\">https:\/\/blogsaverroes.juntadeandalucia.es\/molinilloviejo\/<\/a><\/p>\n<p><strong>Horario de atenci\u00f3n al p\u00fablico:<\/strong><\/p>\n<ul>\n<li>Lunes : 9:00 &#8211; 14:00 y 16:00 \u2013 21.00<\/li>\n<li>Martes: 16:00 \u2013 21.00<\/li>\n<li>Mi\u00e9rcoles: 16:00 \u2013 21.30<\/li>\n<li>Jueves: 16:00 \u2013 21.30<\/li>\n<li>Viernes: 9:00 \u2013 14:00<\/li>\n<\/ul>\n<p><strong>Planes que se imparten:<\/strong><\/p>\n<div class=\"page\" title=\"Page 2\">\n<div class=\"layoutArea\">\n<div class=\"column\">\n<ul>\n<li><a href=\"https:\/\/blogsaverroes.juntadeandalucia.es\/ceperpedrodeescavias\/patrimonio\/\">Conocimiento y Conservaci\u00f3n del Patrimonio Cultural y Medio Ambiente de Andaluc\u00eda.<\/a><\/li>\n<li><a href=\"https:\/\/blogsaverroes.juntadeandalucia.es\/ceperpedrodeescavias\/acceso\/\">Acceso a la Universidad para mayores de 45 a\u00f1os<\/a><\/li>\n<li><a href=\"https:\/\/blogsaverroes.juntadeandalucia.es\/ceperpedrodeescavias\/\ud83d\udcbb-uso-basico-de-las-tic\/\">Inform\u00e1tica<\/a><\/li>\n<li><a href=\"https:\/\/blogsaverroes.juntadeandalucia.es\/ceperpedrodeescavias\/\ud83c\uddec\ud83c\udde7-uso-basico-de-idiomas-ingles\/\">Ingl\u00e9s<\/a><\/li>\n<li>H\u00e1bitos de vida saludable<\/li>\n<li>Prueba libre para T\u00edtulo de la ESO<\/li>\n<\/ul>\n<\/div>\n<\/div>\n<\/div>\n","protected":false},"excerpt":{"rendered":"<p>SEPer \u00abMolinillo Viejo\u00bb https:\/\/blogsaverroes.juntadeandalucia.es\/molinilloviejo\/ C\u00f3digo del Centro: 23500565 Direcci\u00f3n: c\/ Alf\u00e9rez Joaqu\u00edn L\u00f3pez Ramos s\/n 23790, Porcuna, Ja\u00e9n [googlemaps https:\/\/www.google.com\/maps\/embed?pb=!1m17!1m8!1m3!1d12597.890235288867!2d-4.1917459!3d37.87263!3m2!1i1024!2i768!4f13.1!4m6!3e0!4m0!4m3!3m2!1d37.8729727!2d-4.1862318!5e0!3m2!1ses!2ses!4v1605369449788!5m2!1ses!2ses&amp;w=600&amp;h=450] Tel\u00e9fono: 953539561 Correo electr\u00f3nico:&nbsp; 23500565.edu@juntadeandalucia.es Web: https:\/\/blogsaverroes.juntadeandalucia.es\/molinilloviejo\/ Horario de atenci\u00f3n al p\u00fablico: Lunes :&#46;&#46;&#46;<\/p>\n","protected":false},"author":9142,"featured_media":0,"parent":0,"menu_order":0,"comment_status":"closed","ping_status":"closed","template":"","meta":{"ngg_post_thumbnail":0,"footnotes":"","_mc_calendar":[]},"aioseo_notices":[],"_links":{"self":[{"href":"https:\/\/blogsaverroes.juntadeandalucia.es\/ceperpedrodeescavias\/wp-json\/wp\/v2\/pages\/3780"}],"collection":[{"href":"https:\/\/blogsaverroes.juntadeandalucia.es\/ceperpedrodeescavias\/wp-json\/wp\/v2\/pages"}],"about":[{"href":"https:\/\/blogsaverroes.juntadeandalucia.es\/ceperpedrodeescavias\/wp-json\/wp\/v2\/types\/page"}],"author":[{"embeddable":true,"href":"https:\/\/blogsaverroes.juntadeandalucia.es\/ceperpedrodeescavias\/wp-json\/wp\/v2\/users\/9142"}],"replies":[{"embeddable":true,"href":"https:\/\/blogsaverroes.juntadeandalucia.es\/ceperpedrodeescavias\/wp-json\/wp\/v2\/comments?post=3780"}],"version-history":[{"count":8,"href":"https:\/\/blogsaverroes.juntadeandalucia.es\/ceperpedrodeescavias\/wp-json\/wp\/v2\/pages\/3780\/revisions"}],"predecessor-version":[{"id":8891,"href":"https:\/\/blogsaverroes.juntadeandalucia.es\/ceperpedrodeescavias\/wp-json\/wp\/v2\/pages\/3780\/revisions\/8891"}],"wp:attachment":[{"href":"https:\/\/blogsaverroes.juntadeandalucia.es\/ceperpedrodeescavias\/wp-json\/wp\/v2\/media?parent=3780"}],"curies":[{"name":"wp","href":"https:\/\/api.w.org\/{rel}","templated":true}]}}