{"id":9131,"date":"2025-04-24T16:15:13","date_gmt":"2025-04-24T14:15:13","guid":{"rendered":"https:\/\/blogsaverroes.juntadeandalucia.es\/ceperpedrodeescavias\/?page_id=9131"},"modified":"2025-04-29T17:48:46","modified_gmt":"2025-04-29T15:48:46","slug":"sobre-de-matricula","status":"publish","type":"page","link":"https:\/\/blogsaverroes.juntadeandalucia.es\/ceperpedrodeescavias\/sobre-de-matricula\/","title":{"rendered":"Sobre de matr\u00edcula"},"content":{"rendered":"<p>El impreso de matriculaci\u00f3n&nbsp; lo puedes descargar y entregarlo presencialmente en nuestro Centro.<\/p>\n<p>Tambi\u00e9n puedes rellenarlo y enviarlo a nuestro Centro siguiendo la siguiente ruta:&nbsp;<\/p>\n<p>Secretar\u00eda virtual de lo Centros educativos andaluces (enlace en la p\u00e1gina)- Solicitudes- Tr\u00e1mites generales-Presentaci\u00f3n electr\u00f3nica general en Centros Educativos- Acceder ( con certificado, clave idea, clave permanente, dni-e&#8230;)-nueva solicitud- rellena todos los datos que te piden- cuando llegues a Centro Educativo donde presenta su solicitud C\u00d6DIGO: 23500607, en la b\u00fasqueda aparecer\u00e1 Denominaci\u00f3n:\u00bbCEPER \u00abPedro de Escavias\u00bb. Localidad: And\u00fajar, Provincia: Ja\u00e9n. Contin\u00faa rellenando las dem\u00e1s casillas. Cuando te pide que adjuntes archivo, a\u00f1ade el impreso de matriculaci\u00f3n relleno.- Firmar y presentar solicitud.&nbsp;<\/p>\n<h3 class=\"panel-title\">CENTRO EDUCATIVO DONDE PRESENTA SU SOLICITUD<\/h3>\n<p><a href=\"https:\/\/www.juntadeandalucia.es\/educacion\/secretariavirtual\/solicitudes\/\">Acceso a tr\u00e1mite<\/a><\/p>\n<p><a href=\"https:\/\/blogsaverroes.juntadeandalucia.es\/ceperpedrodeescavias\/files\/2025\/04\/anexo_V_matric_Planes.pdf\">Descargar impreso de matriculaci\u00f3n<\/a><\/p>\n","protected":false},"excerpt":{"rendered":"<p>El impreso de matriculaci\u00f3n&nbsp; lo puedes descargar y entregarlo presencialmente en nuestro Centro. Tambi\u00e9n puedes rellenarlo y enviarlo a nuestro Centro siguiendo la siguiente ruta:&nbsp; Secretar\u00eda virtual de lo Centros educativos andaluces (enlace en&#46;&#46;&#46;<\/p>\n","protected":false},"author":6326,"featured_media":0,"parent":0,"menu_order":0,"comment_status":"closed","ping_status":"closed","template":"","meta":{"ngg_post_thumbnail":0,"footnotes":"","_mc_calendar":[]},"aioseo_notices":[],"_links":{"self":[{"href":"https:\/\/blogsaverroes.juntadeandalucia.es\/ceperpedrodeescavias\/wp-json\/wp\/v2\/pages\/9131"}],"collection":[{"href":"https:\/\/blogsaverroes.juntadeandalucia.es\/ceperpedrodeescavias\/wp-json\/wp\/v2\/pages"}],"about":[{"href":"https:\/\/blogsaverroes.juntadeandalucia.es\/ceperpedrodeescavias\/wp-json\/wp\/v2\/types\/page"}],"author":[{"embeddable":true,"href":"https:\/\/blogsaverroes.juntadeandalucia.es\/ceperpedrodeescavias\/wp-json\/wp\/v2\/users\/6326"}],"replies":[{"embeddable":true,"href":"https:\/\/blogsaverroes.juntadeandalucia.es\/ceperpedrodeescavias\/wp-json\/wp\/v2\/comments?post=9131"}],"version-history":[{"count":4,"href":"https:\/\/blogsaverroes.juntadeandalucia.es\/ceperpedrodeescavias\/wp-json\/wp\/v2\/pages\/9131\/revisions"}],"predecessor-version":[{"id":9137,"href":"https:\/\/blogsaverroes.juntadeandalucia.es\/ceperpedrodeescavias\/wp-json\/wp\/v2\/pages\/9131\/revisions\/9137"}],"wp:attachment":[{"href":"https:\/\/blogsaverroes.juntadeandalucia.es\/ceperpedrodeescavias\/wp-json\/wp\/v2\/media?parent=9131"}],"curies":[{"name":"wp","href":"https:\/\/api.w.org\/{rel}","templated":true}]}}