{"id":3132,"date":"2022-05-18T16:51:48","date_gmt":"2022-05-18T15:51:48","guid":{"rendered":"http:\/\/blogsaverroes.juntadeandalucia.es\/ceperpueblosblancos\/?page_id=3132"},"modified":"2022-05-18T16:51:48","modified_gmt":"2022-05-18T15:51:48","slug":"escritura-creativa-en-el-gastor","status":"publish","type":"page","link":"https:\/\/blogsaverroes.juntadeandalucia.es\/ceperpueblosblancos\/escritura-creativa-en-el-gastor\/","title":{"rendered":"Escritura Creativa en El Gastor"},"content":{"rendered":"<p>Este trimestre hemos trabajado la creaci\u00f3n de cuentos. Aqu\u00ed vemos a nuestros alumnos desarrollando la imaginaci\u00f3n y creatividad en el dise\u00f1o de los mismos.<\/p>\n<p><a href=\"https:\/\/blogsaverroes.juntadeandalucia.es\/ceperpueblosblancos\/files\/2022\/05\/WhatsApp-Image-2022-05-18-at-4.03.33-PM-1.jpeg\"><img loading=\"lazy\" decoding=\"async\" class=\"alignnone size-medium wp-image-3127\" src=\"https:\/\/blogsaverroes.juntadeandalucia.es\/ceperpueblosblancos\/files\/2022\/05\/WhatsApp-Image-2022-05-18-at-4.03.33-PM-1-135x300.jpeg\" alt=\"\" width=\"135\" height=\"300\" srcset=\"https:\/\/blogsaverroes.juntadeandalucia.es\/ceperpueblosblancos\/files\/2022\/05\/WhatsApp-Image-2022-05-18-at-4.03.33-PM-1-135x300.jpeg 135w, https:\/\/blogsaverroes.juntadeandalucia.es\/ceperpueblosblancos\/files\/2022\/05\/WhatsApp-Image-2022-05-18-at-4.03.33-PM-1-461x1024.jpeg 461w, https:\/\/blogsaverroes.juntadeandalucia.es\/ceperpueblosblancos\/files\/2022\/05\/WhatsApp-Image-2022-05-18-at-4.03.33-PM-1-691x1536.jpeg 691w, https:\/\/blogsaverroes.juntadeandalucia.es\/ceperpueblosblancos\/files\/2022\/05\/WhatsApp-Image-2022-05-18-at-4.03.33-PM-1.jpeg 720w\" sizes=\"(max-width: 135px) 100vw, 135px\" \/><\/a> <a href=\"https:\/\/blogsaverroes.juntadeandalucia.es\/ceperpueblosblancos\/files\/2022\/05\/WhatsApp-Image-2022-05-18-at-4.03.39-PM.jpeg\"><img loading=\"lazy\" decoding=\"async\" class=\"alignnone size-medium wp-image-3126\" src=\"https:\/\/blogsaverroes.juntadeandalucia.es\/ceperpueblosblancos\/files\/2022\/05\/WhatsApp-Image-2022-05-18-at-4.03.39-PM-135x300.jpeg\" alt=\"\" width=\"135\" height=\"300\" srcset=\"https:\/\/blogsaverroes.juntadeandalucia.es\/ceperpueblosblancos\/files\/2022\/05\/WhatsApp-Image-2022-05-18-at-4.03.39-PM-135x300.jpeg 135w, https:\/\/blogsaverroes.juntadeandalucia.es\/ceperpueblosblancos\/files\/2022\/05\/WhatsApp-Image-2022-05-18-at-4.03.39-PM-461x1024.jpeg 461w, https:\/\/blogsaverroes.juntadeandalucia.es\/ceperpueblosblancos\/files\/2022\/05\/WhatsApp-Image-2022-05-18-at-4.03.39-PM-691x1536.jpeg 691w, https:\/\/blogsaverroes.juntadeandalucia.es\/ceperpueblosblancos\/files\/2022\/05\/WhatsApp-Image-2022-05-18-at-4.03.39-PM.jpeg 720w\" sizes=\"(max-width: 135px) 100vw, 135px\" \/><\/a> <a href=\"https:\/\/blogsaverroes.juntadeandalucia.es\/ceperpueblosblancos\/files\/2022\/05\/WhatsApp-Image-2022-05-18-at-4.03.39-PM-2.jpeg\"><img loading=\"lazy\" decoding=\"async\" class=\"alignnone size-medium wp-image-3125\" src=\"https:\/\/blogsaverroes.juntadeandalucia.es\/ceperpueblosblancos\/files\/2022\/05\/WhatsApp-Image-2022-05-18-at-4.03.39-PM-2-135x300.jpeg\" alt=\"\" width=\"135\" height=\"300\" srcset=\"https:\/\/blogsaverroes.juntadeandalucia.es\/ceperpueblosblancos\/files\/2022\/05\/WhatsApp-Image-2022-05-18-at-4.03.39-PM-2-135x300.jpeg 135w, https:\/\/blogsaverroes.juntadeandalucia.es\/ceperpueblosblancos\/files\/2022\/05\/WhatsApp-Image-2022-05-18-at-4.03.39-PM-2-461x1024.jpeg 461w, https:\/\/blogsaverroes.juntadeandalucia.es\/ceperpueblosblancos\/files\/2022\/05\/WhatsApp-Image-2022-05-18-at-4.03.39-PM-2-691x1536.jpeg 691w, https:\/\/blogsaverroes.juntadeandalucia.es\/ceperpueblosblancos\/files\/2022\/05\/WhatsApp-Image-2022-05-18-at-4.03.39-PM-2.jpeg 720w\" sizes=\"(max-width: 135px) 100vw, 135px\" \/><\/a> <a href=\"https:\/\/blogsaverroes.juntadeandalucia.es\/ceperpueblosblancos\/files\/2022\/05\/WhatsApp-Image-2022-05-18-at-4.03.39-PM-1.jpeg\"><img loading=\"lazy\" decoding=\"async\" class=\"alignnone size-medium wp-image-3124\" src=\"https:\/\/blogsaverroes.juntadeandalucia.es\/ceperpueblosblancos\/files\/2022\/05\/WhatsApp-Image-2022-05-18-at-4.03.39-PM-1-135x300.jpeg\" alt=\"\" width=\"135\" height=\"300\" srcset=\"https:\/\/blogsaverroes.juntadeandalucia.es\/ceperpueblosblancos\/files\/2022\/05\/WhatsApp-Image-2022-05-18-at-4.03.39-PM-1-135x300.jpeg 135w, https:\/\/blogsaverroes.juntadeandalucia.es\/ceperpueblosblancos\/files\/2022\/05\/WhatsApp-Image-2022-05-18-at-4.03.39-PM-1-461x1024.jpeg 461w, https:\/\/blogsaverroes.juntadeandalucia.es\/ceperpueblosblancos\/files\/2022\/05\/WhatsApp-Image-2022-05-18-at-4.03.39-PM-1-691x1536.jpeg 691w, https:\/\/blogsaverroes.juntadeandalucia.es\/ceperpueblosblancos\/files\/2022\/05\/WhatsApp-Image-2022-05-18-at-4.03.39-PM-1.jpeg 720w\" sizes=\"(max-width: 135px) 100vw, 135px\" \/><\/a> <a href=\"https:\/\/blogsaverroes.juntadeandalucia.es\/ceperpueblosblancos\/files\/2022\/05\/WhatsApp-Image-2022-05-18-at-4.03.38-PM.jpeg\"><img loading=\"lazy\" decoding=\"async\" class=\"alignnone size-medium wp-image-3123\" src=\"https:\/\/blogsaverroes.juntadeandalucia.es\/ceperpueblosblancos\/files\/2022\/05\/WhatsApp-Image-2022-05-18-at-4.03.38-PM-135x300.jpeg\" alt=\"\" width=\"135\" height=\"300\" srcset=\"https:\/\/blogsaverroes.juntadeandalucia.es\/ceperpueblosblancos\/files\/2022\/05\/WhatsApp-Image-2022-05-18-at-4.03.38-PM-135x300.jpeg 135w, https:\/\/blogsaverroes.juntadeandalucia.es\/ceperpueblosblancos\/files\/2022\/05\/WhatsApp-Image-2022-05-18-at-4.03.38-PM-461x1024.jpeg 461w, https:\/\/blogsaverroes.juntadeandalucia.es\/ceperpueblosblancos\/files\/2022\/05\/WhatsApp-Image-2022-05-18-at-4.03.38-PM-691x1536.jpeg 691w, https:\/\/blogsaverroes.juntadeandalucia.es\/ceperpueblosblancos\/files\/2022\/05\/WhatsApp-Image-2022-05-18-at-4.03.38-PM.jpeg 720w\" sizes=\"(max-width: 135px) 100vw, 135px\" \/><\/a> <a href=\"https:\/\/blogsaverroes.juntadeandalucia.es\/ceperpueblosblancos\/files\/2022\/05\/WhatsApp-Image-2022-05-18-at-4.03.38-PM-3.jpeg\"><img loading=\"lazy\" decoding=\"async\" class=\"alignnone size-medium wp-image-3122\" src=\"https:\/\/blogsaverroes.juntadeandalucia.es\/ceperpueblosblancos\/files\/2022\/05\/WhatsApp-Image-2022-05-18-at-4.03.38-PM-3-135x300.jpeg\" alt=\"\" width=\"135\" height=\"300\" srcset=\"https:\/\/blogsaverroes.juntadeandalucia.es\/ceperpueblosblancos\/files\/2022\/05\/WhatsApp-Image-2022-05-18-at-4.03.38-PM-3-135x300.jpeg 135w, https:\/\/blogsaverroes.juntadeandalucia.es\/ceperpueblosblancos\/files\/2022\/05\/WhatsApp-Image-2022-05-18-at-4.03.38-PM-3-461x1024.jpeg 461w, https:\/\/blogsaverroes.juntadeandalucia.es\/ceperpueblosblancos\/files\/2022\/05\/WhatsApp-Image-2022-05-18-at-4.03.38-PM-3-691x1536.jpeg 691w, https:\/\/blogsaverroes.juntadeandalucia.es\/ceperpueblosblancos\/files\/2022\/05\/WhatsApp-Image-2022-05-18-at-4.03.38-PM-3.jpeg 720w\" sizes=\"(max-width: 135px) 100vw, 135px\" \/><\/a> <a href=\"https:\/\/blogsaverroes.juntadeandalucia.es\/ceperpueblosblancos\/files\/2022\/05\/WhatsApp-Image-2022-05-18-at-4.03.38-PM-2.jpeg\"><img loading=\"lazy\" decoding=\"async\" class=\"alignnone size-medium wp-image-3121\" src=\"https:\/\/blogsaverroes.juntadeandalucia.es\/ceperpueblosblancos\/files\/2022\/05\/WhatsApp-Image-2022-05-18-at-4.03.38-PM-2-135x300.jpeg\" alt=\"\" width=\"135\" height=\"300\" srcset=\"https:\/\/blogsaverroes.juntadeandalucia.es\/ceperpueblosblancos\/files\/2022\/05\/WhatsApp-Image-2022-05-18-at-4.03.38-PM-2-135x300.jpeg 135w, https:\/\/blogsaverroes.juntadeandalucia.es\/ceperpueblosblancos\/files\/2022\/05\/WhatsApp-Image-2022-05-18-at-4.03.38-PM-2-461x1024.jpeg 461w, https:\/\/blogsaverroes.juntadeandalucia.es\/ceperpueblosblancos\/files\/2022\/05\/WhatsApp-Image-2022-05-18-at-4.03.38-PM-2-691x1536.jpeg 691w, https:\/\/blogsaverroes.juntadeandalucia.es\/ceperpueblosblancos\/files\/2022\/05\/WhatsApp-Image-2022-05-18-at-4.03.38-PM-2.jpeg 720w\" sizes=\"(max-width: 135px) 100vw, 135px\" \/><\/a> <a href=\"https:\/\/blogsaverroes.juntadeandalucia.es\/ceperpueblosblancos\/files\/2022\/05\/WhatsApp-Image-2022-05-18-at-4.03.38-PM-1.jpeg\"><img loading=\"lazy\" decoding=\"async\" class=\"alignnone size-medium wp-image-3120\" src=\"https:\/\/blogsaverroes.juntadeandalucia.es\/ceperpueblosblancos\/files\/2022\/05\/WhatsApp-Image-2022-05-18-at-4.03.38-PM-1-135x300.jpeg\" alt=\"\" width=\"135\" height=\"300\" srcset=\"https:\/\/blogsaverroes.juntadeandalucia.es\/ceperpueblosblancos\/files\/2022\/05\/WhatsApp-Image-2022-05-18-at-4.03.38-PM-1-135x300.jpeg 135w, https:\/\/blogsaverroes.juntadeandalucia.es\/ceperpueblosblancos\/files\/2022\/05\/WhatsApp-Image-2022-05-18-at-4.03.38-PM-1-461x1024.jpeg 461w, https:\/\/blogsaverroes.juntadeandalucia.es\/ceperpueblosblancos\/files\/2022\/05\/WhatsApp-Image-2022-05-18-at-4.03.38-PM-1-691x1536.jpeg 691w, https:\/\/blogsaverroes.juntadeandalucia.es\/ceperpueblosblancos\/files\/2022\/05\/WhatsApp-Image-2022-05-18-at-4.03.38-PM-1.jpeg 720w\" sizes=\"(max-width: 135px) 100vw, 135px\" \/><\/a> <a href=\"https:\/\/blogsaverroes.juntadeandalucia.es\/ceperpueblosblancos\/files\/2022\/05\/WhatsApp-Image-2022-05-18-at-4.03.37-PM.jpeg\"><img loading=\"lazy\" decoding=\"async\" class=\"alignnone size-medium wp-image-3119\" src=\"https:\/\/blogsaverroes.juntadeandalucia.es\/ceperpueblosblancos\/files\/2022\/05\/WhatsApp-Image-2022-05-18-at-4.03.37-PM-135x300.jpeg\" alt=\"\" width=\"135\" height=\"300\" srcset=\"https:\/\/blogsaverroes.juntadeandalucia.es\/ceperpueblosblancos\/files\/2022\/05\/WhatsApp-Image-2022-05-18-at-4.03.37-PM-135x300.jpeg 135w, https:\/\/blogsaverroes.juntadeandalucia.es\/ceperpueblosblancos\/files\/2022\/05\/WhatsApp-Image-2022-05-18-at-4.03.37-PM-461x1024.jpeg 461w, https:\/\/blogsaverroes.juntadeandalucia.es\/ceperpueblosblancos\/files\/2022\/05\/WhatsApp-Image-2022-05-18-at-4.03.37-PM-691x1536.jpeg 691w, https:\/\/blogsaverroes.juntadeandalucia.es\/ceperpueblosblancos\/files\/2022\/05\/WhatsApp-Image-2022-05-18-at-4.03.37-PM.jpeg 720w\" sizes=\"(max-width: 135px) 100vw, 135px\" \/><\/a> <a href=\"https:\/\/blogsaverroes.juntadeandalucia.es\/ceperpueblosblancos\/files\/2022\/05\/WhatsApp-Image-2022-05-18-at-4.03.37-PM-3.jpeg\"><img loading=\"lazy\" decoding=\"async\" class=\"alignnone size-medium wp-image-3118\" src=\"https:\/\/blogsaverroes.juntadeandalucia.es\/ceperpueblosblancos\/files\/2022\/05\/WhatsApp-Image-2022-05-18-at-4.03.37-PM-3-135x300.jpeg\" alt=\"\" width=\"135\" height=\"300\" srcset=\"https:\/\/blogsaverroes.juntadeandalucia.es\/ceperpueblosblancos\/files\/2022\/05\/WhatsApp-Image-2022-05-18-at-4.03.37-PM-3-135x300.jpeg 135w, https:\/\/blogsaverroes.juntadeandalucia.es\/ceperpueblosblancos\/files\/2022\/05\/WhatsApp-Image-2022-05-18-at-4.03.37-PM-3-461x1024.jpeg 461w, https:\/\/blogsaverroes.juntadeandalucia.es\/ceperpueblosblancos\/files\/2022\/05\/WhatsApp-Image-2022-05-18-at-4.03.37-PM-3-691x1536.jpeg 691w, https:\/\/blogsaverroes.juntadeandalucia.es\/ceperpueblosblancos\/files\/2022\/05\/WhatsApp-Image-2022-05-18-at-4.03.37-PM-3.jpeg 720w\" sizes=\"(max-width: 135px) 100vw, 135px\" \/><\/a> <a href=\"https:\/\/blogsaverroes.juntadeandalucia.es\/ceperpueblosblancos\/files\/2022\/05\/WhatsApp-Image-2022-05-18-at-4.03.37-PM-2.jpeg\"><img loading=\"lazy\" decoding=\"async\" class=\"alignnone size-medium wp-image-3117\" src=\"https:\/\/blogsaverroes.juntadeandalucia.es\/ceperpueblosblancos\/files\/2022\/05\/WhatsApp-Image-2022-05-18-at-4.03.37-PM-2-135x300.jpeg\" alt=\"\" width=\"135\" height=\"300\" srcset=\"https:\/\/blogsaverroes.juntadeandalucia.es\/ceperpueblosblancos\/files\/2022\/05\/WhatsApp-Image-2022-05-18-at-4.03.37-PM-2-135x300.jpeg 135w, https:\/\/blogsaverroes.juntadeandalucia.es\/ceperpueblosblancos\/files\/2022\/05\/WhatsApp-Image-2022-05-18-at-4.03.37-PM-2-461x1024.jpeg 461w, https:\/\/blogsaverroes.juntadeandalucia.es\/ceperpueblosblancos\/files\/2022\/05\/WhatsApp-Image-2022-05-18-at-4.03.37-PM-2-691x1536.jpeg 691w, https:\/\/blogsaverroes.juntadeandalucia.es\/ceperpueblosblancos\/files\/2022\/05\/WhatsApp-Image-2022-05-18-at-4.03.37-PM-2.jpeg 720w\" sizes=\"(max-width: 135px) 100vw, 135px\" \/><\/a> <a href=\"https:\/\/blogsaverroes.juntadeandalucia.es\/ceperpueblosblancos\/files\/2022\/05\/WhatsApp-Image-2022-05-18-at-4.03.37-PM-1.jpeg\"><img loading=\"lazy\" decoding=\"async\" class=\"alignnone size-medium wp-image-3116\" src=\"https:\/\/blogsaverroes.juntadeandalucia.es\/ceperpueblosblancos\/files\/2022\/05\/WhatsApp-Image-2022-05-18-at-4.03.37-PM-1-135x300.jpeg\" alt=\"\" width=\"135\" height=\"300\" srcset=\"https:\/\/blogsaverroes.juntadeandalucia.es\/ceperpueblosblancos\/files\/2022\/05\/WhatsApp-Image-2022-05-18-at-4.03.37-PM-1-135x300.jpeg 135w, https:\/\/blogsaverroes.juntadeandalucia.es\/ceperpueblosblancos\/files\/2022\/05\/WhatsApp-Image-2022-05-18-at-4.03.37-PM-1-461x1024.jpeg 461w, https:\/\/blogsaverroes.juntadeandalucia.es\/ceperpueblosblancos\/files\/2022\/05\/WhatsApp-Image-2022-05-18-at-4.03.37-PM-1-691x1536.jpeg 691w, https:\/\/blogsaverroes.juntadeandalucia.es\/ceperpueblosblancos\/files\/2022\/05\/WhatsApp-Image-2022-05-18-at-4.03.37-PM-1.jpeg 720w\" sizes=\"(max-width: 135px) 100vw, 135px\" \/><\/a> <a href=\"https:\/\/blogsaverroes.juntadeandalucia.es\/ceperpueblosblancos\/files\/2022\/05\/WhatsApp-Image-2022-05-18-at-4.03.36-PM.jpeg\"><img loading=\"lazy\" decoding=\"async\" class=\"alignnone size-medium wp-image-3115\" src=\"https:\/\/blogsaverroes.juntadeandalucia.es\/ceperpueblosblancos\/files\/2022\/05\/WhatsApp-Image-2022-05-18-at-4.03.36-PM-135x300.jpeg\" alt=\"\" width=\"135\" height=\"300\" srcset=\"https:\/\/blogsaverroes.juntadeandalucia.es\/ceperpueblosblancos\/files\/2022\/05\/WhatsApp-Image-2022-05-18-at-4.03.36-PM-135x300.jpeg 135w, https:\/\/blogsaverroes.juntadeandalucia.es\/ceperpueblosblancos\/files\/2022\/05\/WhatsApp-Image-2022-05-18-at-4.03.36-PM-461x1024.jpeg 461w, https:\/\/blogsaverroes.juntadeandalucia.es\/ceperpueblosblancos\/files\/2022\/05\/WhatsApp-Image-2022-05-18-at-4.03.36-PM-691x1536.jpeg 691w, https:\/\/blogsaverroes.juntadeandalucia.es\/ceperpueblosblancos\/files\/2022\/05\/WhatsApp-Image-2022-05-18-at-4.03.36-PM.jpeg 720w\" sizes=\"(max-width: 135px) 100vw, 135px\" \/><\/a> <a href=\"https:\/\/blogsaverroes.juntadeandalucia.es\/ceperpueblosblancos\/files\/2022\/05\/WhatsApp-Image-2022-05-18-at-4.03.36-PM-3.jpeg\"><img loading=\"lazy\" decoding=\"async\" class=\"alignnone size-medium wp-image-3114\" src=\"https:\/\/blogsaverroes.juntadeandalucia.es\/ceperpueblosblancos\/files\/2022\/05\/WhatsApp-Image-2022-05-18-at-4.03.36-PM-3-135x300.jpeg\" alt=\"\" width=\"135\" height=\"300\" srcset=\"https:\/\/blogsaverroes.juntadeandalucia.es\/ceperpueblosblancos\/files\/2022\/05\/WhatsApp-Image-2022-05-18-at-4.03.36-PM-3-135x300.jpeg 135w, https:\/\/blogsaverroes.juntadeandalucia.es\/ceperpueblosblancos\/files\/2022\/05\/WhatsApp-Image-2022-05-18-at-4.03.36-PM-3-461x1024.jpeg 461w, https:\/\/blogsaverroes.juntadeandalucia.es\/ceperpueblosblancos\/files\/2022\/05\/WhatsApp-Image-2022-05-18-at-4.03.36-PM-3-691x1536.jpeg 691w, https:\/\/blogsaverroes.juntadeandalucia.es\/ceperpueblosblancos\/files\/2022\/05\/WhatsApp-Image-2022-05-18-at-4.03.36-PM-3.jpeg 720w\" sizes=\"(max-width: 135px) 100vw, 135px\" \/><\/a> <a href=\"https:\/\/blogsaverroes.juntadeandalucia.es\/ceperpueblosblancos\/files\/2022\/05\/WhatsApp-Image-2022-05-18-at-4.03.36-PM-2.jpeg\"><img loading=\"lazy\" decoding=\"async\" class=\"alignnone size-medium wp-image-3113\" src=\"https:\/\/blogsaverroes.juntadeandalucia.es\/ceperpueblosblancos\/files\/2022\/05\/WhatsApp-Image-2022-05-18-at-4.03.36-PM-2-135x300.jpeg\" alt=\"\" width=\"135\" height=\"300\" srcset=\"https:\/\/blogsaverroes.juntadeandalucia.es\/ceperpueblosblancos\/files\/2022\/05\/WhatsApp-Image-2022-05-18-at-4.03.36-PM-2-135x300.jpeg 135w, https:\/\/blogsaverroes.juntadeandalucia.es\/ceperpueblosblancos\/files\/2022\/05\/WhatsApp-Image-2022-05-18-at-4.03.36-PM-2-461x1024.jpeg 461w, https:\/\/blogsaverroes.juntadeandalucia.es\/ceperpueblosblancos\/files\/2022\/05\/WhatsApp-Image-2022-05-18-at-4.03.36-PM-2-691x1536.jpeg 691w, https:\/\/blogsaverroes.juntadeandalucia.es\/ceperpueblosblancos\/files\/2022\/05\/WhatsApp-Image-2022-05-18-at-4.03.36-PM-2.jpeg 720w\" sizes=\"(max-width: 135px) 100vw, 135px\" \/><\/a> <a href=\"https:\/\/blogsaverroes.juntadeandalucia.es\/ceperpueblosblancos\/files\/2022\/05\/WhatsApp-Image-2022-05-18-at-4.03.36-PM-1.jpeg\"><img loading=\"lazy\" decoding=\"async\" class=\"alignnone size-medium wp-image-3112\" src=\"https:\/\/blogsaverroes.juntadeandalucia.es\/ceperpueblosblancos\/files\/2022\/05\/WhatsApp-Image-2022-05-18-at-4.03.36-PM-1-135x300.jpeg\" alt=\"\" width=\"135\" height=\"300\" srcset=\"https:\/\/blogsaverroes.juntadeandalucia.es\/ceperpueblosblancos\/files\/2022\/05\/WhatsApp-Image-2022-05-18-at-4.03.36-PM-1-135x300.jpeg 135w, https:\/\/blogsaverroes.juntadeandalucia.es\/ceperpueblosblancos\/files\/2022\/05\/WhatsApp-Image-2022-05-18-at-4.03.36-PM-1-461x1024.jpeg 461w, https:\/\/blogsaverroes.juntadeandalucia.es\/ceperpueblosblancos\/files\/2022\/05\/WhatsApp-Image-2022-05-18-at-4.03.36-PM-1-691x1536.jpeg 691w, https:\/\/blogsaverroes.juntadeandalucia.es\/ceperpueblosblancos\/files\/2022\/05\/WhatsApp-Image-2022-05-18-at-4.03.36-PM-1.jpeg 720w\" sizes=\"(max-width: 135px) 100vw, 135px\" \/><\/a> <a href=\"https:\/\/blogsaverroes.juntadeandalucia.es\/ceperpueblosblancos\/files\/2022\/05\/WhatsApp-Image-2022-05-18-at-4.03.34-PM.jpeg\"><img loading=\"lazy\" decoding=\"async\" class=\"alignnone size-medium wp-image-3111\" src=\"https:\/\/blogsaverroes.juntadeandalucia.es\/ceperpueblosblancos\/files\/2022\/05\/WhatsApp-Image-2022-05-18-at-4.03.34-PM-135x300.jpeg\" alt=\"\" width=\"135\" height=\"300\" srcset=\"https:\/\/blogsaverroes.juntadeandalucia.es\/ceperpueblosblancos\/files\/2022\/05\/WhatsApp-Image-2022-05-18-at-4.03.34-PM-135x300.jpeg 135w, https:\/\/blogsaverroes.juntadeandalucia.es\/ceperpueblosblancos\/files\/2022\/05\/WhatsApp-Image-2022-05-18-at-4.03.34-PM-461x1024.jpeg 461w, https:\/\/blogsaverroes.juntadeandalucia.es\/ceperpueblosblancos\/files\/2022\/05\/WhatsApp-Image-2022-05-18-at-4.03.34-PM-691x1536.jpeg 691w, https:\/\/blogsaverroes.juntadeandalucia.es\/ceperpueblosblancos\/files\/2022\/05\/WhatsApp-Image-2022-05-18-at-4.03.34-PM.jpeg 720w\" sizes=\"(max-width: 135px) 100vw, 135px\" \/><\/a> <a href=\"https:\/\/blogsaverroes.juntadeandalucia.es\/ceperpueblosblancos\/files\/2022\/05\/WhatsApp-Image-2022-05-18-at-4.03.33-PM.jpeg\"><img loading=\"lazy\" decoding=\"async\" class=\"alignnone size-medium wp-image-3110\" src=\"https:\/\/blogsaverroes.juntadeandalucia.es\/ceperpueblosblancos\/files\/2022\/05\/WhatsApp-Image-2022-05-18-at-4.03.33-PM-135x300.jpeg\" alt=\"\" width=\"135\" height=\"300\" srcset=\"https:\/\/blogsaverroes.juntadeandalucia.es\/ceperpueblosblancos\/files\/2022\/05\/WhatsApp-Image-2022-05-18-at-4.03.33-PM-135x300.jpeg 135w, https:\/\/blogsaverroes.juntadeandalucia.es\/ceperpueblosblancos\/files\/2022\/05\/WhatsApp-Image-2022-05-18-at-4.03.33-PM-461x1024.jpeg 461w, https:\/\/blogsaverroes.juntadeandalucia.es\/ceperpueblosblancos\/files\/2022\/05\/WhatsApp-Image-2022-05-18-at-4.03.33-PM-691x1536.jpeg 691w, https:\/\/blogsaverroes.juntadeandalucia.es\/ceperpueblosblancos\/files\/2022\/05\/WhatsApp-Image-2022-05-18-at-4.03.33-PM.jpeg 720w\" sizes=\"(max-width: 135px) 100vw, 135px\" \/><\/a><\/p>\n","protected":false},"excerpt":{"rendered":"<p>Este trimestre hemos trabajado la creaci\u00f3n de cuentos. Aqu\u00ed vemos a nuestros alumnos desarrollando la imaginaci\u00f3n y creatividad en el dise\u00f1o de los mismos.<\/p>\n","protected":false},"author":2415,"featured_media":0,"parent":0,"menu_order":0,"comment_status":"closed","ping_status":"closed","template":"","meta":{"ngg_post_thumbnail":0,"footnotes":"","_mc_calendar":[]},"aioseo_notices":[],"_links":{"self":[{"href":"https:\/\/blogsaverroes.juntadeandalucia.es\/ceperpueblosblancos\/wp-json\/wp\/v2\/pages\/3132"}],"collection":[{"href":"https:\/\/blogsaverroes.juntadeandalucia.es\/ceperpueblosblancos\/wp-json\/wp\/v2\/pages"}],"about":[{"href":"https:\/\/blogsaverroes.juntadeandalucia.es\/ceperpueblosblancos\/wp-json\/wp\/v2\/types\/page"}],"author":[{"embeddable":true,"href":"https:\/\/blogsaverroes.juntadeandalucia.es\/ceperpueblosblancos\/wp-json\/wp\/v2\/users\/2415"}],"replies":[{"embeddable":true,"href":"https:\/\/blogsaverroes.juntadeandalucia.es\/ceperpueblosblancos\/wp-json\/wp\/v2\/comments?post=3132"}],"version-history":[{"count":1,"href":"https:\/\/blogsaverroes.juntadeandalucia.es\/ceperpueblosblancos\/wp-json\/wp\/v2\/pages\/3132\/revisions"}],"predecessor-version":[{"id":3133,"href":"https:\/\/blogsaverroes.juntadeandalucia.es\/ceperpueblosblancos\/wp-json\/wp\/v2\/pages\/3132\/revisions\/3133"}],"wp:attachment":[{"href":"https:\/\/blogsaverroes.juntadeandalucia.es\/ceperpueblosblancos\/wp-json\/wp\/v2\/media?parent=3132"}],"curies":[{"name":"wp","href":"https:\/\/api.w.org\/{rel}","templated":true}]}}