{"id":426,"date":"2015-03-20T07:05:49","date_gmt":"2015-03-20T07:05:49","guid":{"rendered":"http:\/\/blogsaverroes.juntadeandalucia.es\/pre\/ceip\/?page_id=426"},"modified":"2015-05-21T07:34:09","modified_gmt":"2015-05-21T07:34:09","slug":"materiales-recursos","status":"publish","type":"page","link":"https:\/\/blogsaverroes.juntadeandalucia.es\/ceperpueblosblancos\/materiales-recursos\/","title":{"rendered":"E.I. Materiales, recursos&#8230;"},"content":{"rendered":"<h4>El zoo de las letras<\/h4>\n<p><a title=\"Zoo Letras\" href=\"http:\/\/agrega.juntadeandalucia.es\/visualizador-1\/es\/pode\/presentacion\/visualizadorSinSecuencia\/visualizar-datos.jsp\" target=\"_blank\"><img loading=\"lazy\" decoding=\"async\" class=\"alignnone size-medium wp-image-1605\" src=\"http:\/\/blogsaverroes.juntadeandalucia.es\/ceperpueblosblancos\/files\/2015\/03\/zoo_letras-300x225.jpg\" alt=\"zoo_letras\" width=\"300\" height=\"225\" srcset=\"https:\/\/blogsaverroes.juntadeandalucia.es\/ceperpueblosblancos\/files\/2015\/03\/zoo_letras-300x225.jpg 300w, https:\/\/blogsaverroes.juntadeandalucia.es\/ceperpueblosblancos\/files\/2015\/03\/zoo_letras.jpg 800w\" sizes=\"(max-width: 300px) 100vw, 300px\" \/><\/a><\/p>\n<p>Presentaci\u00f3n multimedia que utiliza un m\u00e9todo sint\u00e9tico para el aprendizaje de la lecto-escritura de los ni\u00f1os y ni\u00f1as de Educaci\u00f3n Infantil. A trav\u00e9s de la pantalla del ordenador, en la Web del zoo, mediante una animaci\u00f3n a base de canciones, cuentos y otros recursos interactivos el alumnado va introduci\u00e9ndose en el aprendizaje de la lectura y la escritura. MENCI\u00d3N ESPECIAL XXIII Edici\u00f3n PREMIOS ANTONIO DOM\u00cdNGUEZ ORTIZ a investigaciones, experiencias y materiales dirigidos a la innovaci\u00f3n y mejora de la pr\u00e1ctica educativa.<\/p>\n<p>&nbsp;<\/p>\n<h4>\u00bfJugamos?<\/h4>\n<p><a title=\"Jugamos geometr\u00eda\" href=\"http:\/\/agrega.juntadeandalucia.es\/visualizar\/es\/es_2008052713_0201200\/false\" target=\"_blank\"><img loading=\"lazy\" decoding=\"async\" class=\"alignnone size-medium wp-image-1607\" src=\"http:\/\/blogsaverroes.juntadeandalucia.es\/ceperpueblosblancos\/files\/2015\/03\/jugamos_geometria-300x183.jpg\" alt=\"jugamos_geometria\" width=\"300\" height=\"183\" srcset=\"https:\/\/blogsaverroes.juntadeandalucia.es\/ceperpueblosblancos\/files\/2015\/03\/jugamos_geometria-300x183.jpg 300w, https:\/\/blogsaverroes.juntadeandalucia.es\/ceperpueblosblancos\/files\/2015\/03\/jugamos_geometria.jpg 752w\" sizes=\"(max-width: 300px) 100vw, 300px\" \/><\/a><\/p>\n<p>Secuencia did\u00e1ctica para trabajar las formas geom\u00e9tricas b\u00e1sicas, su situaci\u00f3n en el espacio y clasificaci\u00f3n en funci\u00f3n de los colores.<\/p>\n<p>&nbsp;<\/p>\n<h4>Plants and flowers<\/h4>\n<p><a title=\"Plants Flowers\" href=\"http:\/\/agrega.juntadeandalucia.es\/visualizar\/es\/es-an_2010032213_9104943\/false\" target=\"_blank\"><img loading=\"lazy\" decoding=\"async\" class=\"alignnone size-medium wp-image-1608\" src=\"http:\/\/blogsaverroes.juntadeandalucia.es\/ceperpueblosblancos\/files\/2015\/03\/plants_flowers-300x225.jpg\" alt=\"plants_flowers\" width=\"300\" height=\"225\" srcset=\"https:\/\/blogsaverroes.juntadeandalucia.es\/ceperpueblosblancos\/files\/2015\/03\/plants_flowers-300x225.jpg 300w, https:\/\/blogsaverroes.juntadeandalucia.es\/ceperpueblosblancos\/files\/2015\/03\/plants_flowers.jpg 800w\" sizes=\"(max-width: 300px) 100vw, 300px\" \/><\/a><\/p>\n<p>A trav\u00e9s de canciones, historias y diarios los alumnos adquirir\u00e1n el vocabulario relativo a las diferentes partes de una planta y su ciclo vital.<\/p>\n<p>&nbsp;<\/p>\n","protected":false},"excerpt":{"rendered":"<p>El zoo de las letras Presentaci\u00f3n multimedia que utiliza un m\u00e9todo sint\u00e9tico para el aprendizaje de la lecto-escritura de los ni\u00f1os y ni\u00f1as de Educaci\u00f3n Infantil. A trav\u00e9s de la pantalla del ordenador, en&#46;&#46;&#46;<\/p>\n","protected":false},"author":1,"featured_media":0,"parent":0,"menu_order":0,"comment_status":"open","ping_status":"open","template":"page-templates\/child-menu.php","meta":{"ngg_post_thumbnail":0,"footnotes":"","_mc_calendar":[]},"aioseo_notices":[],"_links":{"self":[{"href":"https:\/\/blogsaverroes.juntadeandalucia.es\/ceperpueblosblancos\/wp-json\/wp\/v2\/pages\/426"}],"collection":[{"href":"https:\/\/blogsaverroes.juntadeandalucia.es\/ceperpueblosblancos\/wp-json\/wp\/v2\/pages"}],"about":[{"href":"https:\/\/blogsaverroes.juntadeandalucia.es\/ceperpueblosblancos\/wp-json\/wp\/v2\/types\/page"}],"author":[{"embeddable":true,"href":"https:\/\/blogsaverroes.juntadeandalucia.es\/ceperpueblosblancos\/wp-json\/wp\/v2\/users\/1"}],"replies":[{"embeddable":true,"href":"https:\/\/blogsaverroes.juntadeandalucia.es\/ceperpueblosblancos\/wp-json\/wp\/v2\/comments?post=426"}],"version-history":[{"count":5,"href":"https:\/\/blogsaverroes.juntadeandalucia.es\/ceperpueblosblancos\/wp-json\/wp\/v2\/pages\/426\/revisions"}],"predecessor-version":[{"id":1646,"href":"https:\/\/blogsaverroes.juntadeandalucia.es\/ceperpueblosblancos\/wp-json\/wp\/v2\/pages\/426\/revisions\/1646"}],"wp:attachment":[{"href":"https:\/\/blogsaverroes.juntadeandalucia.es\/ceperpueblosblancos\/wp-json\/wp\/v2\/media?parent=426"}],"curies":[{"name":"wp","href":"https:\/\/api.w.org\/{rel}","templated":true}]}}