{"id":1040,"date":"2021-10-15T17:54:56","date_gmt":"2021-10-15T16:54:56","guid":{"rendered":"https:\/\/blogsaverroes.juntadeandalucia.es\/ceperretamar\/?page_id=1040"},"modified":"2022-05-27T18:09:44","modified_gmt":"2022-05-27T17:09:44","slug":"aula-dcine","status":"publish","type":"page","link":"https:\/\/blogsaverroes.juntadeandalucia.es\/ceperretamar\/aula-dcine\/","title":{"rendered":"Aula Dcine"},"content":{"rendered":"<p style=\"text-align: left\"><span style=\"color: #000000\">La Junta de Andaluc\u00eda pone a disposici\u00f3n de los centros de ense\u00f1anza andaluces el <strong>programa educativo Aula de Cine<\/strong>. La finalidad de este programa educativo es promover la alfabetizaci\u00f3n&nbsp; audiovisual del alumnado y del profesorado.<\/span><\/p>\n<p><span style=\"color: #000000\">Igualmente, Aula de Cine tiene la finalidad esencial de favorecer el disfrute y el conocimiento\/comprensi\u00f3n de los valores hist\u00f3ricos, art\u00edsticos, etnogr\u00e1ficos, cient\u00edficos y t\u00e9cnicos de nuestra cultura y se estructura en torno a tres ejes fundamentales:<\/span><\/p>\n<ul>\n<li><span style=\"color: #000000\">EJE VER CINE: Fomentar el inter\u00e9s por la cultura cinematogr\u00e1fica y por el cine andaluz, en particular, en los centros escolares.<\/span><\/li>\n<li><span style=\"color: #000000\">EJE LENGUAJE AUDIOVISUAL: Capacitar al alumnado para mirar el mundo desde una nueva ventana, la audiovisual.<\/span><\/li>\n<li><span style=\"color: #000000\">EJE HACER CINE: Desarrollar la creatividad del alumnado con la elaboraci\u00f3n de producciones propias.<\/span><\/li>\n<\/ul>\n<p>&nbsp;<\/p>\n<p><a href=\"https:\/\/www.eldiario.es\/agencias\/corto-lanza-mensaje-libertad-estudiantes-prision-almeria_1_8031660.html\"><img loading=\"lazy\" decoding=\"async\" class=\"size-full wp-image-1046 aligncenter\" src=\"https:\/\/blogsaverroes.juntadeandalucia.es\/ceperretamar\/files\/2021\/10\/Unknown-2.jpg\" alt=\"\" width=\"292\" height=\"173\"><\/a><\/p>\n<p>&nbsp;<\/p>\n","protected":false},"excerpt":{"rendered":"<p>La Junta de Andaluc\u00eda pone a disposici\u00f3n de los centros de ense\u00f1anza andaluces el programa educativo Aula de Cine. La finalidad de este programa educativo es promover la alfabetizaci\u00f3n&nbsp; audiovisual del alumnado y del profesorado. Igualmente, Aula de Cine tiene&#46;&#46;&#46;<\/p>\n","protected":false},"author":13652,"featured_media":1086,"parent":0,"menu_order":0,"comment_status":"closed","ping_status":"closed","template":"","meta":{"ngg_post_thumbnail":0,"footnotes":""},"aioseo_notices":[],"_links":{"self":[{"href":"https:\/\/blogsaverroes.juntadeandalucia.es\/ceperretamar\/wp-json\/wp\/v2\/pages\/1040"}],"collection":[{"href":"https:\/\/blogsaverroes.juntadeandalucia.es\/ceperretamar\/wp-json\/wp\/v2\/pages"}],"about":[{"href":"https:\/\/blogsaverroes.juntadeandalucia.es\/ceperretamar\/wp-json\/wp\/v2\/types\/page"}],"author":[{"embeddable":true,"href":"https:\/\/blogsaverroes.juntadeandalucia.es\/ceperretamar\/wp-json\/wp\/v2\/users\/13652"}],"replies":[{"embeddable":true,"href":"https:\/\/blogsaverroes.juntadeandalucia.es\/ceperretamar\/wp-json\/wp\/v2\/comments?post=1040"}],"version-history":[{"count":9,"href":"https:\/\/blogsaverroes.juntadeandalucia.es\/ceperretamar\/wp-json\/wp\/v2\/pages\/1040\/revisions"}],"predecessor-version":[{"id":2234,"href":"https:\/\/blogsaverroes.juntadeandalucia.es\/ceperretamar\/wp-json\/wp\/v2\/pages\/1040\/revisions\/2234"}],"wp:featuredmedia":[{"embeddable":true,"href":"https:\/\/blogsaverroes.juntadeandalucia.es\/ceperretamar\/wp-json\/wp\/v2\/media\/1086"}],"wp:attachment":[{"href":"https:\/\/blogsaverroes.juntadeandalucia.es\/ceperretamar\/wp-json\/wp\/v2\/media?parent=1040"}],"curies":[{"name":"wp","href":"https:\/\/api.w.org\/{rel}","templated":true}]}}