{"id":1450,"date":"2021-11-23T13:58:41","date_gmt":"2021-11-23T12:58:41","guid":{"rendered":"https:\/\/blogsaverroes.juntadeandalucia.es\/ceperretamar\/?page_id=1450"},"modified":"2022-05-27T18:20:24","modified_gmt":"2022-05-27T17:20:24","slug":"habitos-de-vida-saludable","status":"publish","type":"page","link":"https:\/\/blogsaverroes.juntadeandalucia.es\/ceperretamar\/habitos-de-vida-saludable\/","title":{"rendered":"H\u00e1bitos de VIDA SALUDABLE"},"content":{"rendered":"<p>&nbsp;<\/p>\n<p><span style=\"color: #000000\">El <strong>Plan educativo para la Adquisici\u00f3n de H\u00e1bitos de Vida Saludable y prevenci\u00f3n de enfermedades y riesgos profesionales<\/strong> est\u00e1 incluido en los <strong>Planes Educativos para el Fomento de la Ciudadan\u00eda Activa<\/strong>, regulados en la Orden de 24 de septiembre de 2007 de la Consejer\u00eda de Educaci\u00f3n de la Junta de Andaluc\u00eda por la que se regulan los planes educativos de car\u00e1cter no formal para personas adultas.<\/span><\/p>\n<p><span style=\"color: #000000\">La <strong>Organizaci\u00f3n Mundial de la Salud (OMS)<\/strong> y otros organismos internacionales consideran la salud como el \u00abestado de completo bienestar f\u00edsico, mental y social y no la simple ausencia de enfermedad\u00bb. En este sentido, la seguridad y la salud tanto en el \u00e1mbito laboral como en el dom\u00e9stico constituyen uno de los objetivos m\u00e1s ambiciosos del derecho social.<\/span><\/p>\n<p><span style=\"color: #000000\">El siguiente programa est\u00e1 basado fundamentalmente en la puesta en pr\u00e1ctica de dos materiales: Gu\u00eda para la Promoci\u00f3n de la salud mental en el medio penitenciario (Secretar\u00eda general de Instituciones Penitenciarias) y Adquisici\u00f3n de H\u00e1bitos de vida saludable (Junta de Andaluc\u00eda).<\/span><\/p>\n<p><span style=\"color: #000000\">Este <strong>curso 2021- 2022<\/strong> uniremos a nuestra programaci\u00f3n aspectos relacionados con la <strong>prevenci\u00f3n acerca del Covi19<\/strong>. Realizando sesiones espec\u00edficas y aprovechando otros contenidos relacionados, para concienciar sobre el mismo.<\/span><\/p>\n<p><span style=\"color: #000000\"><strong>El principal objetivo que nos marcamos con el desarrollo del Plan, es conseguir un m\u00ednimo <\/strong><strong>de motivaci\u00f3n para que el alumnado asista a clase de forma regular y que durante ese <\/strong><strong>periodo se les pueda ayudar a entender las consecuencias que determinadas actitudes <\/strong><strong>positivas y negativas sobre nuestra salud f\u00edsica, mental y sobre nuestra forma de <\/strong><strong>relacionarnos con los dem\u00e1s y el entorno f\u00edsico. Todas las actividades desarrolladas estar\u00e1n <\/strong><strong>en coordinaci\u00f3n con los Planes y Proyectos Educativos desarrollados en nuestro centro.<\/strong><\/span><\/p>\n","protected":false},"excerpt":{"rendered":"<p>&nbsp; El Plan educativo para la Adquisici\u00f3n de H\u00e1bitos de Vida Saludable y prevenci\u00f3n de enfermedades y riesgos profesionales est\u00e1 incluido en los Planes Educativos para el Fomento de la Ciudadan\u00eda Activa, regulados en la Orden de 24 de septiembre&#46;&#46;&#46;<\/p>\n","protected":false},"author":13652,"featured_media":2237,"parent":0,"menu_order":0,"comment_status":"closed","ping_status":"closed","template":"","meta":{"ngg_post_thumbnail":0,"footnotes":""},"aioseo_notices":[],"_links":{"self":[{"href":"https:\/\/blogsaverroes.juntadeandalucia.es\/ceperretamar\/wp-json\/wp\/v2\/pages\/1450"}],"collection":[{"href":"https:\/\/blogsaverroes.juntadeandalucia.es\/ceperretamar\/wp-json\/wp\/v2\/pages"}],"about":[{"href":"https:\/\/blogsaverroes.juntadeandalucia.es\/ceperretamar\/wp-json\/wp\/v2\/types\/page"}],"author":[{"embeddable":true,"href":"https:\/\/blogsaverroes.juntadeandalucia.es\/ceperretamar\/wp-json\/wp\/v2\/users\/13652"}],"replies":[{"embeddable":true,"href":"https:\/\/blogsaverroes.juntadeandalucia.es\/ceperretamar\/wp-json\/wp\/v2\/comments?post=1450"}],"version-history":[{"count":4,"href":"https:\/\/blogsaverroes.juntadeandalucia.es\/ceperretamar\/wp-json\/wp\/v2\/pages\/1450\/revisions"}],"predecessor-version":[{"id":2238,"href":"https:\/\/blogsaverroes.juntadeandalucia.es\/ceperretamar\/wp-json\/wp\/v2\/pages\/1450\/revisions\/2238"}],"wp:featuredmedia":[{"embeddable":true,"href":"https:\/\/blogsaverroes.juntadeandalucia.es\/ceperretamar\/wp-json\/wp\/v2\/media\/2237"}],"wp:attachment":[{"href":"https:\/\/blogsaverroes.juntadeandalucia.es\/ceperretamar\/wp-json\/wp\/v2\/media?parent=1450"}],"curies":[{"name":"wp","href":"https:\/\/api.w.org\/{rel}","templated":true}]}}

Hábitos de VIDA SALUDABLE

<p>&nbsp;</p>
<p><span style="color: #000000">El <strong>Plan educativo para la Adquisición de Hábitos de Vida Saludable y prevención de enfermedades y riesgos profesionales</strong> está incluido en los <strong>Planes Educativos para el Fomento de la Ciudadanía Activa</strong>, regulados en la Orden de 24 de septiembre de 2007 de la Consejería de Educación de la Junta de Andalucía por la que se regulan los planes educativos de carácter no formal para personas adultas.</span></p>
<p><span style="color: #000000">La <strong>Organización Mundial de la Salud (OMS)</strong> y otros organismos internacionales consideran la salud como el «estado de completo bienestar físico, mental y social y no la simple ausencia de enfermedad». En este sentido, la seguridad y la salud tanto en el ámbito laboral como en el doméstico constituyen uno de los objetivos más ambiciosos del derecho social.</span></p>
<p><span style="color: #000000">El siguiente programa está basado fundamentalmente en la puesta en práctica de dos materiales: Guía para la Promoción de la salud mental en el medio penitenciario (Secretaría general de Instituciones Penitenciarias) y Adquisición de Hábitos de vida saludable (Junta de Andalucía).</span></p>
<p><span style="color: #000000">Este <strong>curso 2021- 2022</strong> uniremos a nuestra programación aspectos relacionados con la <strong>prevención acerca del Covi19</strong>. Realizando sesiones específicas y aprovechando otros contenidos relacionados, para concienciar sobre el mismo.</span></p>
<p><span style="color: #000000"><strong>El principal objetivo que nos marcamos con el desarrollo del Plan, es conseguir un mínimo </strong><strong>de motivación para que el alumnado asista a clase de forma regular y que durante ese </strong><strong>periodo se les pueda ayudar a entender las consecuencias que determinadas actitudes </strong><strong>positivas y negativas sobre nuestra salud física, mental y sobre nuestra forma de </strong><strong>relacionarnos con los demás y el entorno físico. Todas las actividades desarrolladas estarán </strong><strong>en coordinación con los Planes y Proyectos Educativos desarrollados en nuestro centro.</strong></span></p>

<p>&nbsp; El Plan educativo para la Adquisición de Hábitos de Vida Saludable y prevención de enfermedades y riesgos profesionales está incluido en los Planes Educativos para el Fomento de la Ciudadanía Activa, regulados en la Orden de 24 de septiembre&#46;&#46;&#46;</p>
