{"id":1558,"date":"2021-11-29T13:37:25","date_gmt":"2021-11-29T12:37:25","guid":{"rendered":"https:\/\/blogsaverroes.juntadeandalucia.es\/ceperretamar\/?page_id=1558"},"modified":"2022-04-26T16:15:56","modified_gmt":"2022-04-26T15:15:56","slug":"paz-y-tolerancia-en-espacios-cerrados","status":"publish","type":"page","link":"https:\/\/blogsaverroes.juntadeandalucia.es\/ceperretamar\/planes-y-proyectos\/escuela-espacio-de-paz\/paz-y-tolerancia-en-espacios-cerrados\/","title":{"rendered":"PAZ y TOLERANCIA en ESPACIOS CERRADOS"},"content":{"rendered":"<p><span style=\"color: #000000\">La sociedad actual se halla inmersa en una crisis de valores que en muchas ocasiones se evidencia por la enorme cantidad de noticias que refieren conductas agresivas y violentas que vulneran los derechos humanos de quienes las sufren. Si los educadores\/as en general han de ser conscientes de esta situaci\u00f3n, los maestr@s que trabajan en los Centros Penitenciarios y en Centros Educativos que por sus caracter\u00edsticas sean especiales, lo han de ser mucho m\u00e1s, pues en estos entornos los problemas que surgen de la convivencia diaria entre personas privadas de libertad, muchas de ellas con antecedentes de comportamientos violentos, se intensifican. De la necesidad de reducir o eliminar las situaciones de conflictos y fomentar la convivencia pac\u00edfica y democr\u00e1tica en el Centro Penitenciario de Almer\u00eda donde trabajamos, surge nuestro proyecto<strong> \u201cPropuesta de Paz y Tolerancia en Entornos<\/strong> <strong>Cerrados<\/strong>\u201d.<\/span><\/p>\n<p><span style=\"color: #000000\">El proyecto est\u00e1 dirigido a personas que mantienen una especial relaci\u00f3n de sujeci\u00f3n con la Administraci\u00f3n, est\u00e1n privados de libertad. Consideramos que tambi\u00e9n podr\u00eda ser aplicable a otras personas en situaci\u00f3n de riesgo o con graves problemas de inadaptaci\u00f3n. En general estas personas presentan algunas de estas caracter\u00edsticas: desarraigo social, familias desestructuradas, con problemas de comunicaci\u00f3n o interrelaci\u00f3n, procedentes de ambientes socioecon\u00f3micos y culturales deprimidos, con d\u00e9ficits de est\u00edmulos educativos y culturales, con valores morales muy distintos a los que socialmente est\u00e1n aceptados; y muchas veces acostumbrados a satisfacer sus deseos de una forma inmediata, de lo contrario se genera en ellos frustraci\u00f3n y agresividad.<\/span><\/p>\n<p><span style=\"color: #000000\">Conscientes y conocedores de esta especial situaci\u00f3n y de la necesidad de transmitir a los alumn@s-intern@s del Centro Penitenciario valores que favorezcan la<strong> libertad personal, la responsabilidad, la ciudadan\u00eda democr\u00e1tica, la solidaridad, la tolerancia, la igualdad, el respeto y la justicia.<\/strong><\/span><\/p>\n<p><span style=\"color: #000000\">El programa que proponemos se estructura en tres fases, encaminadas a una mejora de las relaciones interpersonales de los alumnos internos que en muchos casos presentan carencias o dificultades en distintos \u00e1mbitos: cognitivo, moral, emocional y habilidades sociales. Por nuestra parte creemos en la importancia de continuar en lo sucesivo con este Proyecto, ampli\u00e1ndolo y modific\u00e1ndolo, si procede, durante su puesta en pr\u00e1ctica.<\/span><\/p>\n<p><span style=\"color: #000000\">Tambi\u00e9n dejamos abierta una puerta para aquellos otros entornos cerrados, como Centros de Menores, y en general a cualquier centro que integre a personas con problemas de inadaptaci\u00f3n social, que quieran seguir este modelo o aportar novedades a lo que sabemos es una labor dif\u00edcil pero no inalcanzable: \u201cdotar a los individuos de competencias sociales, cognitivas, emocionales y morales que les ayuden a mejorar como personas y, por extensi\u00f3n, a cambiar su vida\u201d.<\/span><\/p>\n<p><span style=\"color: #000000\">En el siguiente enlace ten\u00e9is a vuestra disposici\u00f3n la propuesta completa y&nbsp; el material did\u00e1ctico:<\/span><\/p>\n<p><a href=\"https:\/\/blogsaverroes.juntadeandalucia.es\/ceperretamar\/files\/2021\/11\/PROPUESTA-DE-PAZ-Y-TOLERANCIA-EN-ENTORNOS-CERRADOS.pdf\">PAZ y TOLERANCIA en ESPACIOS CERRADOS<\/a><\/p>\n","protected":false},"excerpt":{"rendered":"<p>La sociedad actual se halla inmersa en una crisis de valores que en muchas ocasiones se evidencia por la enorme cantidad de noticias que refieren conductas agresivas y violentas que vulneran los derechos humanos de quienes las sufren. Si los&#46;&#46;&#46;<\/p>\n","protected":false},"author":13652,"featured_media":0,"parent":1162,"menu_order":0,"comment_status":"closed","ping_status":"closed","template":"","meta":{"ngg_post_thumbnail":0,"footnotes":""},"aioseo_notices":[],"_links":{"self":[{"href":"https:\/\/blogsaverroes.juntadeandalucia.es\/ceperretamar\/wp-json\/wp\/v2\/pages\/1558"}],"collection":[{"href":"https:\/\/blogsaverroes.juntadeandalucia.es\/ceperretamar\/wp-json\/wp\/v2\/pages"}],"about":[{"href":"https:\/\/blogsaverroes.juntadeandalucia.es\/ceperretamar\/wp-json\/wp\/v2\/types\/page"}],"author":[{"embeddable":true,"href":"https:\/\/blogsaverroes.juntadeandalucia.es\/ceperretamar\/wp-json\/wp\/v2\/users\/13652"}],"replies":[{"embeddable":true,"href":"https:\/\/blogsaverroes.juntadeandalucia.es\/ceperretamar\/wp-json\/wp\/v2\/comments?post=1558"}],"version-history":[{"count":7,"href":"https:\/\/blogsaverroes.juntadeandalucia.es\/ceperretamar\/wp-json\/wp\/v2\/pages\/1558\/revisions"}],"predecessor-version":[{"id":2103,"href":"https:\/\/blogsaverroes.juntadeandalucia.es\/ceperretamar\/wp-json\/wp\/v2\/pages\/1558\/revisions\/2103"}],"up":[{"embeddable":true,"href":"https:\/\/blogsaverroes.juntadeandalucia.es\/ceperretamar\/wp-json\/wp\/v2\/pages\/1162"}],"wp:attachment":[{"href":"https:\/\/blogsaverroes.juntadeandalucia.es\/ceperretamar\/wp-json\/wp\/v2\/media?parent=1558"}],"curies":[{"name":"wp","href":"https:\/\/api.w.org\/{rel}","templated":true}]}}