{"id":1566,"date":"2021-11-29T13:54:08","date_gmt":"2021-11-29T12:54:08","guid":{"rendered":"https:\/\/blogsaverroes.juntadeandalucia.es\/ceperretamar\/?page_id=1566"},"modified":"2022-02-15T09:48:24","modified_gmt":"2022-02-15T08:48:24","slug":"eramus","status":"publish","type":"page","link":"https:\/\/blogsaverroes.juntadeandalucia.es\/ceperretamar\/planes-y-proyectos\/eramus\/","title":{"rendered":"ERASMUS +"},"content":{"rendered":"<p align=\"justify\"><span style=\"font-family: Liberation Serif, serif\"><span style=\"font-size: medium\"><span style=\"color: #000000\"><span style=\"font-family: Arial, serif\">La historia del C.E.Per Retamar con los <strong>Proyectos Europeos<\/strong> se remonta al a\u00f1o 2012, cuando contact\u00f3 un centro de Italia interesado en solicitar una asociaci\u00f3n de aprendizaje para compartir experiencias y mejorar la educaci\u00f3n permanente en las prisiones europeas.<\/span><\/span><\/span><\/span><\/p>\n<p align=\"justify\"><span style=\"font-family: Liberation Serif, serif\"><span style=\"font-size: medium\"><span style=\"color: #000000\"><span style=\"font-family: Arial, serif\">Hasta ese momento, el&nbsp; C.E.Per Retamar no se hab\u00eda planteado participar en ning\u00fan proyecto europeo, por desconocimiento, entre otras cosas, y por dar por hecho que no tendr\u00edamos cabida dada la imposibilidad de nuestro alumnado de realizar movilidades.<\/span><\/span><\/span><\/span><\/p>\n<p align=\"justify\"><span style=\"font-family: Liberation Serif, serif\"><span style=\"font-size: medium\"><span style=\"color: #000000\"><span style=\"font-family: Arial, serif\">Despu\u00e9s de un intenso y productivo debate en los \u00f3rganos del Centro, solicitamos la participaci\u00f3n, pero no salimos adelante en el primer intento. Se volvi\u00f3 a solicitar en el 2013 y se aprob\u00f3 el Proyecto <\/span><\/span><span style=\"color: #000000\"><span style=\"font-family: Arial, serif\"><b>\u201cON \/ OFF: Exchange of methodologies in the education of detainees<\/b><\/span><\/span><span style=\"color: #000000\"><span style=\"font-family: Arial, serif\">\u201d, Asociaci\u00f3n de Aprendizaje Permanente Grundtvig, formada por instituciones de Sicilia, Cerde\u00f1a, Francia, Portugal y Espa\u00f1a (CEPER Retamar).<\/span><\/span><\/span><\/span><\/p>\n<p align=\"justify\"><span style=\"font-family: Liberation Serif, serif\"><span style=\"font-size: medium\"><span style=\"color: #000000\"><span style=\"font-family: Arial, serif\">Esta primera toma de <span style=\"color: #000000\">contacto con el \u201cuniverso erasmus\u201d supuso para el centro una experiencia sumamente enriquecedora, al permitirnos compartir y conocer otras formas de trabajo, as\u00ed como una inyecci\u00f3n de motivaci\u00f3n por la puesta en valor de nuestras actuaciones educativas, muchas de las cuales han sido consideradas positivamente e incluso imitadas por el resto de miembros de la <\/span><\/span><\/span><span style=\"font-family: Arial, serif;color: #000000\">Asociaci\u00f3n de Aprendizaje Permanente, como son:<\/span><\/span><\/span><\/p>\n<ul>\n<li style=\"list-style-type: none\">\n<ul>\n<li>\n<p align=\"justify\"><span style=\"font-family: Liberation Serif, serif;color: #000000\"><span style=\"font-size: medium\"><span style=\"font-family: Arial, serif\"><b>Actuaciones para conseguir competencias <\/b><\/span><span style=\"font-family: Arial, serif\">necesarias para la reinserci\u00f3n social y laboral (planes de Cultura Emprendedora: Creando Empresa, Acceso a Ciclos Formativos, tambi\u00e9n la colaboraci\u00f3n con el Centro Penitenciario en los Cursos de Formaci\u00f3n Ocupacional del Fondo Social Europeo\u2026).<\/span><\/span><\/span><\/p>\n<\/li>\n<li>\n<p align=\"justify\"><span style=\"font-family: Liberation Serif, serif;color: #000000\"><span style=\"font-size: medium\"><span style=\"font-family: Arial, serif\"><b>Interacci\u00f3n alumn@ \u2013 maestr@ <\/b><\/span><span style=\"font-family: Arial, serif\">(plan Una Propuesta de Paz y Tolerancia en Entornos Cerrados, dentro del programa Escuela Espacio de Paz)<\/span><span style=\"font-family: Arial, serif\">.<\/span><\/span><\/span><\/p>\n<\/li>\n<li>\n<p align=\"justify\"><span style=\"font-family: Liberation Serif, serif;color: #000000\"><span style=\"font-size: medium\"><span style=\"font-family: Arial, serif\"><b>Participaci\u00f3n del alumnado <\/b><\/span><span style=\"font-family: Arial, serif\">en los \u00f3rganos de gobierno del Centro, participaci\u00f3n en la Junta de Delegados, Comisi\u00f3n de Convivencia, Comisi\u00f3n Econ\u00f3mica y Consejo de Centro.<\/span><\/span><\/span><\/p>\n<\/li>\n<li>\n<p align=\"justify\"><span style=\"font-family: Liberation Serif, serif\"><span style=\"font-size: medium\"><span style=\"font-family: Arial, serif;color: #000000\"><b>Coordinaci\u00f3n <\/b><\/span><span style=\"font-family: Arial, serif\"><span style=\"color: #000000\">y colaboraci\u00f3n con el Centro Penitenciario, con la participaci\u00f3n en los equipos de tratamiento, equipos t\u00e9cnicos de los m\u00f3dulos: de respeto, UTE, educativo\u2026<\/span> <\/span><\/span><\/span><\/p>\n<\/li>\n<\/ul>\n<\/li>\n<\/ul>\n<p align=\"justify\"><span style=\"font-family: Liberation Serif, serif\"><span style=\"font-size: medium\"><span style=\"color: #000000\"><span style=\"font-family: Arial, serif\">Durante las \u00faltimas reuniones de este primer proyecto, los compa\u00f1eros franceses nos propusieron trabajar en un nuevo proyecto Erasmus + KA-2 (<\/span><\/span><span style=\"color: #202124\"><span style=\"font-family: Arial, serif\"><i>Cooperaci\u00f3n para la Innovaci\u00f3n y el Intercambio de Buenas Pr\u00e1cticas<\/i><\/span><\/span><span style=\"color: #202124\"><span style=\"font-family: Arial, serif\">)&nbsp;<\/span><\/span><span style=\"color: #000000\"><span style=\"font-family: Arial, serif\">para fomentar el sentimiento de ciudadan\u00eda europea a trav\u00e9s de valores c\u00edvicos y sociales, y surgi\u00f3 as\u00ed <\/span><\/span><span style=\"color: #000000\"><span style=\"font-family: Arial, serif\"><b>CITI-VAL (CITIzenship VALues o Valores de Ciudadan\u00eda<\/b><\/span><\/span><span style=\"color: #000000\"><span style=\"font-family: Arial, serif\">), que se qued\u00f3 a las puertas de su aprobaci\u00f3n.<\/span><\/span><\/span><\/span><\/p>\n<p align=\"justify\"><span style=\"font-family: Liberation Serif, serif\"><span style=\"font-size: medium\"><span style=\"color: #000000\"><span style=\"font-family: Arial, serif\">Se volvi\u00f3 a solicitar en el curso 2015\/2016 y, a\u00fan a la espera de su aprobaci\u00f3n, surgi\u00f3 la posibilidad de un nuevo proyecto, en este caso un KA-3 <\/span><\/span><span style=\"color: #000000\"><span style=\"font-family: Arial, serif\"><i>(Apoyo a la reforma de las pol\u00edticas. La inclusi\u00f3n social mediante la educaci\u00f3n, la formaci\u00f3n y la juventud)<\/i><\/span><\/span><span style=\"color: #000000\"><span style=\"font-family: Arial, serif\">. Este nuevo proyecto, al que llamamos <\/span><\/span><span style=\"color: #000000\"><span style=\"font-family: Arial, serif\"><b>SERA (SEcularismo y RAdicalizaci\u00f3n<\/b><\/span><\/span><span style=\"color: #000000\"><span style=\"font-family: Arial, serif\">), naci\u00f3 de la necesidad de responder ante los tristes acontecimientos recientes ocurridos en diferentes puntos de Europa (atentados terroristas en Francia &#8211; Charlie Hebdo, sala Batacl\u00e1n -, B\u00e9lgica, Reino Unido). SERA y CITI-VAL se complementaban a la perfecci\u00f3n, ya que mediante el fortalecimiento del aprendizaje de valores c\u00edvicos, sociales y morales (CITI-VAL), se podr\u00eda contribuir al mismo tiempo a prevenir y combatir fen\u00f3menos de radicalizaci\u00f3n en espacios cerrados mediante el aprendizaje y consolidaci\u00f3n de los valores que fundamentan el secularismo (SERA).<\/span><\/span><\/span><\/span><\/p>\n<p align=\"justify\"><span style=\"font-family: Liberation Serif, serif\"><span style=\"font-size: medium\"><span style=\"color: #000000\"><span style=\"font-family: Arial, serif\">Ambos proyectos fueron aprobados y continu\u00f3 as\u00ed nuestra atareada pero fruct\u00edfera andadura con los proyectos europeos. CITI-VAL tuvo su fin en agosto de 2018, y SERA en mayo de 2019. <\/span><\/span><\/span><\/span><\/p>\n<p align=\"justify\"><span style=\"font-family: Liberation Serif, serif\"><span style=\"font-size: medium\"><span style=\"color: #000000\"><span style=\"font-family: Arial, serif\">Todo el Centro se involucr\u00f3 en los proyectos, tanto el profesorado como el alumnado, ya que la elaboraci\u00f3n de material requiere no solo de la experiencia del profesorado y otros profesionales del \u00e1mbito educativo, sino tambi\u00e9n de la valiosa informaci\u00f3n que nuestro alumnado pueda aportar al respecto de dicho material.<\/span><\/span><\/span><\/span><\/p>\n<p><span style=\"font-family: Liberation Serif, serif;color: #000000\"><span style=\"font-size: medium\"><span style=\"font-family: Arial, serif\">&nbsp;<\/span><\/span><\/span><\/p>\n<p><span style=\"font-family: Liberation Serif, serif;color: #000000\"><span style=\"font-size: medium\"><span style=\"font-family: Arial, serif\">&nbsp;<\/span><\/span><\/span><\/p>\n<p><span style=\"color: #000000\">Aqu\u00ed os ten\u00e9is la presentaci\u00f3n del <strong>JOBSHADOWING<\/strong> que ha tenido lugar este curso:<\/span><\/p>\n<p><iframe loading=\"lazy\" src=\"https:\/\/onedrive.live.com\/embed?cid=CEF7B99B8E68628C&amp;resid=CEF7B99B8E68628C%21106&amp;authkey=AH2VLwRXe2Ql1cY&amp;em=2\" scrolling=\"no\" width=\"476\" height=\"288\" frameborder=\"0\"><\/iframe><\/p>\n","protected":false},"excerpt":{"rendered":"<p>La historia del C.E.Per Retamar con los Proyectos Europeos se remonta al a\u00f1o 2012, cuando contact\u00f3 un centro de Italia interesado en solicitar una asociaci\u00f3n de aprendizaje para compartir experiencias y mejorar la educaci\u00f3n permanente en las prisiones europeas. Hasta&#46;&#46;&#46;<\/p>\n","protected":false},"author":13652,"featured_media":0,"parent":850,"menu_order":5,"comment_status":"closed","ping_status":"closed","template":"","meta":{"ngg_post_thumbnail":0,"footnotes":""},"aioseo_notices":[],"_links":{"self":[{"href":"https:\/\/blogsaverroes.juntadeandalucia.es\/ceperretamar\/wp-json\/wp\/v2\/pages\/1566"}],"collection":[{"href":"https:\/\/blogsaverroes.juntadeandalucia.es\/ceperretamar\/wp-json\/wp\/v2\/pages"}],"about":[{"href":"https:\/\/blogsaverroes.juntadeandalucia.es\/ceperretamar\/wp-json\/wp\/v2\/types\/page"}],"author":[{"embeddable":true,"href":"https:\/\/blogsaverroes.juntadeandalucia.es\/ceperretamar\/wp-json\/wp\/v2\/users\/13652"}],"replies":[{"embeddable":true,"href":"https:\/\/blogsaverroes.juntadeandalucia.es\/ceperretamar\/wp-json\/wp\/v2\/comments?post=1566"}],"version-history":[{"count":17,"href":"https:\/\/blogsaverroes.juntadeandalucia.es\/ceperretamar\/wp-json\/wp\/v2\/pages\/1566\/revisions"}],"predecessor-version":[{"id":1899,"href":"https:\/\/blogsaverroes.juntadeandalucia.es\/ceperretamar\/wp-json\/wp\/v2\/pages\/1566\/revisions\/1899"}],"up":[{"embeddable":true,"href":"https:\/\/blogsaverroes.juntadeandalucia.es\/ceperretamar\/wp-json\/wp\/v2\/pages\/850"}],"wp:attachment":[{"href":"https:\/\/blogsaverroes.juntadeandalucia.es\/ceperretamar\/wp-json\/wp\/v2\/media?parent=1566"}],"curies":[{"name":"wp","href":"https:\/\/api.w.org\/{rel}","templated":true}]}}

<p align="justify"><span style="font-family: Liberation Serif, serif"><span style="font-size: medium"><span style="color: #000000"><span style="font-family: Arial, serif">La historia del C.E.Per Retamar con los <strong>Proyectos Europeos</strong> se remonta al año 2012, cuando contactó un centro de Italia interesado en solicitar una asociación de aprendizaje para compartir experiencias y mejorar la educación permanente en las prisiones europeas.</span></span></span></span></p>
<p align="justify"><span style="font-family: Liberation Serif, serif"><span style="font-size: medium"><span style="color: #000000"><span style="font-family: Arial, serif">Hasta ese momento, el&nbsp; C.E.Per Retamar no se había planteado participar en ningún proyecto europeo, por desconocimiento, entre otras cosas, y por dar por hecho que no tendríamos cabida dada la imposibilidad de nuestro alumnado de realizar movilidades.</span></span></span></span></p>
<p align="justify"><span style="font-family: Liberation Serif, serif"><span style="font-size: medium"><span style="color: #000000"><span style="font-family: Arial, serif">Después de un intenso y productivo debate en los órganos del Centro, solicitamos la participación, pero no salimos adelante en el primer intento. Se volvió a solicitar en el 2013 y se aprobó el Proyecto </span></span><span style="color: #000000"><span style="font-family: Arial, serif"><b>“ON / OFF: Exchange of methodologies in the education of detainees</b></span></span><span style="color: #000000"><span style="font-family: Arial, serif">”, Asociación de Aprendizaje Permanente Grundtvig, formada por instituciones de Sicilia, Cerdeña, Francia, Portugal y España (CEPER Retamar).</span></span></span></span></p>
<p align="justify"><span style="font-family: Liberation Serif, serif"><span style="font-size: medium"><span style="color: #000000"><span style="font-family: Arial, serif">Esta primera toma de <span style="color: #000000">contacto con el “universo erasmus” supuso para el centro una experiencia sumamente enriquecedora, al permitirnos compartir y conocer otras formas de trabajo, así como una inyección de motivación por la puesta en valor de nuestras actuaciones educativas, muchas de las cuales han sido consideradas positivamente e incluso imitadas por el resto de miembros de la </span></span></span><span style="font-family: Arial, serif;color: #000000">Asociación de Aprendizaje Permanente, como son:</span></span></span></p>
<ul>
<li style="list-style-type: none">
<ul>
<li>
<p align="justify"><span style="font-family: Liberation Serif, serif;color: #000000"><span style="font-size: medium"><span style="font-family: Arial, serif"><b>Actuaciones para conseguir competencias </b></span><span style="font-family: Arial, serif">necesarias para la reinserción social y laboral (planes de Cultura Emprendedora: Creando Empresa, Acceso a Ciclos Formativos, también la colaboración con el Centro Penitenciario en los Cursos de Formación Ocupacional del Fondo Social Europeo…).</span></span></span></p>
</li>
<li>
<p align="justify"><span style="font-family: Liberation Serif, serif;color: #000000"><span style="font-size: medium"><span style="font-family: Arial, serif"><b>Interacción alumn@ – maestr@ </b></span><span style="font-family: Arial, serif">(plan Una Propuesta de Paz y Tolerancia en Entornos Cerrados, dentro del programa Escuela Espacio de Paz)</span><span style="font-family: Arial, serif">.</span></span></span></p>
</li>
<li>
<p align="justify"><span style="font-family: Liberation Serif, serif;color: #000000"><span style="font-size: medium"><span style="font-family: Arial, serif"><b>Participación del alumnado </b></span><span style="font-family: Arial, serif">en los órganos de gobierno del Centro, participación en la Junta de Delegados, Comisión de Convivencia, Comisión Económica y Consejo de Centro.</span></span></span></p>
</li>
<li>
<p align="justify"><span style="font-family: Liberation Serif, serif"><span style="font-size: medium"><span style="font-family: Arial, serif;color: #000000"><b>Coordinación </b></span><span style="font-family: Arial, serif"><span style="color: #000000">y colaboración con el Centro Penitenciario, con la participación en los equipos de tratamiento, equipos técnicos de los módulos: de respeto, UTE, educativo…</span> </span></span></span></p>
</li>
</ul>
</li>
</ul>
<p align="justify"><span style="font-family: Liberation Serif, serif"><span style="font-size: medium"><span style="color: #000000"><span style="font-family: Arial, serif">Durante las últimas reuniones de este primer proyecto, los compañeros franceses nos propusieron trabajar en un nuevo proyecto Erasmus + KA-2 (</span></span><span style="color: #202124"><span style="font-family: Arial, serif"><i>Cooperación para la Innovación y el Intercambio de Buenas Prácticas</i></span></span><span style="color: #202124"><span style="font-family: Arial, serif">)&nbsp;</span></span><span style="color: #000000"><span style="font-family: Arial, serif">para fomentar el sentimiento de ciudadanía europea a través de valores cívicos y sociales, y surgió así </span></span><span style="color: #000000"><span style="font-family: Arial, serif"><b>CITI-VAL (CITIzenship VALues o Valores de Ciudadanía</b></span></span><span style="color: #000000"><span style="font-family: Arial, serif">), que se quedó a las puertas de su aprobación.</span></span></span></span></p>
<p align="justify"><span style="font-family: Liberation Serif, serif"><span style="font-size: medium"><span style="color: #000000"><span style="font-family: Arial, serif">Se volvió a solicitar en el curso 2015/2016 y, aún a la espera de su aprobación, surgió la posibilidad de un nuevo proyecto, en este caso un KA-3 </span></span><span style="color: #000000"><span style="font-family: Arial, serif"><i>(Apoyo a la reforma de las políticas. La inclusión social mediante la educación, la formación y la juventud)</i></span></span><span style="color: #000000"><span style="font-family: Arial, serif">. Este nuevo proyecto, al que llamamos </span></span><span style="color: #000000"><span style="font-family: Arial, serif"><b>SERA (SEcularismo y RAdicalización</b></span></span><span style="color: #000000"><span style="font-family: Arial, serif">), nació de la necesidad de responder ante los tristes acontecimientos recientes ocurridos en diferentes puntos de Europa (atentados terroristas en Francia &#8211; Charlie Hebdo, sala Bataclán -, Bélgica, Reino Unido). SERA y CITI-VAL se complementaban a la perfección, ya que mediante el fortalecimiento del aprendizaje de valores cívicos, sociales y morales (CITI-VAL), se podría contribuir al mismo tiempo a prevenir y combatir fenómenos de radicalización en espacios cerrados mediante el aprendizaje y consolidación de los valores que fundamentan el secularismo (SERA).</span></span></span></span></p>
<p align="justify"><span style="font-family: Liberation Serif, serif"><span style="font-size: medium"><span style="color: #000000"><span style="font-family: Arial, serif">Ambos proyectos fueron aprobados y continuó así nuestra atareada pero fructífera andadura con los proyectos europeos. CITI-VAL tuvo su fin en agosto de 2018, y SERA en mayo de 2019. </span></span></span></span></p>
<p align="justify"><span style="font-family: Liberation Serif, serif"><span style="font-size: medium"><span style="color: #000000"><span style="font-family: Arial, serif">Todo el Centro se involucró en los proyectos, tanto el profesorado como el alumnado, ya que la elaboración de material requiere no solo de la experiencia del profesorado y otros profesionales del ámbito educativo, sino también de la valiosa información que nuestro alumnado pueda aportar al respecto de dicho material.</span></span></span></span></p>
<p><span style="font-family: Liberation Serif, serif;color: #000000"><span style="font-size: medium"><span style="font-family: Arial, serif">&nbsp;</span></span></span></p>
<p><span style="font-family: Liberation Serif, serif;color: #000000"><span style="font-size: medium"><span style="font-family: Arial, serif">&nbsp;</span></span></span></p>
<p><span style="color: #000000">Aquí os tenéis la presentación del <strong>JOBSHADOWING</strong> que ha tenido lugar este curso:</span></p>
<p><iframe loading="lazy" src="https://onedrive.live.com/embed?cid=CEF7B99B8E68628C&amp;resid=CEF7B99B8E68628C%21106&amp;authkey=AH2VLwRXe2Ql1cY&amp;em=2" scrolling="no" width="476" height="288" frameborder="0"></iframe></p>

<p>La historia del C.E.Per Retamar con los Proyectos Europeos se remonta al año 2012, cuando contactó un centro de Italia interesado en solicitar una asociación de aprendizaje para compartir experiencias y mejorar la educación permanente en las prisiones europeas. Hasta&#46;&#46;&#46;</p>
