{"id":1695,"date":"2022-01-12T14:02:31","date_gmt":"2022-01-12T13:02:31","guid":{"rendered":"https:\/\/blogsaverroes.juntadeandalucia.es\/ceperretamar\/?page_id=1695"},"modified":"2022-01-12T14:06:12","modified_gmt":"2022-01-12T13:06:12","slug":"sera-y-citi-val","status":"publish","type":"page","link":"https:\/\/blogsaverroes.juntadeandalucia.es\/ceperretamar\/sera-y-citi-val\/","title":{"rendered":"SERA y CITI-VAL"},"content":{"rendered":"<p>A continuaci\u00f3n, describimos brevemente en qu\u00e9 consisti\u00f3 el trabajo realizado en los dos proyectos.<\/p>\n<p><img loading=\"lazy\" decoding=\"async\" class=\"size-medium wp-image-1672 alignright\" src=\"https:\/\/blogsaverroes.juntadeandalucia.es\/ceperretamar\/files\/2022\/01\/citi-val-300x217.jpg\" alt=\"\" width=\"300\" height=\"217\" srcset=\"https:\/\/blogsaverroes.juntadeandalucia.es\/ceperretamar\/files\/2022\/01\/citi-val-300x217.jpg 300w, https:\/\/blogsaverroes.juntadeandalucia.es\/ceperretamar\/files\/2022\/01\/citi-val-24x17.jpg 24w, https:\/\/blogsaverroes.juntadeandalucia.es\/ceperretamar\/files\/2022\/01\/citi-val-36x26.jpg 36w, https:\/\/blogsaverroes.juntadeandalucia.es\/ceperretamar\/files\/2022\/01\/citi-val-48x35.jpg 48w, https:\/\/blogsaverroes.juntadeandalucia.es\/ceperretamar\/files\/2022\/01\/citi-val.jpg 498w\" sizes=\"(max-width: 300px) 100vw, 300px\" \/>El consorcio de <b>CITI-VAL<\/b> lo componen:<\/p>\n<p>\u2013 Euro \u2013 Comp\u00e9tences et Initiatives pour le D\u00e9veloppement de l\u2019Entrepreneuriat Solidaire Euro-CIDES (Coordinador). (Le Tuzan, Francia).<\/p>\n<p><span lang=\"en-US\">\u2013 Ministerium der Justiz Rheiland-Pfalz (Mainz, Alemania).<\/span><\/p>\n<p>\u2013 Centro de Educaci\u00f3n Permanente Retamar (Almer\u00eda, Espa\u00f1a).<\/p>\n<p><span lang=\"en-US\">\u2013 FORESEE \/ National University of Public Service Faculty of Law Enforcement (Budapest, Hungr\u00eda).<\/span><\/p>\n<p><span lang=\"en-US\">\u2013 Ankara \u0130l Milli E\u011fitim M\u00fcd\u00fcrl\u00fc\u011f\u00fc (Ankara, Turqu\u00eda).<\/span><\/p>\n<p>El objetivo final de esta asociaci\u00f3n era crear un paquete pedag\u00f3gico con material educativo de 62 horas de duraci\u00f3n.<\/p>\n<p>Como tarea previa a la creaci\u00f3n del material, se realiz\u00f3 un an\u00e1lisis de experiencias educativas existentes que pudieran inspirarnos para nuestra labor. Luego, decidimos acordar aquellos valores que quer\u00edamos que nuestros alumnos\/as trabajaran y reflejarlos en diferentes temas. Seleccionamos 7 valores \u2013 <strong>respeto, libertad, paz,<\/strong> <strong>solidaridad, sentido del deber, pensamiento cr\u00edtico, lealtad a la constituci\u00f3n<\/strong> \u2013 y alrededor de unos 20 temas \u2013 <strong>democracia, instituciones europeas, ciudadan\u00eda, discapacidad, medios de comunicaci\u00f3n, igualdad, dilemas morales, resoluci\u00f3n de conflictos, etnicidad y diversidad<\/strong>\u2026 entre otros. A partir de aqu\u00ed comenzamos a trabajar en el dise\u00f1o de una plantilla de unidad did\u00e1ctica que sirviera como gu\u00eda para la puesta en pr\u00e1ctica y que incluir\u00eda puntos esenciales como objetivos, organizaci\u00f3n del aula, actividades, competencias clave a desarrollar, materiales, etc. Repartimos este trabajo de creaci\u00f3n entre todos los socios e, incluso, alg\u00fan alumno contribuy\u00f3 de forma especial y m\u00e1s que positiva en el dise\u00f1o de una unidad. En total se dise\u00f1aron 32 unidades pedag\u00f3gicas, que fueron testadas por alumnos\/as de las prisiones de cada pa\u00eds (cada pa\u00eds implement\u00f3 entre 6 o 7 unidades dise\u00f1adas por otros socios). Con los correspondientes instrumentos y m\u00e9todos, se evaluaron los resultados obtenidos de la puesta en pr\u00e1ctica de cada unidad, lo que sirvi\u00f3 para mejorar sustancialmente y reajustar aspectos diferentes de las unidades. Por \u00faltimo, se realiz\u00f3 el trabajo de maquetado digital del paquete pedag\u00f3gico resultante. Nos alegra poder compartir este material con todo aqu\u00e9l que lo desee, y que puede consultarse y descargarse en ingl\u00e9s y en cada una de las lenguas maternas de los pa\u00edses participantes en el siguiente<a href=\"http:\/\/euro-cides.eu\/citival\/pages\/pages.php?title=Welcome\"> enlace.<\/a><\/p>\n<p>&nbsp;<\/p>\n<p><img loading=\"lazy\" decoding=\"async\" class=\" wp-image-1669 alignleft\" src=\"https:\/\/blogsaverroes.juntadeandalucia.es\/ceperretamar\/files\/2022\/01\/sera-256x300.png\" alt=\"\" width=\"204\" height=\"239\" srcset=\"https:\/\/blogsaverroes.juntadeandalucia.es\/ceperretamar\/files\/2022\/01\/sera-256x300.png 256w, https:\/\/blogsaverroes.juntadeandalucia.es\/ceperretamar\/files\/2022\/01\/sera-20x24.png 20w, https:\/\/blogsaverroes.juntadeandalucia.es\/ceperretamar\/files\/2022\/01\/sera-31x36.png 31w, https:\/\/blogsaverroes.juntadeandalucia.es\/ceperretamar\/files\/2022\/01\/sera-41x48.png 41w, https:\/\/blogsaverroes.juntadeandalucia.es\/ceperretamar\/files\/2022\/01\/sera.png 484w\" sizes=\"(max-width: 204px) 100vw, 204px\" \/>En <b>SERA<\/b>, trabajamos diferentes profesionales del \u00e1mbito educativo y judicial de:<\/p>\n<p><span lang=\"en-US\">\u2013 University College Leuven Limburg \u2013 Groep Welzijn ( Diepenbeek, B\u00e9lgica).<\/span><\/p>\n<p>\u2013 Centro de Educaci\u00f3n Permanente Retamar \u2013 Consejer\u00eda de Educaci\u00f3n de la Junta de Andaluc\u00eda (Almer\u00eda, Espa\u00f1a).<\/p>\n<p>\u2013 Euro \u2013 Comp\u00e9tences et Initiatives pour le D\u00e9veloppement de l\u2019Entrepreneuriat Solidaire Euro-CIDES (Coordinador) (Le Tuzan, Francia).<\/p>\n<p>\u2013 Dipartiment tal-Kriminolo\u0121ija \/ L-Universit\u00e0 ta\u2019 Malta (Msida, Malta).<\/p>\n<p>\u2013 Ankara \u0130l Milli E\u011fitim M\u00fcd\u00fcrl\u00fc\u011f\u00fc (Ankara, Turqu\u00eda).<\/p>\n<p>El objetivo principal de esta asociaci\u00f3n fue la creaci\u00f3n de un curso intensivo de 4 semanas (6 horas diarias durante 5 d\u00edas), con un total de 120 horas. Este dise\u00f1o se repite durante 2 meses m\u00e1s, con actividades diferentes, pudiendo alcanzar as\u00ed un total de 360 horas.<\/p>\n<p>El punto de partida para el dise\u00f1o del curso fueron las teor\u00edas de la motivaci\u00f3n que mueve la conducta humana de Maslow y Pinto, que, combinadas, abarcan tanto un enfoque individualista (satisfacci\u00f3n de necesidades fisiol\u00f3gicas y de seguridad, seg\u00fan Maslow) como colectivo o grupal (necesidad de complacer, ponerse en el lugar del otro, seg\u00fan Pinto). Con estas premisas, se plantean una serie de <b>hilos conductores<\/b> (necesidades primarias, bienestar f\u00edsico, cooperaci\u00f3n\/trabajo en equipo, reflexi\u00f3n, valores y actividades educativas) que, mediante unas <b>\u00e1reas <\/b>concretas (psicolog\u00eda, interculturalidad, educaci\u00f3n, social, creencias) y desde las <b>dimensiones<\/b> personal, individual y colectiva, gu\u00edan el trabajo a realizar en las aulas con los internos\/alumnos. Una vez se terminaron de dise\u00f1ar las actividades, las unidades pedag\u00f3gicas resultantes fueron testadas en diferentes instituciones de cada pa\u00eds miembro del consorcio.<\/p>\n<p>Por el momento se puede consultar y descargar el material pedag\u00f3gico en su versi\u00f3n inglesa en la <a href=\"http:\/\/www.euro-cides.eu\/SERA\/,\">plataforma del proyecto<\/a> , que m\u00e1s adelante se actualizar\u00e1 y completar\u00e1 con las versiones en las dem\u00e1s lenguas. Asimismo, podr\u00e1 estar pr\u00f3ximamente disponible en las plataformas ERASMUS+, E-Twinning, EPALE y en las correspondientes p\u00e1ginas webs de las instituciones y organismos participantes.<\/p>\n<p>A modo de conclusi\u00f3n y como mensaje alentador para continuar trabajando en la mejora de la inclusi\u00f3n social y la reinserci\u00f3n a trav\u00e9s de las buenas pr\u00e1cticas, nos gustar\u00eda recalcar los aspectos positivos que todo este trabajo ha supuesto para nosotros:<\/p>\n<ul>\n<li>\n<ul>\n<li>Alto grado de motivaci\u00f3n.<\/li>\n<li>Mayor calidad educativa.<\/li>\n<li>Consecuci\u00f3n de retos educativos.<\/li>\n<li>Conocimiento de otras din\u00e1micas educativas inmersas en otras culturas que podamos adaptar a nuestro medio.<\/li>\n<li>Refuerzo de nuestra actuaci\u00f3n diaria en el aula, al comprobar que nuestra forma de trabajo, la organizaci\u00f3n, la participaci\u00f3n del alumnado en el centro o las actuaciones y m\u00e9todos que seguimos han resultado novedosos y atractivos para el resto de pa\u00edses que nos han visitado.<\/li>\n<li>Elaboraci\u00f3n de nuevos materiales educativos de forma colaborativa con otros centros con sistemas educativos y legislativos diferentes.<\/li>\n<li>Y, por encima de todo, la mejora global de nuestro Centro, con otras nuevas propuestas did\u00e1cticas que se incorporan al curr\u00edculo de nuestro alumnado y que dan una necesaria respuesta a algunas problem\u00e1ticas crecientes en la actualidad que urgen ser abordadas a nivel institucional desde un plano psico-social, educativo y emocional, como es el fen\u00f3meno de los extremismos y radicalismos violentos.<\/li>\n<\/ul>\n<\/li>\n<\/ul>\n<p>&nbsp;<\/p>\n","protected":false},"excerpt":{"rendered":"<p>A continuaci\u00f3n, describimos brevemente en qu\u00e9 consisti\u00f3 el trabajo realizado en los dos proyectos. El consorcio de CITI-VAL lo componen: \u2013 Euro \u2013 Comp\u00e9tences et Initiatives pour le D\u00e9veloppement de l\u2019Entrepreneuriat Solidaire Euro-CIDES (Coordinador). (Le Tuzan, Francia). \u2013 Ministerium der&#46;&#46;&#46;<\/p>\n","protected":false},"author":13652,"featured_media":0,"parent":0,"menu_order":0,"comment_status":"closed","ping_status":"closed","template":"","meta":{"ngg_post_thumbnail":0,"footnotes":""},"aioseo_notices":[],"_links":{"self":[{"href":"https:\/\/blogsaverroes.juntadeandalucia.es\/ceperretamar\/wp-json\/wp\/v2\/pages\/1695"}],"collection":[{"href":"https:\/\/blogsaverroes.juntadeandalucia.es\/ceperretamar\/wp-json\/wp\/v2\/pages"}],"about":[{"href":"https:\/\/blogsaverroes.juntadeandalucia.es\/ceperretamar\/wp-json\/wp\/v2\/types\/page"}],"author":[{"embeddable":true,"href":"https:\/\/blogsaverroes.juntadeandalucia.es\/ceperretamar\/wp-json\/wp\/v2\/users\/13652"}],"replies":[{"embeddable":true,"href":"https:\/\/blogsaverroes.juntadeandalucia.es\/ceperretamar\/wp-json\/wp\/v2\/comments?post=1695"}],"version-history":[{"count":2,"href":"https:\/\/blogsaverroes.juntadeandalucia.es\/ceperretamar\/wp-json\/wp\/v2\/pages\/1695\/revisions"}],"predecessor-version":[{"id":1700,"href":"https:\/\/blogsaverroes.juntadeandalucia.es\/ceperretamar\/wp-json\/wp\/v2\/pages\/1695\/revisions\/1700"}],"wp:attachment":[{"href":"https:\/\/blogsaverroes.juntadeandalucia.es\/ceperretamar\/wp-json\/wp\/v2\/media?parent=1695"}],"curies":[{"name":"wp","href":"https:\/\/api.w.org\/{rel}","templated":true}]}}

<p>A continuación, describimos brevemente en qué consistió el trabajo realizado en los dos proyectos.</p>
<p><img loading="lazy" decoding="async" class="size-medium wp-image-1672 alignright" src="https://blogsaverroes.juntadeandalucia.es/ceperretamar/files/2022/01/citi-val-300x217.jpg" alt="" width="300" height="217" srcset="https://blogsaverroes.juntadeandalucia.es/ceperretamar/files/2022/01/citi-val-300x217.jpg 300w, https://blogsaverroes.juntadeandalucia.es/ceperretamar/files/2022/01/citi-val-24x17.jpg 24w, https://blogsaverroes.juntadeandalucia.es/ceperretamar/files/2022/01/citi-val-36x26.jpg 36w, https://blogsaverroes.juntadeandalucia.es/ceperretamar/files/2022/01/citi-val-48x35.jpg 48w, https://blogsaverroes.juntadeandalucia.es/ceperretamar/files/2022/01/citi-val.jpg 498w" sizes="(max-width: 300px) 100vw, 300px" />El consorcio de <b>CITI-VAL</b> lo componen:</p>
<p>– Euro – Compétences et Initiatives pour le Développement de l’Entrepreneuriat Solidaire Euro-CIDES (Coordinador). (Le Tuzan, Francia).</p>
<p><span lang="en-US">– Ministerium der Justiz Rheiland-Pfalz (Mainz, Alemania).</span></p>
<p>– Centro de Educación Permanente Retamar (Almería, España).</p>
<p><span lang="en-US">– FORESEE / National University of Public Service Faculty of Law Enforcement (Budapest, Hungría).</span></p>
<p><span lang="en-US">– Ankara İl Milli Eğitim Müdürlüğü (Ankara, Turquía).</span></p>
<p>El objetivo final de esta asociación era crear un paquete pedagógico con material educativo de 62 horas de duración.</p>
<p>Como tarea previa a la creación del material, se realizó un análisis de experiencias educativas existentes que pudieran inspirarnos para nuestra labor. Luego, decidimos acordar aquellos valores que queríamos que nuestros alumnos/as trabajaran y reflejarlos en diferentes temas. Seleccionamos 7 valores – <strong>respeto, libertad, paz,</strong> <strong>solidaridad, sentido del deber, pensamiento crítico, lealtad a la constitución</strong> – y alrededor de unos 20 temas – <strong>democracia, instituciones europeas, ciudadanía, discapacidad, medios de comunicación, igualdad, dilemas morales, resolución de conflictos, etnicidad y diversidad</strong>… entre otros. A partir de aquí comenzamos a trabajar en el diseño de una plantilla de unidad didáctica que sirviera como guía para la puesta en práctica y que incluiría puntos esenciales como objetivos, organización del aula, actividades, competencias clave a desarrollar, materiales, etc. Repartimos este trabajo de creación entre todos los socios e, incluso, algún alumno contribuyó de forma especial y más que positiva en el diseño de una unidad. En total se diseñaron 32 unidades pedagógicas, que fueron testadas por alumnos/as de las prisiones de cada país (cada país implementó entre 6 o 7 unidades diseñadas por otros socios). Con los correspondientes instrumentos y métodos, se evaluaron los resultados obtenidos de la puesta en práctica de cada unidad, lo que sirvió para mejorar sustancialmente y reajustar aspectos diferentes de las unidades. Por último, se realizó el trabajo de maquetado digital del paquete pedagógico resultante. Nos alegra poder compartir este material con todo aquél que lo desee, y que puede consultarse y descargarse en inglés y en cada una de las lenguas maternas de los países participantes en el siguiente<a href="http://euro-cides.eu/citival/pages/pages.php?title=Welcome"> enlace.</a></p>
<p>&nbsp;</p>
<p><img loading="lazy" decoding="async" class=" wp-image-1669 alignleft" src="https://blogsaverroes.juntadeandalucia.es/ceperretamar/files/2022/01/sera-256x300.png" alt="" width="204" height="239" srcset="https://blogsaverroes.juntadeandalucia.es/ceperretamar/files/2022/01/sera-256x300.png 256w, https://blogsaverroes.juntadeandalucia.es/ceperretamar/files/2022/01/sera-20x24.png 20w, https://blogsaverroes.juntadeandalucia.es/ceperretamar/files/2022/01/sera-31x36.png 31w, https://blogsaverroes.juntadeandalucia.es/ceperretamar/files/2022/01/sera-41x48.png 41w, https://blogsaverroes.juntadeandalucia.es/ceperretamar/files/2022/01/sera.png 484w" sizes="(max-width: 204px) 100vw, 204px" />En <b>SERA</b>, trabajamos diferentes profesionales del ámbito educativo y judicial de:</p>
<p><span lang="en-US">– University College Leuven Limburg – Groep Welzijn ( Diepenbeek, Bélgica).</span></p>
<p>– Centro de Educación Permanente Retamar – Consejería de Educación de la Junta de Andalucía (Almería, España).</p>
<p>– Euro – Compétences et Initiatives pour le Développement de l’Entrepreneuriat Solidaire Euro-CIDES (Coordinador) (Le Tuzan, Francia).</p>
<p>– Dipartiment tal-Kriminoloġija / L-Università ta’ Malta (Msida, Malta).</p>
<p>– Ankara İl Milli Eğitim Müdürlüğü (Ankara, Turquía).</p>
<p>El objetivo principal de esta asociación fue la creación de un curso intensivo de 4 semanas (6 horas diarias durante 5 días), con un total de 120 horas. Este diseño se repite durante 2 meses más, con actividades diferentes, pudiendo alcanzar así un total de 360 horas.</p>
<p>El punto de partida para el diseño del curso fueron las teorías de la motivación que mueve la conducta humana de Maslow y Pinto, que, combinadas, abarcan tanto un enfoque individualista (satisfacción de necesidades fisiológicas y de seguridad, según Maslow) como colectivo o grupal (necesidad de complacer, ponerse en el lugar del otro, según Pinto). Con estas premisas, se plantean una serie de <b>hilos conductores</b> (necesidades primarias, bienestar físico, cooperación/trabajo en equipo, reflexión, valores y actividades educativas) que, mediante unas <b>áreas </b>concretas (psicología, interculturalidad, educación, social, creencias) y desde las <b>dimensiones</b> personal, individual y colectiva, guían el trabajo a realizar en las aulas con los internos/alumnos. Una vez se terminaron de diseñar las actividades, las unidades pedagógicas resultantes fueron testadas en diferentes instituciones de cada país miembro del consorcio.</p>
<p>Por el momento se puede consultar y descargar el material pedagógico en su versión inglesa en la <a href="http://www.euro-cides.eu/SERA/,">plataforma del proyecto</a> , que más adelante se actualizará y completará con las versiones en las demás lenguas. Asimismo, podrá estar próximamente disponible en las plataformas ERASMUS+, E-Twinning, EPALE y en las correspondientes páginas webs de las instituciones y organismos participantes.</p>
<p>A modo de conclusión y como mensaje alentador para continuar trabajando en la mejora de la inclusión social y la reinserción a través de las buenas prácticas, nos gustaría recalcar los aspectos positivos que todo este trabajo ha supuesto para nosotros:</p>
<ul>
<li>
<ul>
<li>Alto grado de motivación.</li>
<li>Mayor calidad educativa.</li>
<li>Consecución de retos educativos.</li>
<li>Conocimiento de otras dinámicas educativas inmersas en otras culturas que podamos adaptar a nuestro medio.</li>
<li>Refuerzo de nuestra actuación diaria en el aula, al comprobar que nuestra forma de trabajo, la organización, la participación del alumnado en el centro o las actuaciones y métodos que seguimos han resultado novedosos y atractivos para el resto de países que nos han visitado.</li>
<li>Elaboración de nuevos materiales educativos de forma colaborativa con otros centros con sistemas educativos y legislativos diferentes.</li>
<li>Y, por encima de todo, la mejora global de nuestro Centro, con otras nuevas propuestas didácticas que se incorporan al currículo de nuestro alumnado y que dan una necesaria respuesta a algunas problemáticas crecientes en la actualidad que urgen ser abordadas a nivel institucional desde un plano psico-social, educativo y emocional, como es el fenómeno de los extremismos y radicalismos violentos.</li>
</ul>
</li>
</ul>
<p>&nbsp;</p>

<p>A continuación, describimos brevemente en qué consistió el trabajo realizado en los dos proyectos. El consorcio de CITI-VAL lo componen: – Euro – Compétences et Initiatives pour le Développement de l’Entrepreneuriat Solidaire Euro-CIDES (Coordinador). (Le Tuzan, Francia). – Ministerium der&#46;&#46;&#46;</p>
