{"id":1795,"date":"2022-02-01T10:04:10","date_gmt":"2022-02-01T09:04:10","guid":{"rendered":"https:\/\/blogsaverroes.juntadeandalucia.es\/ceperretamar\/?page_id=1795"},"modified":"2022-02-15T09:57:06","modified_gmt":"2022-02-15T08:57:06","slug":"dia-de-la-paz-30-de-enero-2022","status":"publish","type":"page","link":"https:\/\/blogsaverroes.juntadeandalucia.es\/ceperretamar\/dia-de-la-paz-30-de-enero-2022\/","title":{"rendered":"D\u00eda de la PAZ- 30 de enero 2022"},"content":{"rendered":"<p><span style=\"color: #000000\">Durante la semana del 24 al 28 de enero, y con motivo de la celebraci\u00f3n del <strong><span style=\"color: #0000ff\">D\u00eda de la PAZ (30 de enero)<\/span>, <\/strong>se han realizado una serie de actividades en cada uno de los m\u00f3dulos donde impartimos clase:<\/span><\/p>\n<p><span style=\"color: #000000\"><strong>1.<\/strong>&#8211; Visionado de la <strong>pel\u00edcula<\/strong> <strong>THE BOXER<\/strong> y trabajo sobre la misma a trav\u00e9s de una ficha did\u00e1ctica.<\/span><br \/>\n<iframe loading=\"lazy\" src=\"https:\/\/onedrive.live.com\/embed?cid=CEF7B99B8E68628C&amp;resid=CEF7B99B8E68628C%21111&amp;authkey=AFYX8xNSGoOw-eQ&amp;em=2\" scrolling=\"no\" width=\"476\" height=\"288\" frameborder=\"0\"><\/iframe><br \/>\n&nbsp;<\/p>\n<p class=\"western\" align=\"justify\"><span style=\"font-family: arial, helvetica, sans-serif;font-size: 12pt;color: #000000\"><b>2.- <\/b><strong>POWER POINT<\/strong><b>. <\/b>Los significados de la palabra PAZ. Reflexiones y di\u00e1logos.<\/span><\/p>\n<p class=\"western\" align=\"justify\"><span style=\"font-family: arial, helvetica, sans-serif;font-size: 12pt;color: #000000\">\u201c<i><b>Paz, curiosa palabra, solo tres letras que representan lo m\u00e1s importante en la vida\u201d.<\/b><\/i><\/span><\/p>\n<p><iframe loading=\"lazy\" src=\"https:\/\/onedrive.live.com\/embed?cid=CEF7B99B8E68628C&amp;resid=CEF7B99B8E68628C%21107&amp;authkey=AIEkDMWGnqEd_Ik&amp;em=2\" scrolling=\"no\" width=\"402\" height=\"327\" frameborder=\"0\"><\/iframe><\/p>\n<p class=\"western\" align=\"justify\"><span style=\"font-family: arial, helvetica, sans-serif;font-size: 12pt;color: #000000\"><b>3.- <\/b>Elaboraci\u00f3n de&nbsp; <strong>GUIRNALDAS<\/strong> de palomas con la palabra PAZ en diferentes idiomas.<\/span><b> <\/b><\/p>\n<p align=\"justify\"><img loading=\"lazy\" decoding=\"async\" class=\"alignnone wp-image-1829\" src=\"https:\/\/blogsaverroes.juntadeandalucia.es\/ceperretamar\/files\/2022\/02\/IMG20220201084847-225x300.jpg\" alt=\"\" width=\"198\" height=\"264\" srcset=\"https:\/\/blogsaverroes.juntadeandalucia.es\/ceperretamar\/files\/2022\/02\/IMG20220201084847-225x300.jpg 225w, https:\/\/blogsaverroes.juntadeandalucia.es\/ceperretamar\/files\/2022\/02\/IMG20220201084847-768x1024.jpg 768w, https:\/\/blogsaverroes.juntadeandalucia.es\/ceperretamar\/files\/2022\/02\/IMG20220201084847-300x400.jpg 300w, https:\/\/blogsaverroes.juntadeandalucia.es\/ceperretamar\/files\/2022\/02\/IMG20220201084847-1152x1536.jpg 1152w, https:\/\/blogsaverroes.juntadeandalucia.es\/ceperretamar\/files\/2022\/02\/IMG20220201084847-18x24.jpg 18w, https:\/\/blogsaverroes.juntadeandalucia.es\/ceperretamar\/files\/2022\/02\/IMG20220201084847-27x36.jpg 27w, https:\/\/blogsaverroes.juntadeandalucia.es\/ceperretamar\/files\/2022\/02\/IMG20220201084847-36x48.jpg 36w, https:\/\/blogsaverroes.juntadeandalucia.es\/ceperretamar\/files\/2022\/02\/IMG20220201084847.jpg 1536w\" sizes=\"(max-width: 198px) 100vw, 198px\" \/> <img loading=\"lazy\" decoding=\"async\" class=\"alignnone size-medium wp-image-1862\" src=\"https:\/\/blogsaverroes.juntadeandalucia.es\/ceperretamar\/files\/2022\/02\/IMG20220204132040-300x225.jpg\" alt=\"\" width=\"300\" height=\"225\" srcset=\"https:\/\/blogsaverroes.juntadeandalucia.es\/ceperretamar\/files\/2022\/02\/IMG20220204132040-300x225.jpg 300w, https:\/\/blogsaverroes.juntadeandalucia.es\/ceperretamar\/files\/2022\/02\/IMG20220204132040-1024x768.jpg 1024w, https:\/\/blogsaverroes.juntadeandalucia.es\/ceperretamar\/files\/2022\/02\/IMG20220204132040-768x576.jpg 768w, https:\/\/blogsaverroes.juntadeandalucia.es\/ceperretamar\/files\/2022\/02\/IMG20220204132040-1536x1152.jpg 1536w, https:\/\/blogsaverroes.juntadeandalucia.es\/ceperretamar\/files\/2022\/02\/IMG20220204132040-24x18.jpg 24w, https:\/\/blogsaverroes.juntadeandalucia.es\/ceperretamar\/files\/2022\/02\/IMG20220204132040-36x27.jpg 36w, https:\/\/blogsaverroes.juntadeandalucia.es\/ceperretamar\/files\/2022\/02\/IMG20220204132040-48x36.jpg 48w, https:\/\/blogsaverroes.juntadeandalucia.es\/ceperretamar\/files\/2022\/02\/IMG20220204132040.jpg 2048w\" sizes=\"(max-width: 300px) 100vw, 300px\" \/> <img loading=\"lazy\" decoding=\"async\" class=\"alignnone size-medium wp-image-1863\" src=\"https:\/\/blogsaverroes.juntadeandalucia.es\/ceperretamar\/files\/2022\/02\/IMG20220204132054-300x225.jpg\" alt=\"\" width=\"300\" height=\"225\" srcset=\"https:\/\/blogsaverroes.juntadeandalucia.es\/ceperretamar\/files\/2022\/02\/IMG20220204132054-300x225.jpg 300w, https:\/\/blogsaverroes.juntadeandalucia.es\/ceperretamar\/files\/2022\/02\/IMG20220204132054-1024x768.jpg 1024w, https:\/\/blogsaverroes.juntadeandalucia.es\/ceperretamar\/files\/2022\/02\/IMG20220204132054-768x576.jpg 768w, https:\/\/blogsaverroes.juntadeandalucia.es\/ceperretamar\/files\/2022\/02\/IMG20220204132054-1536x1152.jpg 1536w, https:\/\/blogsaverroes.juntadeandalucia.es\/ceperretamar\/files\/2022\/02\/IMG20220204132054-24x18.jpg 24w, https:\/\/blogsaverroes.juntadeandalucia.es\/ceperretamar\/files\/2022\/02\/IMG20220204132054-36x27.jpg 36w, https:\/\/blogsaverroes.juntadeandalucia.es\/ceperretamar\/files\/2022\/02\/IMG20220204132054-48x36.jpg 48w, https:\/\/blogsaverroes.juntadeandalucia.es\/ceperretamar\/files\/2022\/02\/IMG20220204132054.jpg 2048w\" sizes=\"(max-width: 300px) 100vw, 300px\" \/> <img loading=\"lazy\" decoding=\"async\" class=\"alignnone size-medium wp-image-1864\" src=\"https:\/\/blogsaverroes.juntadeandalucia.es\/ceperretamar\/files\/2022\/02\/IMG20220204132104-300x225.jpg\" alt=\"\" width=\"300\" height=\"225\" srcset=\"https:\/\/blogsaverroes.juntadeandalucia.es\/ceperretamar\/files\/2022\/02\/IMG20220204132104-300x225.jpg 300w, https:\/\/blogsaverroes.juntadeandalucia.es\/ceperretamar\/files\/2022\/02\/IMG20220204132104-1024x768.jpg 1024w, https:\/\/blogsaverroes.juntadeandalucia.es\/ceperretamar\/files\/2022\/02\/IMG20220204132104-768x576.jpg 768w, https:\/\/blogsaverroes.juntadeandalucia.es\/ceperretamar\/files\/2022\/02\/IMG20220204132104-1536x1152.jpg 1536w, https:\/\/blogsaverroes.juntadeandalucia.es\/ceperretamar\/files\/2022\/02\/IMG20220204132104-24x18.jpg 24w, https:\/\/blogsaverroes.juntadeandalucia.es\/ceperretamar\/files\/2022\/02\/IMG20220204132104-36x27.jpg 36w, https:\/\/blogsaverroes.juntadeandalucia.es\/ceperretamar\/files\/2022\/02\/IMG20220204132104-48x36.jpg 48w, https:\/\/blogsaverroes.juntadeandalucia.es\/ceperretamar\/files\/2022\/02\/IMG20220204132104.jpg 2048w\" sizes=\"(max-width: 300px) 100vw, 300px\" \/><\/p>\n<p class=\"western\" align=\"justify\"><span style=\"font-family: arial, helvetica, sans-serif;font-size: 12pt;color: #000000\"><b>4.-<\/b><strong> EXPOSICI\u00d3N<\/strong><b> <\/b>de murales con los trabajos realizados por los alumnos\/as de los diferentes m\u00f3dulos.<\/span><\/p>\n<p align=\"justify\"><img loading=\"lazy\" decoding=\"async\" class=\"size-medium wp-image-1845 aligncenter\" src=\"https:\/\/blogsaverroes.juntadeandalucia.es\/ceperretamar\/files\/2022\/02\/1643805609564-300x225.jpg\" alt=\"\" width=\"300\" height=\"225\" srcset=\"https:\/\/blogsaverroes.juntadeandalucia.es\/ceperretamar\/files\/2022\/02\/1643805609564-300x225.jpg 300w, https:\/\/blogsaverroes.juntadeandalucia.es\/ceperretamar\/files\/2022\/02\/1643805609564-1024x768.jpg 1024w, https:\/\/blogsaverroes.juntadeandalucia.es\/ceperretamar\/files\/2022\/02\/1643805609564-768x576.jpg 768w, https:\/\/blogsaverroes.juntadeandalucia.es\/ceperretamar\/files\/2022\/02\/1643805609564-1536x1152.jpg 1536w, https:\/\/blogsaverroes.juntadeandalucia.es\/ceperretamar\/files\/2022\/02\/1643805609564-2048x1536.jpg 2048w, https:\/\/blogsaverroes.juntadeandalucia.es\/ceperretamar\/files\/2022\/02\/1643805609564-24x18.jpg 24w, https:\/\/blogsaverroes.juntadeandalucia.es\/ceperretamar\/files\/2022\/02\/1643805609564-36x27.jpg 36w, https:\/\/blogsaverroes.juntadeandalucia.es\/ceperretamar\/files\/2022\/02\/1643805609564-48x36.jpg 48w\" sizes=\"(max-width: 300px) 100vw, 300px\" \/><\/p>\n<p align=\"justify\"><span style=\"font-family: times new roman, times, serif;font-size: 12pt;color: #000000\"><span style=\"font-family: arial, helvetica, sans-serif\"><strong>5.-<\/strong> <\/span><span style=\"font-family: arial, helvetica, sans-serif\">Significado y an\u00e1lisis del<strong><a style=\"color: #000000\" href=\"https:\/\/blogsaverroes.juntadeandalucia.es\/ceperretamar\/ambito-social\/\"> GUERNICA<\/a>. <\/strong>Pod\u00e9is ver esta actividad al detalle en el <strong>\u00c1mbito SOCIAL<\/strong> de <strong>F.B. Nivel II<\/strong> o pinchando encima del nombre del cuadro.<\/span> <\/span><\/p>\n<p align=\"justify\"><span style=\"color: #000000\"><strong>6.-<\/strong> Trabajo sobre la canci\u00f3n <a href=\"https:\/\/blogsaverroes.juntadeandalucia.es\/ceperretamar\/ambito-comunicativo-ingles\/\"><strong>MASTERS OF WAR<\/strong><\/a> de Bob Dylan. Pod\u00e9is ver esta actividad detallada en el <strong>\u00c1mbito<\/strong> <strong>COMUNICATIVO- INGL\u00c9S<\/strong> de<strong> F.B.Nivel II<\/strong> o pinchando sobre el nombre de la canci\u00f3n.<\/span><\/p>\n","protected":false},"excerpt":{"rendered":"<p>Durante la semana del 24 al 28 de enero, y con motivo de la celebraci\u00f3n del D\u00eda de la PAZ (30 de enero), se han realizado una serie de actividades en cada uno de los m\u00f3dulos donde impartimos clase: 1.&#8211;&#46;&#46;&#46;<\/p>\n","protected":false},"author":13652,"featured_media":0,"parent":0,"menu_order":0,"comment_status":"closed","ping_status":"closed","template":"","meta":{"ngg_post_thumbnail":0,"footnotes":""},"aioseo_notices":[],"_links":{"self":[{"href":"https:\/\/blogsaverroes.juntadeandalucia.es\/ceperretamar\/wp-json\/wp\/v2\/pages\/1795"}],"collection":[{"href":"https:\/\/blogsaverroes.juntadeandalucia.es\/ceperretamar\/wp-json\/wp\/v2\/pages"}],"about":[{"href":"https:\/\/blogsaverroes.juntadeandalucia.es\/ceperretamar\/wp-json\/wp\/v2\/types\/page"}],"author":[{"embeddable":true,"href":"https:\/\/blogsaverroes.juntadeandalucia.es\/ceperretamar\/wp-json\/wp\/v2\/users\/13652"}],"replies":[{"embeddable":true,"href":"https:\/\/blogsaverroes.juntadeandalucia.es\/ceperretamar\/wp-json\/wp\/v2\/comments?post=1795"}],"version-history":[{"count":32,"href":"https:\/\/blogsaverroes.juntadeandalucia.es\/ceperretamar\/wp-json\/wp\/v2\/pages\/1795\/revisions"}],"predecessor-version":[{"id":1902,"href":"https:\/\/blogsaverroes.juntadeandalucia.es\/ceperretamar\/wp-json\/wp\/v2\/pages\/1795\/revisions\/1902"}],"wp:attachment":[{"href":"https:\/\/blogsaverroes.juntadeandalucia.es\/ceperretamar\/wp-json\/wp\/v2\/media?parent=1795"}],"curies":[{"name":"wp","href":"https:\/\/api.w.org\/{rel}","templated":true}]}}