{"id":2010,"date":"2022-04-01T07:38:46","date_gmt":"2022-04-01T06:38:46","guid":{"rendered":"https:\/\/blogsaverroes.juntadeandalucia.es\/ceperretamar\/?page_id=2010"},"modified":"2023-01-16T14:49:01","modified_gmt":"2023-01-16T13:49:01","slug":"la-visita","status":"publish","type":"page","link":"https:\/\/blogsaverroes.juntadeandalucia.es\/ceperretamar\/la-visita\/","title":{"rendered":"Corto \u00abLA VISITA\u00bb"},"content":{"rendered":"<p align=\"justify\"><span style=\"color: #000000\"><span style=\"font-family: Times New Roman, serif\"><span style=\"font-size: large\">El Centro de Educaci\u00f3n Permanente Retamar se ubica en el Centro Penitenciario El Acebuche (Almer\u00eda). Los centros penitenciarios son un reflejo de la diversidad cultural que impregna hoy d\u00eda nuestra sociedad. Es por ello que desde nuestras aulas tratamos de entender la diversidad cultural como una oportunidad de enriquecimiento y no como un obst\u00e1culo. Nuestro centro educativo desarrolla por cuarto curso consecutivo el Programa de Innovaci\u00f3n Educativa Aula De Cine.<\/span><\/span><\/span><\/p>\n<p align=\"justify\"><span style=\"color: #000000\"><span style=\"font-family: Times New Roman, serif\"><span style=\"font-size: large\">Los alumnos y alumnas de nuestro centro adscritos a este programa han elaborado dos versiones de un peque\u00f1o cortometraje en el que se denuncian las actitudes de discriminaci\u00f3n por razones de etnia y cultura. Para los internos e internas participantes en este proyecto la experiencia ha sido muy enriquecedora ya que, adem\u00e1s de haber podido transmitir un mensaje de este calado social, han participado en todos y cada uno de los pasos que supone la elaboraci\u00f3n de un producto audiovisual.<\/span><\/span><\/span><\/p>\n<p align=\"justify\"><iframe loading=\"lazy\" src=\"\/\/www.youtube.com\/embed\/iqZGXHc9a64\" width=\"560\" height=\"314\"><\/iframe><\/p>\n<p align=\"justify\">&nbsp;<\/p>\n<p align=\"justify\"><span style=\"color: #000000\"><span style=\"font-family: Times New Roman, serif\"><span style=\"font-size: large\">Internos del m\u00f3dulo y alumnos adscritos al programa de Aula de Cine que han realizado distintas funciones de interpretaci\u00f3n, c\u00e1mara, edici\u00f3n y producci\u00f3n se refieren a la experiencia afirmando: \u201c<\/span><\/span><span style=\"font-family: Times New Roman, serif\"><span style=\"font-size: large\"><i>El mensaje que queremos transmitir es el rechazo a la discriminaci\u00f3n hacia las personas de cultura distinta a la nuestra y que a d\u00eda de hoy est\u00e1 tan presente en nuestra sociedad\u201d, \u201cN<\/i><\/span><\/span><span style=\"font-family: Times New Roman, serif\"><span style=\"font-size: large\"><i>o estamos de acuerdo con las discriminaciones que sufren algunos colectivos debido a su cultura propia y animamos a la sociedad a concienciarse de ello.\u201d<\/i><\/span><\/span><\/span><\/p>\n<p align=\"justify\"><span style=\"color: #000000\"><span style=\"font-family: Times New Roman, serif\"><span style=\"font-size: large\"><i><br \/>\n<iframe loading=\"lazy\" src=\"https:\/\/onedrive.live.com\/embed?cid=CEF7B99B8E68628C&amp;resid=CEF7B99B8E68628C%21123&amp;authkey=ANRTWUk_QzU6aYQ&amp;em=2\" width=\"476\" height=\"288\" frameborder=\"0\" scrolling=\"no\"><\/iframe><br \/>\n<\/i><\/span><\/span><\/span><\/p>\n<p align=\"justify\">&nbsp;<\/p>\n<p align=\"justify\"><span style=\"color: #000000\"><span style=\"font-family: Times New Roman, serif\"><span style=\"font-size: large\">Los alumnos del m\u00f3dulo 21, participantes tambi\u00e9n del programa, se refieren a la experiencia afirmando: <\/span><\/span><span style=\"font-family: Times New Roman, serif\"><span style=\"font-size: large\"><i>\u201cHemos conocido el mundo audiovisual un poco m\u00e1s a fondo, el uso de su lenguaje y los distintos pasos en la elaboraci\u00f3n de un corto; hemos intercambiado experiencias entre compa\u00f1eros y compa\u00f1eras de distintos m\u00f3dulos y realizado tareas en equipo. Adem\u00e1s hemos podido hacer uso de tecnolog\u00eda diversa: c\u00e1maras y grabadoras de tel\u00e9fonos m\u00f3viles y port\u00e1tiles con programas de edici\u00f3n y montaje. Tambi\u00e9n hemos descubierto la importancia del uso de una claqueta a lo largo de un rodaje, la elaboraci\u00f3n de un gui\u00f3n t\u00e9cnico,\u2026 En definitiva, hemos profundizado en un arte tan cercano y tan desconocido a la vez para los que somos meros espectadores.\u201d<\/i><\/span><\/span><\/span><\/p>\n","protected":false},"excerpt":{"rendered":"<p>El Centro de Educaci\u00f3n Permanente Retamar se ubica en el Centro Penitenciario El Acebuche (Almer\u00eda). Los centros penitenciarios son un reflejo de la diversidad cultural que impregna hoy d\u00eda nuestra sociedad. Es por ello que desde nuestras aulas tratamos de&#46;&#46;&#46;<\/p>\n","protected":false},"author":13652,"featured_media":0,"parent":0,"menu_order":0,"comment_status":"closed","ping_status":"closed","template":"","meta":{"ngg_post_thumbnail":0,"footnotes":""},"aioseo_notices":[],"_links":{"self":[{"href":"https:\/\/blogsaverroes.juntadeandalucia.es\/ceperretamar\/wp-json\/wp\/v2\/pages\/2010"}],"collection":[{"href":"https:\/\/blogsaverroes.juntadeandalucia.es\/ceperretamar\/wp-json\/wp\/v2\/pages"}],"about":[{"href":"https:\/\/blogsaverroes.juntadeandalucia.es\/ceperretamar\/wp-json\/wp\/v2\/types\/page"}],"author":[{"embeddable":true,"href":"https:\/\/blogsaverroes.juntadeandalucia.es\/ceperretamar\/wp-json\/wp\/v2\/users\/13652"}],"replies":[{"embeddable":true,"href":"https:\/\/blogsaverroes.juntadeandalucia.es\/ceperretamar\/wp-json\/wp\/v2\/comments?post=2010"}],"version-history":[{"count":14,"href":"https:\/\/blogsaverroes.juntadeandalucia.es\/ceperretamar\/wp-json\/wp\/v2\/pages\/2010\/revisions"}],"predecessor-version":[{"id":2751,"href":"https:\/\/blogsaverroes.juntadeandalucia.es\/ceperretamar\/wp-json\/wp\/v2\/pages\/2010\/revisions\/2751"}],"wp:attachment":[{"href":"https:\/\/blogsaverroes.juntadeandalucia.es\/ceperretamar\/wp-json\/wp\/v2\/media?parent=2010"}],"curies":[{"name":"wp","href":"https:\/\/api.w.org\/{rel}","templated":true}]}}

<p align="justify"><span style="color: #000000"><span style="font-family: Times New Roman, serif"><span style="font-size: large">El Centro de Educación Permanente Retamar se ubica en el Centro Penitenciario El Acebuche (Almería). Los centros penitenciarios son un reflejo de la diversidad cultural que impregna hoy día nuestra sociedad. Es por ello que desde nuestras aulas tratamos de entender la diversidad cultural como una oportunidad de enriquecimiento y no como un obstáculo. Nuestro centro educativo desarrolla por cuarto curso consecutivo el Programa de Innovación Educativa Aula De Cine.</span></span></span></p>
<p align="justify"><span style="color: #000000"><span style="font-family: Times New Roman, serif"><span style="font-size: large">Los alumnos y alumnas de nuestro centro adscritos a este programa han elaborado dos versiones de un pequeño cortometraje en el que se denuncian las actitudes de discriminación por razones de etnia y cultura. Para los internos e internas participantes en este proyecto la experiencia ha sido muy enriquecedora ya que, además de haber podido transmitir un mensaje de este calado social, han participado en todos y cada uno de los pasos que supone la elaboración de un producto audiovisual.</span></span></span></p>
<p align="justify"><iframe loading="lazy" src="//www.youtube.com/embed/iqZGXHc9a64" width="560" height="314"></iframe></p>
<p align="justify">&nbsp;</p>
<p align="justify"><span style="color: #000000"><span style="font-family: Times New Roman, serif"><span style="font-size: large">Internos del módulo y alumnos adscritos al programa de Aula de Cine que han realizado distintas funciones de interpretación, cámara, edición y producción se refieren a la experiencia afirmando: “</span></span><span style="font-family: Times New Roman, serif"><span style="font-size: large"><i>El mensaje que queremos transmitir es el rechazo a la discriminación hacia las personas de cultura distinta a la nuestra y que a día de hoy está tan presente en nuestra sociedad”, “N</i></span></span><span style="font-family: Times New Roman, serif"><span style="font-size: large"><i>o estamos de acuerdo con las discriminaciones que sufren algunos colectivos debido a su cultura propia y animamos a la sociedad a concienciarse de ello.”</i></span></span></span></p>
<p align="justify"><span style="color: #000000"><span style="font-family: Times New Roman, serif"><span style="font-size: large"><i><br />
<iframe loading="lazy" src="https://onedrive.live.com/embed?cid=CEF7B99B8E68628C&amp;resid=CEF7B99B8E68628C%21123&amp;authkey=ANRTWUk_QzU6aYQ&amp;em=2" width="476" height="288" frameborder="0" scrolling="no"></iframe><br />
</i></span></span></span></p>
<p align="justify">&nbsp;</p>
<p align="justify"><span style="color: #000000"><span style="font-family: Times New Roman, serif"><span style="font-size: large">Los alumnos del módulo 21, participantes también del programa, se refieren a la experiencia afirmando: </span></span><span style="font-family: Times New Roman, serif"><span style="font-size: large"><i>“Hemos conocido el mundo audiovisual un poco más a fondo, el uso de su lenguaje y los distintos pasos en la elaboración de un corto; hemos intercambiado experiencias entre compañeros y compañeras de distintos módulos y realizado tareas en equipo. Además hemos podido hacer uso de tecnología diversa: cámaras y grabadoras de teléfonos móviles y portátiles con programas de edición y montaje. También hemos descubierto la importancia del uso de una claqueta a lo largo de un rodaje, la elaboración de un guión técnico,… En definitiva, hemos profundizado en un arte tan cercano y tan desconocido a la vez para los que somos meros espectadores.”</i></span></span></span></p>

<p>El Centro de Educación Permanente Retamar se ubica en el Centro Penitenciario El Acebuche (Almería). Los centros penitenciarios son un reflejo de la diversidad cultural que impregna hoy día nuestra sociedad. Es por ello que desde nuestras aulas tratamos de&#46;&#46;&#46;</p>
