{"id":2034,"date":"2022-04-06T07:52:06","date_gmt":"2022-04-06T06:52:06","guid":{"rendered":"https:\/\/blogsaverroes.juntadeandalucia.es\/ceperretamar\/?page_id=2034"},"modified":"2022-04-06T13:01:02","modified_gmt":"2022-04-06T12:01:02","slug":"iii-escuela-de-igualdad","status":"publish","type":"page","link":"https:\/\/blogsaverroes.juntadeandalucia.es\/ceperretamar\/iii-escuela-de-igualdad\/","title":{"rendered":"III ESCUELA DE IGUALDAD"},"content":{"rendered":"<p class=\"western\" align=\"justify\"><span style=\"font-size: 14pt;color: #000000\">El <strong>Centro de Educaci\u00f3n Permanente Retama<\/strong>r y el <strong>Centro Penitenciario \u201cEl Acebuche\u201d<\/strong> de Almer\u00eda, contin\u00faan colaborando y trabajando de forma din\u00e1mica por la Igualdad.<\/span><\/p>\n<p class=\"western\" align=\"justify\"><span style=\"font-size: 14pt;color: #000000\">Nuevamente, el Centro CEPER Retamar, cuenta con la participaci\u00f3n de <strong>Yolanda Cruz,<\/strong> que imparte la<span style=\"color: #800080\"> <strong>III Escuela de Igualdad<\/strong><\/span>, organizada cada a\u00f1o por las <strong>Asociaciones de \u201cMujeres<\/strong> <strong>Juristas de Almer\u00eda<\/strong>\u201d y <strong>\u201cEducando en Igualdad\u201d<\/strong>, contando con el patrocinio de la <strong>Consejer\u00eda de Igualdad, Pol\u00edticas Sociales y Conciliaci\u00f3n.<\/strong><\/span><\/p>\n<p class=\"western\" align=\"justify\"><span style=\"font-size: 14pt;color: #000000\">En noviembre se iniciaron una serie de actuaciones con el fin de visibilizar las desigualdades, la violencia de g\u00e9nero y, especialmente, para fomentar e incentivar actitudes y conductas de respeto e igualdad.<\/span><\/p>\n<p class=\"western\" align=\"justify\"><span style=\"font-size: 14pt;color: #000000\">La segunda actividad prevista, en colaboraci\u00f3n con la Escuela de Igualdad, se pospuso por la restricci\u00f3n de acceso de personal externo a la prisi\u00f3n como consecuencia de la situaci\u00f3n de pandemia.<\/span><\/p>\n<p class=\"western\" align=\"justify\"><span style=\"font-size: 14pt;color: #000000\">Aunando la perspectiva de g\u00e9nero e igualdad, con las actividades que se inician para la celebraci\u00f3n del d\u00eda del libro, la lectura, la formaci\u00f3n en estilos literarios y la producci\u00f3n escrita; se plantea y desarrolla la actividad de <b>\u201cTaller literario de escritura\u201d <\/b>relacionado con la igualdad.<\/span><\/p>\n<p class=\"western\" align=\"justify\"><span style=\"font-size: 14pt;color: #000000\">El grupo de internos e internas de los m\u00f3dulos 1, 2, 8 y 21 que participaron en el taller, han tenido la oportunidad de expresar libremente sus preocupaciones, opiniones y debatir sobre un tema tan sensible como la igualdad. Con un espectro de edad, estudios y diversidad de razonamientos en los que se pod\u00eda encontrar cualquier tipo de ideolog\u00eda, cada uno\/a aport\u00f3 su punto de vista y opiniones para enriquecer el encuentro.<\/span><\/p>\n<p class=\"western\" align=\"justify\"><span style=\"font-size: 14pt;color: #000000\">Se propuso al alumnado escribir un peque\u00f1o texto autobiogr\u00e1fico en base a unas preguntas que ha planteado alumnado del <strong>Instituto de Educaci\u00f3n Secundaria Al-Andalus<\/strong> de Almer\u00eda. Resolviendo dudas, rompiendo estereotipos y acercando el mundo penitenciario a las personas que nunca han tenido contacto con \u00e9l, aun m\u00e1s en una franja de edad, la adolescencia, en la que su perspectiva del mundo es tan singular.<\/span><\/p>\n<p><iframe loading=\"lazy\" src=\"https:\/\/onedrive.live.com\/embed?cid=CEF7B99B8E68628C&amp;resid=CEF7B99B8E68628C%21126&amp;authkey=AHyjLq3yFFuvqGU&amp;em=2\" scrolling=\"no\" width=\"476\" height=\"288\" frameborder=\"0\"><\/iframe><\/p>\n<p class=\"western\" align=\"justify\"><span style=\"font-size: 14pt;color: #000000\">Es una forma de apertura del alumnado del C.E.Per. Retamar, que se encuentra en un medio cerrado con escasas posibilidades de interaccionar con alumnos\/as de otros centros, facilitando empatizar con personas que est\u00e1n en una situaci\u00f3n educativa similar, pero en dos mundos tan diferentes e iguales a la vez. Todas estas actividades, brindan la oportunidad a la sociedad para que conozca de primera mano la idiosincrasia de la prisi\u00f3n. <\/span><\/p>\n<p class=\"western\" align=\"justify\"><span style=\"font-size: 14pt;color: #000000\">Estas y otras muchas actividades, brindan la oportunidad a la sociedad para conocer a las personas que est\u00e1n internas en el Centro Penitenciario, cu\u00e1les son sus preocupaciones, su forma de pensar, motivaciones, inquietudes, etc.; lo que facilitar\u00e1 la reinserci\u00f3n de esta poblaci\u00f3n cuando obtenga la libertad y se integre nuevamente en la sociedad.<\/span><\/p>\n","protected":false},"excerpt":{"rendered":"<p>El Centro de Educaci\u00f3n Permanente Retamar y el Centro Penitenciario \u201cEl Acebuche\u201d de Almer\u00eda, contin\u00faan colaborando y trabajando de forma din\u00e1mica por la Igualdad. Nuevamente, el Centro CEPER Retamar, cuenta con la participaci\u00f3n de Yolanda Cruz, que imparte la III&#46;&#46;&#46;<\/p>\n","protected":false},"author":13652,"featured_media":0,"parent":0,"menu_order":0,"comment_status":"closed","ping_status":"closed","template":"","meta":{"ngg_post_thumbnail":0,"footnotes":""},"aioseo_notices":[],"_links":{"self":[{"href":"https:\/\/blogsaverroes.juntadeandalucia.es\/ceperretamar\/wp-json\/wp\/v2\/pages\/2034"}],"collection":[{"href":"https:\/\/blogsaverroes.juntadeandalucia.es\/ceperretamar\/wp-json\/wp\/v2\/pages"}],"about":[{"href":"https:\/\/blogsaverroes.juntadeandalucia.es\/ceperretamar\/wp-json\/wp\/v2\/types\/page"}],"author":[{"embeddable":true,"href":"https:\/\/blogsaverroes.juntadeandalucia.es\/ceperretamar\/wp-json\/wp\/v2\/users\/13652"}],"replies":[{"embeddable":true,"href":"https:\/\/blogsaverroes.juntadeandalucia.es\/ceperretamar\/wp-json\/wp\/v2\/comments?post=2034"}],"version-history":[{"count":7,"href":"https:\/\/blogsaverroes.juntadeandalucia.es\/ceperretamar\/wp-json\/wp\/v2\/pages\/2034\/revisions"}],"predecessor-version":[{"id":2049,"href":"https:\/\/blogsaverroes.juntadeandalucia.es\/ceperretamar\/wp-json\/wp\/v2\/pages\/2034\/revisions\/2049"}],"wp:attachment":[{"href":"https:\/\/blogsaverroes.juntadeandalucia.es\/ceperretamar\/wp-json\/wp\/v2\/media?parent=2034"}],"curies":[{"name":"wp","href":"https:\/\/api.w.org\/{rel}","templated":true}]}}

<p class="western" align="justify"><span style="font-size: 14pt;color: #000000">El <strong>Centro de Educación Permanente Retama</strong>r y el <strong>Centro Penitenciario “El Acebuche”</strong> de Almería, continúan colaborando y trabajando de forma dinámica por la Igualdad.</span></p>
<p class="western" align="justify"><span style="font-size: 14pt;color: #000000">Nuevamente, el Centro CEPER Retamar, cuenta con la participación de <strong>Yolanda Cruz,</strong> que imparte la<span style="color: #800080"> <strong>III Escuela de Igualdad</strong></span>, organizada cada año por las <strong>Asociaciones de “Mujeres</strong> <strong>Juristas de Almería</strong>” y <strong>“Educando en Igualdad”</strong>, contando con el patrocinio de la <strong>Consejería de Igualdad, Políticas Sociales y Conciliación.</strong></span></p>
<p class="western" align="justify"><span style="font-size: 14pt;color: #000000">En noviembre se iniciaron una serie de actuaciones con el fin de visibilizar las desigualdades, la violencia de género y, especialmente, para fomentar e incentivar actitudes y conductas de respeto e igualdad.</span></p>
<p class="western" align="justify"><span style="font-size: 14pt;color: #000000">La segunda actividad prevista, en colaboración con la Escuela de Igualdad, se pospuso por la restricción de acceso de personal externo a la prisión como consecuencia de la situación de pandemia.</span></p>
<p class="western" align="justify"><span style="font-size: 14pt;color: #000000">Aunando la perspectiva de género e igualdad, con las actividades que se inician para la celebración del día del libro, la lectura, la formación en estilos literarios y la producción escrita; se plantea y desarrolla la actividad de <b>“Taller literario de escritura” </b>relacionado con la igualdad.</span></p>
<p class="western" align="justify"><span style="font-size: 14pt;color: #000000">El grupo de internos e internas de los módulos 1, 2, 8 y 21 que participaron en el taller, han tenido la oportunidad de expresar libremente sus preocupaciones, opiniones y debatir sobre un tema tan sensible como la igualdad. Con un espectro de edad, estudios y diversidad de razonamientos en los que se podía encontrar cualquier tipo de ideología, cada uno/a aportó su punto de vista y opiniones para enriquecer el encuentro.</span></p>
<p class="western" align="justify"><span style="font-size: 14pt;color: #000000">Se propuso al alumnado escribir un pequeño texto autobiográfico en base a unas preguntas que ha planteado alumnado del <strong>Instituto de Educación Secundaria Al-Andalus</strong> de Almería. Resolviendo dudas, rompiendo estereotipos y acercando el mundo penitenciario a las personas que nunca han tenido contacto con él, aun más en una franja de edad, la adolescencia, en la que su perspectiva del mundo es tan singular.</span></p>
<p><iframe loading="lazy" src="https://onedrive.live.com/embed?cid=CEF7B99B8E68628C&amp;resid=CEF7B99B8E68628C%21126&amp;authkey=AHyjLq3yFFuvqGU&amp;em=2" scrolling="no" width="476" height="288" frameborder="0"></iframe></p>
<p class="western" align="justify"><span style="font-size: 14pt;color: #000000">Es una forma de apertura del alumnado del C.E.Per. Retamar, que se encuentra en un medio cerrado con escasas posibilidades de interaccionar con alumnos/as de otros centros, facilitando empatizar con personas que están en una situación educativa similar, pero en dos mundos tan diferentes e iguales a la vez. Todas estas actividades, brindan la oportunidad a la sociedad para que conozca de primera mano la idiosincrasia de la prisión. </span></p>
<p class="western" align="justify"><span style="font-size: 14pt;color: #000000">Estas y otras muchas actividades, brindan la oportunidad a la sociedad para conocer a las personas que están internas en el Centro Penitenciario, cuáles son sus preocupaciones, su forma de pensar, motivaciones, inquietudes, etc.; lo que facilitará la reinserción de esta población cuando obtenga la libertad y se integre nuevamente en la sociedad.</span></p>

<p>El Centro de Educación Permanente Retamar y el Centro Penitenciario “El Acebuche” de Almería, continúan colaborando y trabajando de forma dinámica por la Igualdad. Nuevamente, el Centro CEPER Retamar, cuenta con la participación de Yolanda Cruz, que imparte la III&#46;&#46;&#46;</p>
