{"id":362,"date":"2020-11-01T08:52:29","date_gmt":"2020-11-01T08:52:29","guid":{"rendered":"https:\/\/blogsaverroes.juntadeandalucia.es\/ceperronda\/?page_id=362"},"modified":"2020-12-28T13:00:17","modified_gmt":"2020-12-28T13:00:17","slug":"actividades-2020-21","status":"publish","type":"page","link":"https:\/\/blogsaverroes.juntadeandalucia.es\/ceperronda\/actividades-2020-21\/","title":{"rendered":"Actividades 2020-21"},"content":{"rendered":"<p><strong><span style=\"font-size: 18pt;color: #ff0000\">CEPER \u00abConstituci\u00f3n Espa\u00f1ola\u00bb<\/span><\/strong><\/p>\n<p><span style=\"font-size: 18pt\"><strong><span style=\"color: #0000ff\"> D\u00eda internacional para la leminaci\u00f3n de la Violencia de G\u00e9nero<\/span><\/strong><br \/>\n<\/span><\/p>\n<div style=\"width: 640px;\" class=\"wp-video\"><!--[if lt IE 9]><script>document.createElement('video');<\/script><![endif]-->\n<video class=\"wp-video-shortcode\" id=\"video-362-1\" width=\"640\" height=\"480\" preload=\"metadata\" controls=\"controls\"><source type=\"video\/mp4\" src=\"https:\/\/blogsaverroes.juntadeandalucia.es\/ceperronda\/files\/2020\/12\/ACTIVIDADES-25-DE-NOVIEMBRE-DE-2020-MP4-COMPRIMIDO.mp4?_=1\" \/><a href=\"https:\/\/blogsaverroes.juntadeandalucia.es\/ceperronda\/files\/2020\/12\/ACTIVIDADES-25-DE-NOVIEMBRE-DE-2020-MP4-COMPRIMIDO.mp4\">https:\/\/blogsaverroes.juntadeandalucia.es\/ceperronda\/files\/2020\/12\/ACTIVIDADES-25-DE-NOVIEMBRE-DE-2020-MP4-COMPRIMIDO.mp4<\/a><\/video><\/div>\n<p>&nbsp;<\/p>\n<p><strong><span style=\"font-size: 18pt;color: #ff0000\">CEPER \u00abConstituci\u00f3n Espa\u00f1ola\u00bb, SEP \u00abPaz M\u00e1rquez\u00bb y SEP \u00abJos\u00e9 Veneroso\u00bb<\/span><\/strong><\/p>\n<p><strong><span style=\"font-size: 18pt;color: #0000ff\">Mujeres que dejaron huella en mi vida<\/span><\/strong><\/p>\n<div style=\"width: 640px;\" class=\"wp-video\"><video class=\"wp-video-shortcode\" id=\"video-362-2\" width=\"640\" height=\"480\" preload=\"metadata\" controls=\"controls\"><source type=\"video\/mp4\" src=\"https:\/\/blogsaverroes.juntadeandalucia.es\/ceperronda\/files\/2020\/12\/MUJERES-QUE-DEJARON-HUELLA-MP4.mp4?_=2\" \/><a href=\"https:\/\/blogsaverroes.juntadeandalucia.es\/ceperronda\/files\/2020\/12\/MUJERES-QUE-DEJARON-HUELLA-MP4.mp4\">https:\/\/blogsaverroes.juntadeandalucia.es\/ceperronda\/files\/2020\/12\/MUJERES-QUE-DEJARON-HUELLA-MP4.mp4<\/a><\/video><\/div>\n<p>&nbsp;<\/p>\n<p>&nbsp;<\/p>\n<p>&nbsp;<\/p>\n<p>&nbsp;<\/p>\n<p><span style=\"font-size: 18pt\">&nbsp;<\/span><\/p>\n","protected":false},"excerpt":{"rendered":"<p>CEPER \u00abConstituci\u00f3n Espa\u00f1ola\u00bb D\u00eda internacional para la leminaci\u00f3n de la Violencia de G\u00e9nero &nbsp; CEPER \u00abConstituci\u00f3n Espa\u00f1ola\u00bb, SEP \u00abPaz M\u00e1rquez\u00bb y SEP \u00abJos\u00e9 Veneroso\u00bb Mujeres que dejaron huella en mi vida &nbsp; &nbsp; &nbsp;&#46;&#46;&#46;<\/p>\n","protected":false},"author":4152,"featured_media":0,"parent":0,"menu_order":0,"comment_status":"closed","ping_status":"closed","template":"","meta":{"ngg_post_thumbnail":0,"footnotes":""},"aioseo_notices":[],"_links":{"self":[{"href":"https:\/\/blogsaverroes.juntadeandalucia.es\/ceperronda\/wp-json\/wp\/v2\/pages\/362"}],"collection":[{"href":"https:\/\/blogsaverroes.juntadeandalucia.es\/ceperronda\/wp-json\/wp\/v2\/pages"}],"about":[{"href":"https:\/\/blogsaverroes.juntadeandalucia.es\/ceperronda\/wp-json\/wp\/v2\/types\/page"}],"author":[{"embeddable":true,"href":"https:\/\/blogsaverroes.juntadeandalucia.es\/ceperronda\/wp-json\/wp\/v2\/users\/4152"}],"replies":[{"embeddable":true,"href":"https:\/\/blogsaverroes.juntadeandalucia.es\/ceperronda\/wp-json\/wp\/v2\/comments?post=362"}],"version-history":[{"count":19,"href":"https:\/\/blogsaverroes.juntadeandalucia.es\/ceperronda\/wp-json\/wp\/v2\/pages\/362\/revisions"}],"predecessor-version":[{"id":717,"href":"https:\/\/blogsaverroes.juntadeandalucia.es\/ceperronda\/wp-json\/wp\/v2\/pages\/362\/revisions\/717"}],"wp:attachment":[{"href":"https:\/\/blogsaverroes.juntadeandalucia.es\/ceperronda\/wp-json\/wp\/v2\/media?parent=362"}],"curies":[{"name":"wp","href":"https:\/\/api.w.org\/{rel}","templated":true}]}}

<p><strong><span style="font-size: 18pt;color: #ff0000">CEPER «Constitución Española»</span></strong></p>
<p><span style="font-size: 18pt"><strong><span style="color: #0000ff"> Día internacional para la leminación de la Violencia de Género</span></strong><br />
</span></p>
<div style="width: 640px;" class="wp-video"><!--[if lt IE 9]><script>document.createElement('video');</script><![endif]-->
<video class="wp-video-shortcode" id="video-362-1" width="640" height="480" preload="metadata" controls="controls"><source type="video/mp4" src="https://blogsaverroes.juntadeandalucia.es/ceperronda/files/2020/12/ACTIVIDADES-25-DE-NOVIEMBRE-DE-2020-MP4-COMPRIMIDO.mp4?_=1" /><a href="https://blogsaverroes.juntadeandalucia.es/ceperronda/files/2020/12/ACTIVIDADES-25-DE-NOVIEMBRE-DE-2020-MP4-COMPRIMIDO.mp4">https://blogsaverroes.juntadeandalucia.es/ceperronda/files/2020/12/ACTIVIDADES-25-DE-NOVIEMBRE-DE-2020-MP4-COMPRIMIDO.mp4</a></video></div>
<p>&nbsp;</p>
<p><strong><span style="font-size: 18pt;color: #ff0000">CEPER «Constitución Española», SEP «Paz Márquez» y SEP «José Veneroso»</span></strong></p>
<p><strong><span style="font-size: 18pt;color: #0000ff">Mujeres que dejaron huella en mi vida</span></strong></p>
<div style="width: 640px;" class="wp-video"><video class="wp-video-shortcode" id="video-362-2" width="640" height="480" preload="metadata" controls="controls"><source type="video/mp4" src="https://blogsaverroes.juntadeandalucia.es/ceperronda/files/2020/12/MUJERES-QUE-DEJARON-HUELLA-MP4.mp4?_=2" /><a href="https://blogsaverroes.juntadeandalucia.es/ceperronda/files/2020/12/MUJERES-QUE-DEJARON-HUELLA-MP4.mp4">https://blogsaverroes.juntadeandalucia.es/ceperronda/files/2020/12/MUJERES-QUE-DEJARON-HUELLA-MP4.mp4</a></video></div>
<p>&nbsp;</p>
<p>&nbsp;</p>
<p>&nbsp;</p>
<p>&nbsp;</p>
<p><span style="font-size: 18pt">&nbsp;</span></p>

<p>CEPER «Constitución Española» Día internacional para la leminación de la Violencia de Género &nbsp; CEPER «Constitución Española», SEP «Paz Márquez» y SEP «José Veneroso» Mujeres que dejaron huella en mi vida &nbsp; &nbsp; &nbsp;&#46;&#46;&#46;</p>
