{"id":463,"date":"2020-11-01T16:48:51","date_gmt":"2020-11-01T16:48:51","guid":{"rendered":"https:\/\/blogsaverroes.juntadeandalucia.es\/ceperronda\/?page_id=463"},"modified":"2020-11-02T18:11:54","modified_gmt":"2020-11-02T18:11:54","slug":"aula-de-gaucin","status":"publish","type":"page","link":"https:\/\/blogsaverroes.juntadeandalucia.es\/ceperronda\/aula-de-gaucin\/","title":{"rendered":"Aula de Gauc\u00edn"},"content":{"rendered":"<p align=\"JUSTIFY\">&nbsp;<\/p>\n<p style=\"text-align: right\" align=\"JUSTIFY\"><span style=\"color: #006600;font-size: 14pt\"><span style=\"font-family: Comic Sans MS, cursive\"><b><img fetchpriority=\"high\" decoding=\"async\" class=\"alignleft  wp-image-517\" src=\"https:\/\/blogsaverroes.juntadeandalucia.es\/ceperronda\/files\/2020\/11\/GAUCIN-1024x681.jpg\" alt=\"\" width=\"775\" height=\"515\" srcset=\"https:\/\/blogsaverroes.juntadeandalucia.es\/ceperronda\/files\/2020\/11\/GAUCIN-1024x681.jpg 1024w, https:\/\/blogsaverroes.juntadeandalucia.es\/ceperronda\/files\/2020\/11\/GAUCIN-300x200.jpg 300w, https:\/\/blogsaverroes.juntadeandalucia.es\/ceperronda\/files\/2020\/11\/GAUCIN-768x511.jpg 768w, https:\/\/blogsaverroes.juntadeandalucia.es\/ceperronda\/files\/2020\/11\/GAUCIN-1536x1022.jpg 1536w, https:\/\/blogsaverroes.juntadeandalucia.es\/ceperronda\/files\/2020\/11\/GAUCIN-2048x1363.jpg 2048w, https:\/\/blogsaverroes.juntadeandalucia.es\/ceperronda\/files\/2020\/11\/GAUCIN-24x16.jpg 24w, https:\/\/blogsaverroes.juntadeandalucia.es\/ceperronda\/files\/2020\/11\/GAUCIN-36x24.jpg 36w, https:\/\/blogsaverroes.juntadeandalucia.es\/ceperronda\/files\/2020\/11\/GAUCIN-48x32.jpg 48w\" sizes=\"(max-width: 775px) 100vw, 775px\" \/><\/b><\/span><\/span><b><\/b><\/p>\n<p align=\"JUSTIFY\">&nbsp;<\/p>\n<p align=\"JUSTIFY\">&nbsp;<\/p>\n<p align=\"JUSTIFY\">&nbsp;<\/p>\n<p align=\"JUSTIFY\">&nbsp;<\/p>\n<p style=\"text-align: left\" align=\"JUSTIFY\"><span style=\"color: #0000cc;font-size: 14pt\"><span style=\"font-family: Comic Sans MS, cursive\"><b>SEP \u201cMONTE HACHO\u201d<\/b><\/span><\/span><\/p>\n<p style=\"text-align: left\"><span style=\"color: #006600;font-size: 14pt\"><span style=\"font-family: Comic Sans MS, cursive\"><b>Gauc\u00edn<\/b><\/span><\/span><\/p>\n<p style=\"text-align: left\" align=\"JUSTIFY\"><span style=\"font-size: 14pt\"><strong><span style=\"font-family: Comic Sans MS, cursive\"><b>Direcci\u00f3n<\/b><\/span><\/strong><strong><span style=\"font-family: Comic Sans MS, cursive\">: Plza. Santo Ni\u00f1o, s\/n 2\u00aaPlanta<\/span><\/strong><\/span><\/p>\n<p style=\"text-align: left\" align=\"JUSTIFY\"><span style=\"font-size: 14pt\"><strong><span style=\"font-family: Comic Sans MS, cursive\"><b>Tel\u00e9fonos<\/b><\/span><\/strong><strong><span style=\"font-family: Comic Sans MS, cursive\">: 952159553 &#8211; 671596427 <\/span><\/strong><\/span><\/p>\n<p style=\"text-align: left\" align=\"JUSTIFY\"><span style=\"font-size: 14pt\"><strong><span style=\"font-family: Comic Sans MS, cursive\"><b>Correo<\/b><\/span><\/strong><strong><span style=\"font-family: Comic Sans MS, cursive\">:<\/span><\/strong><span style=\"font-family: Comic Sans MS, cursive\"> <a href=\"mailto:sepmontehachogaucin@gmail.com\">sepmontehachogaucin@gmail.com<\/a><\/span><\/span><\/p>\n","protected":false},"excerpt":{"rendered":"<p>&nbsp; &nbsp; &nbsp; &nbsp; &nbsp; SEP \u201cMONTE HACHO\u201d Gauc\u00edn Direcci\u00f3n: Plza. Santo Ni\u00f1o, s\/n 2\u00aaPlanta Tel\u00e9fonos: 952159553 &#8211; 671596427 Correo: sepmontehachogaucin@gmail.com<\/p>\n","protected":false},"author":4152,"featured_media":0,"parent":0,"menu_order":0,"comment_status":"closed","ping_status":"closed","template":"","meta":{"ngg_post_thumbnail":0,"footnotes":""},"aioseo_notices":[],"_links":{"self":[{"href":"https:\/\/blogsaverroes.juntadeandalucia.es\/ceperronda\/wp-json\/wp\/v2\/pages\/463"}],"collection":[{"href":"https:\/\/blogsaverroes.juntadeandalucia.es\/ceperronda\/wp-json\/wp\/v2\/pages"}],"about":[{"href":"https:\/\/blogsaverroes.juntadeandalucia.es\/ceperronda\/wp-json\/wp\/v2\/types\/page"}],"author":[{"embeddable":true,"href":"https:\/\/blogsaverroes.juntadeandalucia.es\/ceperronda\/wp-json\/wp\/v2\/users\/4152"}],"replies":[{"embeddable":true,"href":"https:\/\/blogsaverroes.juntadeandalucia.es\/ceperronda\/wp-json\/wp\/v2\/comments?post=463"}],"version-history":[{"count":3,"href":"https:\/\/blogsaverroes.juntadeandalucia.es\/ceperronda\/wp-json\/wp\/v2\/pages\/463\/revisions"}],"predecessor-version":[{"id":518,"href":"https:\/\/blogsaverroes.juntadeandalucia.es\/ceperronda\/wp-json\/wp\/v2\/pages\/463\/revisions\/518"}],"wp:attachment":[{"href":"https:\/\/blogsaverroes.juntadeandalucia.es\/ceperronda\/wp-json\/wp\/v2\/media?parent=463"}],"curies":[{"name":"wp","href":"https:\/\/api.w.org\/{rel}","templated":true}]}}