{"id":719,"date":"2020-12-28T13:11:41","date_gmt":"2020-12-28T13:11:41","guid":{"rendered":"https:\/\/blogsaverroes.juntadeandalucia.es\/ceperronda\/?page_id=719"},"modified":"2020-12-28T18:33:34","modified_gmt":"2020-12-28T18:33:34","slug":"informatica","status":"publish","type":"page","link":"https:\/\/blogsaverroes.juntadeandalucia.es\/ceperronda\/informatica\/","title":{"rendered":"Inform\u00e1tica"},"content":{"rendered":"<p><span style=\"color: #ff0000;font-size: 18pt\"><strong>CEPER CONSTITUCI\u00d3N ESPA\u00d1OLA <\/strong><\/span><\/p>\n<p><strong><span style=\"color: #0000ff;font-size: 18pt\"><span style=\"color: #008000\">Grupo Inform\u00e1tica Avznzada 2 de tarde. Presentaciones en Impress<\/span><br \/>\n<\/span><\/strong><\/p>\n<p><strong><span style=\"font-size: 18pt\">Mar\u00eda Jes\u00fas Conde Garc\u00eda <\/span><span style=\"font-size: 18pt\"><a title=\"Las flores que me gustan\" href=\"https:\/\/vimeo.com\/495262073\" target=\"_blank\" rel=\"noopener noreferrer\">Las flores que me gustan<\/a><\/span><\/strong><\/p>\n<p><strong><span style=\"font-size: 18pt\">Jacinto Perujo Garc\u00eda <a title=\"Ciudad de M\u00e1laga\" href=\"https:\/\/vimeo.com\/495265699\" target=\"_blank\" rel=\"noopener noreferrer\">Ciudad de M\u00e1laga<\/a><\/span><\/strong><\/p>\n<p><strong><span style=\"font-size: 18pt\">Jos\u00e9 Luis Garc\u00eda Barriga <a title=\"Ronda Monumental\" href=\"https:\/\/vimeo.com\/495265698\" target=\"_blank\" rel=\"noopener noreferrer\">Ronda Monumental<\/a><\/span><\/strong><\/p>\n<p><span style=\"font-size: 18pt\"><strong>Roc\u00edo Rosado R\u00e1mirez <a title=\"Monumentos de Ronda\" href=\"https:\/\/vimeo.com\/495265807\" target=\"_blank\" rel=\"noopener noreferrer\">Monumentos de Ronda<\/a><br \/>\n<\/strong><\/span><\/p>\n","protected":false},"excerpt":{"rendered":"<p>CEPER CONSTITUCI\u00d3N ESPA\u00d1OLA Grupo Inform\u00e1tica Avznzada 2 de tarde. Presentaciones en Impress Mar\u00eda Jes\u00fas Conde Garc\u00eda Las flores que me gustan Jacinto Perujo Garc\u00eda Ciudad de M\u00e1laga Jos\u00e9 Luis Garc\u00eda Barriga Ronda Monumental Roc\u00edo&#46;&#46;&#46;<\/p>\n","protected":false},"author":4152,"featured_media":0,"parent":0,"menu_order":0,"comment_status":"closed","ping_status":"closed","template":"","meta":{"ngg_post_thumbnail":0,"footnotes":""},"aioseo_notices":[],"_links":{"self":[{"href":"https:\/\/blogsaverroes.juntadeandalucia.es\/ceperronda\/wp-json\/wp\/v2\/pages\/719"}],"collection":[{"href":"https:\/\/blogsaverroes.juntadeandalucia.es\/ceperronda\/wp-json\/wp\/v2\/pages"}],"about":[{"href":"https:\/\/blogsaverroes.juntadeandalucia.es\/ceperronda\/wp-json\/wp\/v2\/types\/page"}],"author":[{"embeddable":true,"href":"https:\/\/blogsaverroes.juntadeandalucia.es\/ceperronda\/wp-json\/wp\/v2\/users\/4152"}],"replies":[{"embeddable":true,"href":"https:\/\/blogsaverroes.juntadeandalucia.es\/ceperronda\/wp-json\/wp\/v2\/comments?post=719"}],"version-history":[{"count":6,"href":"https:\/\/blogsaverroes.juntadeandalucia.es\/ceperronda\/wp-json\/wp\/v2\/pages\/719\/revisions"}],"predecessor-version":[{"id":731,"href":"https:\/\/blogsaverroes.juntadeandalucia.es\/ceperronda\/wp-json\/wp\/v2\/pages\/719\/revisions\/731"}],"wp:attachment":[{"href":"https:\/\/blogsaverroes.juntadeandalucia.es\/ceperronda\/wp-json\/wp\/v2\/media?parent=719"}],"curies":[{"name":"wp","href":"https:\/\/api.w.org\/{rel}","templated":true}]}}