{"id":2295,"date":"2016-10-25T09:45:25","date_gmt":"2016-10-25T09:45:25","guid":{"rendered":"http:\/\/blogsaverroes.juntadeandalucia.es\/cepersanmatias\/?page_id=2295"},"modified":"2023-05-29T08:12:27","modified_gmt":"2023-05-29T08:12:27","slug":"oferta-educativa","status":"publish","type":"page","link":"https:\/\/blogsaverroes.juntadeandalucia.es\/cepersanmatias\/oferta-educativa\/","title":{"rendered":"Oferta Educativa"},"content":{"rendered":"<p class=\"p1\">En&nbsp; <b>Educaci\u00f3n Permanente<\/b> o Educaci\u00f3n para personas adultas se ofertan cursos, denominados Planes Educativos, que facilitan tu incorporaci\u00f3n al sistema educativo. Se desarrollan a lo largo de un curso escolar y casi exclusivamente se imparten en modalidad presencial.<\/p>\n<p class=\"p1\">Si tienes dificultades de lectoescritura o de comprensi\u00f3n o de expresi\u00f3n puedes iniciar tu formaci\u00f3n cursando el <b>Plan educativo de Formaci\u00f3n B\u00e1sica<\/b>.<\/p>\n<p class=\"p1\">Sin embargo, si no tienes estas dificultades y tienes inquietud por ampliar tus conocimientos en temas de gran inter\u00e9s hoy en d\u00eda, tienes la posibilidad de acceder a cursos denominados <b>Planes educativos no Formales<\/b> entre los que puedes contar con formaci\u00f3n en el uso de las nuevas tecnolog\u00edas, uso b\u00e1sico de idiomas, cultura emprendedora, patrimonio cultural y medioambiental de la comunidad aut\u00f3noma de Andaluc\u00eda, h\u00e1bitos de vida saludable, aprendizaje de la lengua castellana para personas extranjeras etc&#8230;<\/p>\n<p class=\"p1\">Se denominan <span class=\"s1\">no formales<\/span> porque el finalizarlos no conduce directamente a la obtenci\u00f3n de un t\u00edtulo aunque s\u00ed de un certificado<\/p>\n<p class=\"p1\"><strong>OFERTA EDUCATIVA DEL CEPER SAN MAT\u00cdAS DE GRANADA PARA EL CURSO (2023-2024)<\/strong><\/p>\n<p class=\"p1\">1. PLAN EDUCATIVO DE FORMACI\u00d3N B\u00c1SICA<\/p>\n<ul class=\"ul1\">\n<li class=\"li2\">Nivel I<\/li>\n<li class=\"li2\">Nivel II<\/li>\n<\/ul>\n<p class=\"p1\">2. PLANES EDUCATIVOS DE PREPARACI\u00d3N PARA LA OBTENCI\u00d3N DE TITULACIONES<\/p>\n<ul class=\"ul1\">\n<li class=\"li2\">Tutor\u00eda de apoyo al estudio Educaci\u00f3n Secundaria Obligatoria (TAE). Nivel I y Nivel II<\/li>\n<li class=\"li2\">Tutor\u00eda de apoyo al estudio nivel b\u00e1sico: Ingl\u00e9s.\n<ul class=\"ul1\">\n<li class=\"li2\">TAE Ingl\u00e9s A2, preparaci\u00f3n para la prueba.<\/li>\n<\/ul>\n<\/li>\n<\/ul>\n<p class=\"p1\">3. PLANES EDUCATIVOS DE PREPARACI\u00d3N PARA EL ACCESO A OTROS NIVELES DEL SISTEMA EDUCATIVO.<\/p>\n<p class=\"p1\">Pruebas de Acceso a Ciclos Formativos<\/p>\n<ul class=\"ul1\">\n<li class=\"li2\">Superior.<\/li>\n<\/ul>\n<p class=\"p1\">Prueba de acceso a la Universidad<\/p>\n<ul class=\"ul1\">\n<li class=\"li2\">&nbsp;+25 opci\u00f3n A (Artes y Humanidades) y opci\u00f3n D (Ciencias sociales y jur\u00eddicas).<\/li>\n<li class=\"li2\">+45.<\/li>\n<\/ul>\n<p class=\"p1\">4. PLANES EDUCATIVOS PARA EL FOMENTO DE LA CIUDADAN\u00cdA ACTIVA<\/p>\n<ul class=\"ul1\">\n<li class=\"li2\">Uso b\u00e1sico de idiomas:\n<ul class=\"ul1\">\n<li class=\"li2\">Ingl\u00e9s.<\/li>\n<\/ul>\n<\/li>\n<li class=\"li2\">Tecnolog\u00edas de la informaci\u00f3n y la comunicaci\u00f3n (Inform\u00e1tica), Alfabetizaci\u00f3n digital<\/li>\n<li class=\"li2\">&nbsp;Patrimonio.<\/li>\n<li class=\"li2\">Medio ambiente<\/li>\n<li class=\"li2\">Cultura emprendedora.<\/li>\n<li class=\"li2\">Interculturalidad, cultura y lengua espa\u00f1ola para personas procedentes de otros pa\u00edses.<\/li>\n<li class=\"li2\">H\u00e1bitos de vida saludable y prevenci\u00f3n de riesgos laborales.<\/li>\n<\/ul>\n","protected":false},"excerpt":{"rendered":"<p>En&nbsp; Educaci\u00f3n Permanente o Educaci\u00f3n para personas adultas se ofertan cursos, denominados Planes Educativos, que facilitan tu incorporaci\u00f3n al sistema educativo. Se desarrollan a lo largo de un curso escolar y casi exclusivamente se imparten en modalidad presencial. Si tienes dificultades de lectoescritura o de comprensi\u00f3n o de expresi\u00f3n puedes iniciar tu formaci\u00f3n cursando el &hellip; <\/p>\n<p><a class=\"more-link btn\" href=\"https:\/\/blogsaverroes.juntadeandalucia.es\/cepersanmatias\/oferta-educativa\/\">Seguir leyendo<\/a><\/p>\n","protected":false},"author":4072,"featured_media":0,"parent":0,"menu_order":0,"comment_status":"open","ping_status":"open","template":"","meta":{"ngg_post_thumbnail":0,"footnotes":"","_mc_calendar":[]},"aioseo_notices":[],"_links":{"self":[{"href":"https:\/\/blogsaverroes.juntadeandalucia.es\/cepersanmatias\/wp-json\/wp\/v2\/pages\/2295"}],"collection":[{"href":"https:\/\/blogsaverroes.juntadeandalucia.es\/cepersanmatias\/wp-json\/wp\/v2\/pages"}],"about":[{"href":"https:\/\/blogsaverroes.juntadeandalucia.es\/cepersanmatias\/wp-json\/wp\/v2\/types\/page"}],"author":[{"embeddable":true,"href":"https:\/\/blogsaverroes.juntadeandalucia.es\/cepersanmatias\/wp-json\/wp\/v2\/users\/4072"}],"replies":[{"embeddable":true,"href":"https:\/\/blogsaverroes.juntadeandalucia.es\/cepersanmatias\/wp-json\/wp\/v2\/comments?post=2295"}],"version-history":[{"count":11,"href":"https:\/\/blogsaverroes.juntadeandalucia.es\/cepersanmatias\/wp-json\/wp\/v2\/pages\/2295\/revisions"}],"predecessor-version":[{"id":5489,"href":"https:\/\/blogsaverroes.juntadeandalucia.es\/cepersanmatias\/wp-json\/wp\/v2\/pages\/2295\/revisions\/5489"}],"wp:attachment":[{"href":"https:\/\/blogsaverroes.juntadeandalucia.es\/cepersanmatias\/wp-json\/wp\/v2\/media?parent=2295"}],"curies":[{"name":"wp","href":"https:\/\/api.w.org\/{rel}","templated":true}]}}