{"id":2304,"date":"2016-10-25T09:51:19","date_gmt":"2016-10-25T09:51:19","guid":{"rendered":"http:\/\/blogsaverroes.juntadeandalucia.es\/cepersanmatias\/?page_id=2304"},"modified":"2016-10-25T09:51:19","modified_gmt":"2016-10-25T09:51:19","slug":"tecnologias-de-la-informacion-y-la-comunicacion","status":"publish","type":"page","link":"https:\/\/blogsaverroes.juntadeandalucia.es\/cepersanmatias\/oferta-educativa\/tecnologias-de-la-informacion-y-la-comunicacion\/","title":{"rendered":"Tecnolog\u00edas de la Informaci\u00f3n y la Comunicaci\u00f3n"},"content":{"rendered":"<p>El Plan Educativos para el <strong>Fomento de la Ciudadan\u00eda Activa:<\/strong><\/p>\n<h2 id=\"consejeria\" class=\"TituloPlegable seccionDesplegada\"><em>Uso b\u00e1sico de las Tecnolog\u00edas de Informaci\u00f3n y Comunicaci\u00f3n<\/em><\/h2>\n<p>permitir\u00e1 la incorporaci\u00f3n de las personas adultas de la sociedad del conocimiento. As\u00ed, podr\u00e1n tener acceso a la informaci\u00f3n digital y hacer uso adecuado de \u00e9sta.<\/p>\n","protected":false},"excerpt":{"rendered":"<p>El Plan Educativos para el Fomento de la Ciudadan\u00eda Activa: Uso b\u00e1sico de las Tecnolog\u00edas de Informaci\u00f3n y Comunicaci\u00f3n permitir\u00e1 la incorporaci\u00f3n de las personas adultas de la sociedad del conocimiento. As\u00ed, podr\u00e1n tener acceso a la informaci\u00f3n digital y hacer uso adecuado de \u00e9sta.<\/p>\n","protected":false},"author":4072,"featured_media":0,"parent":2295,"menu_order":0,"comment_status":"open","ping_status":"open","template":"","meta":{"ngg_post_thumbnail":0,"footnotes":"","_mc_calendar":[]},"aioseo_notices":[],"_links":{"self":[{"href":"https:\/\/blogsaverroes.juntadeandalucia.es\/cepersanmatias\/wp-json\/wp\/v2\/pages\/2304"}],"collection":[{"href":"https:\/\/blogsaverroes.juntadeandalucia.es\/cepersanmatias\/wp-json\/wp\/v2\/pages"}],"about":[{"href":"https:\/\/blogsaverroes.juntadeandalucia.es\/cepersanmatias\/wp-json\/wp\/v2\/types\/page"}],"author":[{"embeddable":true,"href":"https:\/\/blogsaverroes.juntadeandalucia.es\/cepersanmatias\/wp-json\/wp\/v2\/users\/4072"}],"replies":[{"embeddable":true,"href":"https:\/\/blogsaverroes.juntadeandalucia.es\/cepersanmatias\/wp-json\/wp\/v2\/comments?post=2304"}],"version-history":[{"count":1,"href":"https:\/\/blogsaverroes.juntadeandalucia.es\/cepersanmatias\/wp-json\/wp\/v2\/pages\/2304\/revisions"}],"predecessor-version":[{"id":2305,"href":"https:\/\/blogsaverroes.juntadeandalucia.es\/cepersanmatias\/wp-json\/wp\/v2\/pages\/2304\/revisions\/2305"}],"up":[{"embeddable":true,"href":"https:\/\/blogsaverroes.juntadeandalucia.es\/cepersanmatias\/wp-json\/wp\/v2\/pages\/2295"}],"wp:attachment":[{"href":"https:\/\/blogsaverroes.juntadeandalucia.es\/cepersanmatias\/wp-json\/wp\/v2\/media?parent=2304"}],"curies":[{"name":"wp","href":"https:\/\/api.w.org\/{rel}","templated":true}]}}

Tecnologías de la Información y la Comunicación

<p>El Plan Educativos para el <strong>Fomento de la Ciudadanía Activa:</strong></p>
<h2 id="consejeria" class="TituloPlegable seccionDesplegada"><em>Uso básico de las Tecnologías de Información y Comunicación</em></h2>
<p>permitirá la incorporación de las personas adultas de la sociedad del conocimiento. Así, podrán tener acceso a la información digital y hacer uso adecuado de ésta.</p>

<p>El Plan Educativos para el Fomento de la Ciudadanía Activa: Uso básico de las Tecnologías de Información y Comunicación permitirá la incorporación de las personas adultas de la sociedad del conocimiento. Así, podrán tener acceso a la información digital y hacer uso adecuado de ésta.</p>
