{"id":5022,"date":"2022-02-13T21:13:00","date_gmt":"2022-02-13T21:13:00","guid":{"rendered":"https:\/\/blogsaverroes.juntadeandalucia.es\/cepersanmatias\/?page_id=5022"},"modified":"2022-02-13T21:13:00","modified_gmt":"2022-02-13T21:13:00","slug":"dia-de-andalucia","status":"publish","type":"page","link":"https:\/\/blogsaverroes.juntadeandalucia.es\/cepersanmatias\/dia-de-andalucia\/","title":{"rendered":"D\u00eda de Andaluc\u00eda"},"content":{"rendered":"<p>El D\u00eda de Andaluc\u00eda se celebra el 28 de febrero y conmemora el d\u00eda de la celebraci\u00f3n del refer\u00e9ndum sobre la iniciativa del proceso auton\u00f3mico de Andaluc\u00eda del a\u00f1o 1980 que dio autonom\u00eda plena a la comunidad andaluza.<\/p>\n","protected":false},"excerpt":{"rendered":"<p>El D\u00eda de Andaluc\u00eda se celebra el 28 de febrero y conmemora el d\u00eda de la celebraci\u00f3n del refer\u00e9ndum sobre la iniciativa del proceso auton\u00f3mico de Andaluc\u00eda del a\u00f1o 1980 que dio autonom\u00eda plena a la comunidad andaluza.<\/p>\n","protected":false},"author":4072,"featured_media":0,"parent":0,"menu_order":0,"comment_status":"closed","ping_status":"closed","template":"","meta":{"ngg_post_thumbnail":0,"footnotes":"","_mc_calendar":[]},"aioseo_notices":[],"_links":{"self":[{"href":"https:\/\/blogsaverroes.juntadeandalucia.es\/cepersanmatias\/wp-json\/wp\/v2\/pages\/5022"}],"collection":[{"href":"https:\/\/blogsaverroes.juntadeandalucia.es\/cepersanmatias\/wp-json\/wp\/v2\/pages"}],"about":[{"href":"https:\/\/blogsaverroes.juntadeandalucia.es\/cepersanmatias\/wp-json\/wp\/v2\/types\/page"}],"author":[{"embeddable":true,"href":"https:\/\/blogsaverroes.juntadeandalucia.es\/cepersanmatias\/wp-json\/wp\/v2\/users\/4072"}],"replies":[{"embeddable":true,"href":"https:\/\/blogsaverroes.juntadeandalucia.es\/cepersanmatias\/wp-json\/wp\/v2\/comments?post=5022"}],"version-history":[{"count":1,"href":"https:\/\/blogsaverroes.juntadeandalucia.es\/cepersanmatias\/wp-json\/wp\/v2\/pages\/5022\/revisions"}],"predecessor-version":[{"id":5023,"href":"https:\/\/blogsaverroes.juntadeandalucia.es\/cepersanmatias\/wp-json\/wp\/v2\/pages\/5022\/revisions\/5023"}],"wp:attachment":[{"href":"https:\/\/blogsaverroes.juntadeandalucia.es\/cepersanmatias\/wp-json\/wp\/v2\/media?parent=5022"}],"curies":[{"name":"wp","href":"https:\/\/api.w.org\/{rel}","templated":true}]}}

Día de Andalucía

<p>El Día de Andalucía se celebra el 28 de febrero y conmemora el día de la celebración del referéndum sobre la iniciativa del proceso autonómico de Andalucía del año 1980 que dio autonomía plena a la comunidad andaluza.</p>
