{"id":5160,"date":"2022-05-27T11:07:34","date_gmt":"2022-05-27T11:07:34","guid":{"rendered":"https:\/\/blogsaverroes.juntadeandalucia.es\/cepersanmatias\/?page_id=5160"},"modified":"2025-05-23T08:14:00","modified_gmt":"2025-05-23T08:14:00","slug":"matricula","status":"publish","type":"page","link":"https:\/\/blogsaverroes.juntadeandalucia.es\/cepersanmatias\/matricula\/","title":{"rendered":"Matr\u00edcula"},"content":{"rendered":"<p><strong>El periodo de matriculaci\u00f3n es del 1 al 15 de junio, en d\u00edas lectivos y de forma presencial<\/strong>.<\/p>\n<p><strong> Los alumnos\/as que&nbsp; han estado&nbsp; matriculados durante el curso 2024-25<\/strong>, <strong>NO<\/strong> tienen que entregar foto ni fotocopia del DNI, s\u00f3lo el impreso de matr\u00edcula.<\/p>\n<p><strong>Los nuevos alumnos\/as<\/strong>, <strong>S\u00cd<\/strong> deben entregar foto tama\u00f1o carn\u00e9 y fotocopia del DNI, junto con el impreso de matr\u00edcula.<\/p>\n<p><strong><span style=\"color: #ff0000\">&nbsp;<\/span>SOLICITUD DE MATR\u00cdCULA 25-26 SE DESCARGA EN EL ENLACE DE ABAJO<\/strong><\/p>\n<p><a href=\"https:\/\/drive.google.com\/file\/d\/1uf6SnoZCPQ_PlCDUDGKYu8RNq2F7jqF_\/view?usp=sharing\" target=\"_blank\" rel=\"noopener\">IMPRESO MATR\u00cdCULA 25\/26<\/a><\/p>\n<p><strong><em><u>MATR\u00cdCULA CURSO 2025\/2026<\/u>: DEL 1 AL 15 DE JUNIO<\/em><\/strong><\/p>\n<table>\n<tbody>\n<tr>\n<td rowspan=\"2\" width=\"99\"><span style=\"color: #ff0000\"><strong>HORARIO<\/strong><\/span><\/td>\n<td width=\"775\"><strong>MA\u00d1ANAS<\/strong>: <strong><em>DE LUNES A VIERNES DE 10:00 A 13:00 HORAS<\/em><\/strong><\/td>\n<\/tr>\n<tr>\n<td width=\"775\"><strong>TARDES<\/strong>: <strong><em>DE LUNES A JUEVES DE 16:30 A 19:30 HORAS<\/em><\/strong><\/td>\n<\/tr>\n<\/tbody>\n<\/table>\n<p><strong><em><span style=\"color: #ff0000\">&nbsp; &nbsp;LUGAR<\/span>: SALA DE PROFESORES\/AS Y CONSERJER\u00cdA<\/em><\/strong><\/p>\n<p><strong><span style=\"color: #ff0000\">&nbsp; &nbsp;PARA LOS PLANES M\u00c1S DEMANDADOS SE OFERTAN LAS SIGUIENTES PLAZAS<\/span>:<\/strong><\/p>\n<table>\n<tbody>\n<tr>\n<td width=\"340\">\u2013&nbsp;&nbsp;&nbsp;&nbsp;&nbsp;&nbsp;&nbsp;&nbsp; Patrimonio: 1060 plazas<\/p>\n<p>\u2013&nbsp;&nbsp;&nbsp;&nbsp;&nbsp;&nbsp;&nbsp;&nbsp; Inform\u00e1tica: 610<\/td>\n<td width=\"690\">\u2013&nbsp;&nbsp;&nbsp;&nbsp;&nbsp;&nbsp;&nbsp;&nbsp; Ingl\u00e9s: 610<\/p>\n<p>\u2013&nbsp;&nbsp;&nbsp;&nbsp;&nbsp;&nbsp;&nbsp;&nbsp; HVS: 240<\/td>\n<\/tr>\n<\/tbody>\n<\/table>\n<p><span style=\"color: #ff0000\"><strong>CRITERIOS DE ADMISI\u00d3N DE ALUMNOS<\/strong><\/span><\/p>\n<p><span style=\"color: #008000\"><em><strong>EN CASO DE SUPERAR DICHO N\u00daMERO SE APLICAR\u00c1N LOS SIGUIENTES CRITERIOS DE ADMISI\u00d3N:<\/strong><\/em><\/span><\/p>\n<p><span style=\"color: #0000ff\"><strong>Solicitudes con PRIORIDAD 1<\/strong><\/span><\/p>\n<ol>\n<li>Tendr\u00e1 preferencia el alumnado matriculado durante el presente curso y que ha asistido a clase con regularidad, <strong>en el Plan que haya estado matriculado<\/strong>.<\/li>\n<li>En caso de quedar vacantes se atender\u00e1 al alumnado nuevo por orden alfab\u00e9tico comenzando por la letra que resulte del sorteo p\u00fablico que determina el orden de actuaci\u00f3n de aspirantes en las pruebas selectivas que cada a\u00f1o se publica en BOJA. Este a\u00f1o ha tocado la<strong> letra \u201cH\u201d<\/strong><\/li>\n<li><strong>En \u00faltimo lugar ser\u00e1 considerado el alumnado absentista del presente curso<\/strong>.<\/li>\n<\/ol>\n<p><span style=\"color: #ff0000\"><strong><em>CRITERIOS PARA LA ASIGNACI\u00d3N A LOS GRUPOS<\/em><\/strong><\/span><\/p>\n<ul>\n<li>Los alumnos\/as de <strong>PATRIMONIO Y H\u00c1BITOS DE VIDA SALUDABLE<\/strong> permanecer\u00e1n en el mismo d\u00eda, hora y cuatrimestre en el curso siguiente. <strong>Los cambios se podr\u00e1n solicitar el d\u00eda de la presentaci\u00f3n.<\/strong><\/li>\n<li>En caso de desaparecer o crearse alg\u00fan grupo, se incluir\u00e1 al alumnado en un grupo con horario similar (cambiando d\u00eda de la semana y\/o cuatrimestre).<\/li>\n<li>No obstante, la formaci\u00f3n de grupos de alumnos\/as y el horario de los mismos es potestad del Equipo Directivo por lo que el alumnado, en ning\u00fan caso podr\u00e1 exigir ser incluido en un grupo concreto.<\/li>\n<li>El alumnado que se incorpora por primera vez al Centro ser\u00e1 adjudicado a un grupo de manera autom\u00e1tica. Podr\u00e1 solicitar a su tutor\/a cambio de grupo el d\u00eda de la presentaci\u00f3n. Esta solicitud se realizar\u00e1 de forma presencial.<\/li>\n<\/ul>\n<p><strong>&nbsp;<\/strong><\/p>\n<p><span style=\"color: #0000ff\"><strong>LA ASIGNACI\u00d3N A LOS GRUPOS PARA EL RESTO DE LOS PLANES SE HAR\u00c1 DE ACUERDO CON EL PROFESORADO.<\/strong><\/span><\/p>\n<p><strong>&nbsp;<\/strong><span style=\"color: #ff0000\"><strong>Aunque en el impreso de solicitud de matr\u00edcula se puede elegir la opci\u00f3n Ma\u00f1ana\/Tarde o Primer\/Segundo Cuatrimestre, <span style=\"color: #0000ff\">NO<\/span> se garantiza dicha petici\u00f3n.<\/strong><\/span><\/p>\n<p>&nbsp;<\/p>\n","protected":false},"excerpt":{"rendered":"<p>El periodo de matriculaci\u00f3n es del 1 al 15 de junio, en d\u00edas lectivos y de forma presencial. Los alumnos\/as que&nbsp; han estado&nbsp; matriculados durante el curso 2024-25, NO tienen que entregar foto ni fotocopia del DNI, s\u00f3lo el impreso de matr\u00edcula. Los nuevos alumnos\/as, S\u00cd deben entregar foto tama\u00f1o carn\u00e9 y fotocopia del DNI, &hellip; <\/p>\n<p><a class=\"more-link btn\" href=\"https:\/\/blogsaverroes.juntadeandalucia.es\/cepersanmatias\/matricula\/\">Seguir leyendo<\/a><\/p>\n","protected":false},"author":4072,"featured_media":0,"parent":0,"menu_order":0,"comment_status":"closed","ping_status":"closed","template":"","meta":{"ngg_post_thumbnail":0,"footnotes":"","_mc_calendar":[]},"aioseo_notices":[],"_links":{"self":[{"href":"https:\/\/blogsaverroes.juntadeandalucia.es\/cepersanmatias\/wp-json\/wp\/v2\/pages\/5160"}],"collection":[{"href":"https:\/\/blogsaverroes.juntadeandalucia.es\/cepersanmatias\/wp-json\/wp\/v2\/pages"}],"about":[{"href":"https:\/\/blogsaverroes.juntadeandalucia.es\/cepersanmatias\/wp-json\/wp\/v2\/types\/page"}],"author":[{"embeddable":true,"href":"https:\/\/blogsaverroes.juntadeandalucia.es\/cepersanmatias\/wp-json\/wp\/v2\/users\/4072"}],"replies":[{"embeddable":true,"href":"https:\/\/blogsaverroes.juntadeandalucia.es\/cepersanmatias\/wp-json\/wp\/v2\/comments?post=5160"}],"version-history":[{"count":10,"href":"https:\/\/blogsaverroes.juntadeandalucia.es\/cepersanmatias\/wp-json\/wp\/v2\/pages\/5160\/revisions"}],"predecessor-version":[{"id":6207,"href":"https:\/\/blogsaverroes.juntadeandalucia.es\/cepersanmatias\/wp-json\/wp\/v2\/pages\/5160\/revisions\/6207"}],"wp:attachment":[{"href":"https:\/\/blogsaverroes.juntadeandalucia.es\/cepersanmatias\/wp-json\/wp\/v2\/media?parent=5160"}],"curies":[{"name":"wp","href":"https:\/\/api.w.org\/{rel}","templated":true}]}}

Matrícula

<p><strong>El periodo de matriculación es del 1 al 15 de junio, en días lectivos y de forma presencial</strong>.</p>
<p><strong> Los alumnos/as que&nbsp; han estado&nbsp; matriculados durante el curso 2024-25</strong>, <strong>NO</strong> tienen que entregar foto ni fotocopia del DNI, sólo el impreso de matrícula.</p>
<p><strong>Los nuevos alumnos/as</strong>, <strong>SÍ</strong> deben entregar foto tamaño carné y fotocopia del DNI, junto con el impreso de matrícula.</p>
<p><strong><span style="color: #ff0000">&nbsp;</span>SOLICITUD DE MATRÍCULA 25-26 SE DESCARGA EN EL ENLACE DE ABAJO</strong></p>
<p><a href="https://drive.google.com/file/d/1uf6SnoZCPQ_PlCDUDGKYu8RNq2F7jqF_/view?usp=sharing" target="_blank" rel="noopener">IMPRESO MATRÍCULA 25/26</a></p>
<p><strong><em><u>MATRÍCULA CURSO 2025/2026</u>: DEL 1 AL 15 DE JUNIO</em></strong></p>
<table>
<tbody>
<tr>
<td rowspan="2" width="99"><span style="color: #ff0000"><strong>HORARIO</strong></span></td>
<td width="775"><strong>MAÑANAS</strong>: <strong><em>DE LUNES A VIERNES DE 10:00 A 13:00 HORAS</em></strong></td>
</tr>
<tr>
<td width="775"><strong>TARDES</strong>: <strong><em>DE LUNES A JUEVES DE 16:30 A 19:30 HORAS</em></strong></td>
</tr>
</tbody>
</table>
<p><strong><em><span style="color: #ff0000">&nbsp; &nbsp;LUGAR</span>: SALA DE PROFESORES/AS Y CONSERJERÍA</em></strong></p>
<p><strong><span style="color: #ff0000">&nbsp; &nbsp;PARA LOS PLANES MÁS DEMANDADOS SE OFERTAN LAS SIGUIENTES PLAZAS</span>:</strong></p>
<table>
<tbody>
<tr>
<td width="340">–&nbsp;&nbsp;&nbsp;&nbsp;&nbsp;&nbsp;&nbsp;&nbsp; Patrimonio: 1060 plazas</p>
<p>–&nbsp;&nbsp;&nbsp;&nbsp;&nbsp;&nbsp;&nbsp;&nbsp; Informática: 610</td>
<td width="690">–&nbsp;&nbsp;&nbsp;&nbsp;&nbsp;&nbsp;&nbsp;&nbsp; Inglés: 610</p>
<p>–&nbsp;&nbsp;&nbsp;&nbsp;&nbsp;&nbsp;&nbsp;&nbsp; HVS: 240</td>
</tr>
</tbody>
</table>
<p><span style="color: #ff0000"><strong>CRITERIOS DE ADMISIÓN DE ALUMNOS</strong></span></p>
<p><span style="color: #008000"><em><strong>EN CASO DE SUPERAR DICHO NÚMERO SE APLICARÁN LOS SIGUIENTES CRITERIOS DE ADMISIÓN:</strong></em></span></p>
<p><span style="color: #0000ff"><strong>Solicitudes con PRIORIDAD 1</strong></span></p>
<ol>
<li>Tendrá preferencia el alumnado matriculado durante el presente curso y que ha asistido a clase con regularidad, <strong>en el Plan que haya estado matriculado</strong>.</li>
<li>En caso de quedar vacantes se atenderá al alumnado nuevo por orden alfabético comenzando por la letra que resulte del sorteo público que determina el orden de actuación de aspirantes en las pruebas selectivas que cada año se publica en BOJA. Este año ha tocado la<strong> letra “H”</strong></li>
<li><strong>En último lugar será considerado el alumnado absentista del presente curso</strong>.</li>
</ol>
<p><span style="color: #ff0000"><strong><em>CRITERIOS PARA LA ASIGNACIÓN A LOS GRUPOS</em></strong></span></p>
<ul>
<li>Los alumnos/as de <strong>PATRIMONIO Y HÁBITOS DE VIDA SALUDABLE</strong> permanecerán en el mismo día, hora y cuatrimestre en el curso siguiente. <strong>Los cambios se podrán solicitar el día de la presentación.</strong></li>
<li>En caso de desaparecer o crearse algún grupo, se incluirá al alumnado en un grupo con horario similar (cambiando día de la semana y/o cuatrimestre).</li>
<li>No obstante, la formación de grupos de alumnos/as y el horario de los mismos es potestad del Equipo Directivo por lo que el alumnado, en ningún caso podrá exigir ser incluido en un grupo concreto.</li>
<li>El alumnado que se incorpora por primera vez al Centro será adjudicado a un grupo de manera automática. Podrá solicitar a su tutor/a cambio de grupo el día de la presentación. Esta solicitud se realizará de forma presencial.</li>
</ul>
<p><strong>&nbsp;</strong></p>
<p><span style="color: #0000ff"><strong>LA ASIGNACIÓN A LOS GRUPOS PARA EL RESTO DE LOS PLANES SE HARÁ DE ACUERDO CON EL PROFESORADO.</strong></span></p>
<p><strong>&nbsp;</strong><span style="color: #ff0000"><strong>Aunque en el impreso de solicitud de matrícula se puede elegir la opción Mañana/Tarde o Primer/Segundo Cuatrimestre, <span style="color: #0000ff">NO</span> se garantiza dicha petición.</strong></span></p>
<p>&nbsp;</p>

<p>El periodo de matriculación es del 1 al 15 de junio, en días lectivos y de forma presencial. Los alumnos/as que&nbsp; han estado&nbsp; matriculados durante el curso 2024-25, NO tienen que entregar foto ni fotocopia del DNI, sólo el impreso de matrícula. Los nuevos alumnos/as, SÍ deben entregar foto tamaño carné y fotocopia del DNI, &hellip; </p>
<p><a class="more-link btn" href="https://blogsaverroes.juntadeandalucia.es/cepersanmatias/matricula/">Seguir leyendo</a></p>
