{"id":1113,"date":"2015-03-12T11:00:55","date_gmt":"2015-03-12T11:00:55","guid":{"rendered":"http:\/\/blogsaverroes.juntadeandalucia.es\/pre\/ceip\/?page_id=2"},"modified":"2024-02-22T15:45:08","modified_gmt":"2024-02-22T15:45:08","slug":"pagina-ejemplo-2","status":"publish","type":"page","link":"https:\/\/blogsaverroes.juntadeandalucia.es\/cepertrecerosas\/","title":{"rendered":"Inicio"},"content":{"rendered":"<h2>Mensaje de bienvenida<\/h2>\n<p id=\"h.p_AatxfgLtvYOL\" class=\"CDt4Ke zfr3Q\" dir=\"ltr\">En Educaci\u00f3n Permanente o Educaci\u00f3n para personas adultas se ofertan cursos, denominados Planes Educativos, que facilitan tu incorporaci\u00f3n al sistema educativo. Se desarrollan a lo largo de un curso escolar y casi exclusivamente se imparten en modalidad presencial.<\/p>\n<p id=\"h.p_4ZtqGSWZvhgP\" class=\"CDt4Ke zfr3Q\" dir=\"ltr\">Si tienes dificultades de lectoescritura o de comprensi\u00f3n o de expresi\u00f3n puedes iniciar tu formaci\u00f3n cursando el Plan educativo de Formaci\u00f3n B\u00e1sica.<\/p>\n<p id=\"h.p_GVY17ylDvhgU\" class=\"CDt4Ke zfr3Q\" dir=\"ltr\">Sin embargo, si no tienes estas dificultades y tienes inquietud por ampliar tus conocimientos en temas de gran inter\u00e9s hoy en d\u00eda, tienes la posibilidad de acceder a cursos denominados Planes educativos no Formales entre los que puedes contar con formaci\u00f3n en el uso de las nuevas tecnolog\u00edas, uso b\u00e1sico de idiomas, cultura emprendedora, patrimonio cultural y medioambiental de la comunidad aut\u00f3noma de Andaluc\u00eda, h\u00e1bitos de vida saludable, aprendizaje de la lengua castellana para personas extranjeras etc&#8230;<\/p>\n<p id=\"h.p_aajN_i8rvhgX\" class=\"CDt4Ke zfr3Q\" dir=\"ltr\">Se denominan no formales porque el finalizarlos no conduce directamente a la obtenci\u00f3n de un t\u00edtulo aunque s\u00ed de un certificado.<\/p>\n<p id=\"h.p_rs0itPc2vhgb\" class=\"CDt4Ke zfr3Q\" dir=\"ltr\">En Educaci\u00f3n Permanente se oferta la<strong>&nbsp;Educaci\u00f3n Secundaria Obligatoria para personas adultas,<\/strong>&nbsp;en nuestro centro se oferta en la&nbsp;<strong>modalidades semipresencial<\/strong>.<\/p>\n<ul class=\"n8H08c UVNKR\">\n<li id=\"h.p_7mg1m5_lvhgd\" class=\"TYR86d zfr3Q\">Tiene una duraci\u00f3n de&nbsp;<strong>dos cursos escolares<\/strong>: Nivel I (1\u00ba y 2\u00ba de la ESO en r\u00e9gimen ordinario) y Nivel II (3\u00ba y 4\u00ba de la ESO en r\u00e9gimen ordinario).<\/li>\n<li id=\"h.p_cSPLWLDfvhgg\" class=\"TYR86d zfr3Q\">Los contenidos se agrupan por&nbsp;<strong>\u00e1mbitos,&nbsp;<\/strong>no por materias: \u00e1mbito de comunicaci\u00f3n, \u00e1mbito cient\u00edfico-tecnol\u00f3gico y \u00e1mbito social.<\/li>\n<li id=\"h.p_Ftdcl2ySvhgj\" class=\"TYR86d zfr3Q\">Posibilidad de&nbsp;<strong>matr\u00edcula parcial<\/strong>&nbsp;por \u00e1mbitos en todas las modalidades.<\/li>\n<li id=\"h.p_xeeKJvdKvhgm\" class=\"TYR86d zfr3Q\">Reconocimiento y equivalencia de aprendizajes adquiridos, tanto si accedes a la ESO por primera vez como si provienes del r\u00e9gimen ordinario de estas ense\u00f1anzas. Adem\u00e1s se reconocer\u00e1n aquellos \u00e1mbitos superadas en las pruebas para la obtenci\u00f3n del T\u00edtulo de Graduado en ESO para mayores de 18 a\u00f1os. Estos \u00e1mbitos, una vez superados, no deben ser cursados de nuevo.<\/li>\n<\/ul>\n<p>&nbsp;<\/p>\n","protected":false},"excerpt":{"rendered":"<p>Mensaje de bienvenida En Educaci\u00f3n Permanente o Educaci\u00f3n para personas adultas se ofertan cursos, denominados Planes Educativos, que facilitan tu incorporaci\u00f3n al sistema educativo.&#46;&#46;&#46;<\/p>\n","protected":false},"author":1,"featured_media":0,"parent":0,"menu_order":0,"comment_status":"open","ping_status":"open","template":"","meta":{"ngg_post_thumbnail":0,"footnotes":"","_mc_calendar":[]},"aioseo_notices":[],"_links":{"self":[{"href":"https:\/\/blogsaverroes.juntadeandalucia.es\/cepertrecerosas\/wp-json\/wp\/v2\/pages\/1113"}],"collection":[{"href":"https:\/\/blogsaverroes.juntadeandalucia.es\/cepertrecerosas\/wp-json\/wp\/v2\/pages"}],"about":[{"href":"https:\/\/blogsaverroes.juntadeandalucia.es\/cepertrecerosas\/wp-json\/wp\/v2\/types\/page"}],"author":[{"embeddable":true,"href":"https:\/\/blogsaverroes.juntadeandalucia.es\/cepertrecerosas\/wp-json\/wp\/v2\/users\/1"}],"replies":[{"embeddable":true,"href":"https:\/\/blogsaverroes.juntadeandalucia.es\/cepertrecerosas\/wp-json\/wp\/v2\/comments?post=1113"}],"version-history":[{"count":23,"href":"https:\/\/blogsaverroes.juntadeandalucia.es\/cepertrecerosas\/wp-json\/wp\/v2\/pages\/1113\/revisions"}],"predecessor-version":[{"id":4650,"href":"https:\/\/blogsaverroes.juntadeandalucia.es\/cepertrecerosas\/wp-json\/wp\/v2\/pages\/1113\/revisions\/4650"}],"wp:attachment":[{"href":"https:\/\/blogsaverroes.juntadeandalucia.es\/cepertrecerosas\/wp-json\/wp\/v2\/media?parent=1113"}],"curies":[{"name":"wp","href":"https:\/\/api.w.org\/{rel}","templated":true}]}}