{"id":2500,"date":"2021-01-20T17:43:20","date_gmt":"2021-01-20T17:43:20","guid":{"rendered":"https:\/\/blogsaverroes.juntadeandalucia.es\/cepertrecerosas\/?page_id=2500"},"modified":"2021-05-09T17:19:51","modified_gmt":"2021-05-09T17:19:51","slug":"orientacion-academica","status":"publish","type":"page","link":"https:\/\/blogsaverroes.juntadeandalucia.es\/cepertrecerosas\/orientacion-academica\/","title":{"rendered":"Orientaci\u00f3n acad\u00e9mica"},"content":{"rendered":"<section id=\"h.p_Eu0qj3G9QZDr\" class=\"yaqOZd lQAHbd\">\n<div class=\"mYVXT\">\n<div class=\"LS81yb VICjCf\">\n<div class=\"hJDwNd-AhqUyc-uQSCkd purZT-AhqUyc-II5mzb pSzOP-AhqUyc-qWD73c JNdkSc\">\n<div class=\"JNdkSc-SmKAyb\">\n<div class=\"\">\n<div class=\"oKdM2c Kzv0Me\">\n<div id=\"h.p_V7Odu9C1QZDh\" class=\"hJDwNd-AhqUyc-uQSCkd jXK9ad D2fZ2 OjCsFc wHaque GNzUNc\">\n<div class=\"jXK9ad-SmKAyb\">\n<h1 class=\"tyJCtd mGzaTb baZpAe\"><strong>Ciclos Formativos F.P. <img loading=\"lazy\" decoding=\"async\" class=\"size-medium wp-image-3153 alignleft\" src=\"https:\/\/blogsaverroes.juntadeandalucia.es\/cepertrecerosas\/files\/2021\/05\/ORIENTACIO\u0301N-ACADE\u0301MICApng-300x300.png\" alt=\"\" width=\"300\" height=\"300\"><\/strong><\/h1>\n<\/div>\n<\/div>\n<\/div>\n<\/div>\n<\/div>\n<\/div>\n<\/div>\n<\/div>\n<\/section>\n<section id=\"h.p_wzUHsiRhWIwY\" class=\"yaqOZd\">\n<div class=\"mYVXT\">\n<div class=\"LS81yb VICjCf\">\n<div class=\"hJDwNd-AhqUyc-uQSCkd purZT-AhqUyc-II5mzb pSzOP-AhqUyc-qWD73c JNdkSc\">\n<div class=\"JNdkSc-SmKAyb\">\n<div class=\"\">\n<div class=\"oKdM2c Kzv0Me\">\n<div id=\"h.p_7-bsM43FWIwF\" class=\"hJDwNd-AhqUyc-uQSCkd jXK9ad D2fZ2 OjCsFc wHaque GNzUNc\">\n<div class=\"jXK9ad-SmKAyb\">\n<div class=\"tyJCtd mGzaTb baZpAe\">\n<div class=\"CjVfdc\">\n<h2>INFORMACI\u00d3N MATRICULACI\u00d3N CICLOS FORMATIVOS DE FORMACI\u00d3N PROFESIONAL<\/h2>\n<\/div>\n<h3 id=\"h.p_nd2R07NIr0FY\" class=\"CobnVe aP9Z7e\">SOLICITUD CICLOS FORMATIVOS DE FP<\/h3>\n<p id=\"h.p_EnhpEf0GWJ05\" class=\"CDt4Ke zfr3Q\" dir=\"ltr\"><strong>Fecha solicitud:<\/strong> del 15 de junio al 1 de julio. Preferentemente de manera telem\u00e1tica.<\/p>\n<p id=\"h.p_Zfk8Z3SqWJ06\" class=\"CDt4Ke zfr3Q\" dir=\"ltr\"><strong>Los requisitos para solicitarlo<\/strong>: t\u00edtulo de ESO, CFGM o Bachillerato seg\u00fan corresponda.<\/p>\n<p id=\"h.p_HknbDp2lWJ08\" class=\"CDt4Ke zfr3Q\" dir=\"ltr\"><strong>Algunos enlaces y archivos interesantes<\/strong>: Cat\u00e1logo de T\u00edtulos para consultar; Listado de CFGM y CFGS andaluces y sus notas de corte; Oferta de CF en Jerez, p\u00fablicos y privados.<\/p>\n<p style=\"text-align: center\"><strong>Grado Medio<\/strong><strong><a href=\"https:\/\/www.juntadeandalucia.es\/educacion\/portals\/web\/formacion-profesional-andaluza\/quiero-formarme\/ensenanzas\/fp-grado-medio\/catalogo\" target=\"_blank\" rel=\"noopener noreferrer\"><img loading=\"lazy\" decoding=\"async\" class=\"wp-image-2705 aligncenter\" src=\"https:\/\/blogsaverroes.juntadeandalucia.es\/cepertrecerosas\/files\/2021\/03\/boton-entra-aqui\u0301-300x103.png\" alt=\"\" width=\"186\" height=\"64\" srcset=\"https:\/\/blogsaverroes.juntadeandalucia.es\/cepertrecerosas\/files\/2021\/03\/boton-entra-aqui\u0301-300x103.png 300w, https:\/\/blogsaverroes.juntadeandalucia.es\/cepertrecerosas\/files\/2021\/03\/boton-entra-aqui\u0301-768x263.png 768w, https:\/\/blogsaverroes.juntadeandalucia.es\/cepertrecerosas\/files\/2021\/03\/boton-entra-aqui\u0301-24x8.png 24w, https:\/\/blogsaverroes.juntadeandalucia.es\/cepertrecerosas\/files\/2021\/03\/boton-entra-aqui\u0301-36x12.png 36w, https:\/\/blogsaverroes.juntadeandalucia.es\/cepertrecerosas\/files\/2021\/03\/boton-entra-aqui\u0301-48x16.png 48w, https:\/\/blogsaverroes.juntadeandalucia.es\/cepertrecerosas\/files\/2021\/03\/boton-entra-aqui\u0301.png 876w\" sizes=\"(max-width: 186px) 100vw, 186px\" \/><\/a><\/strong><\/p>\n<p style=\"text-align: center\"><strong>Grado Superior<\/strong><strong><br \/>\n<a href=\"https:\/\/www.juntadeandalucia.es\/educacion\/portals\/web\/formacion-profesional-andaluza\/quiero-formarme\/ensenanzas\/fp-grado-superior\/catalogo\" target=\"_blank\" rel=\"noopener noreferrer\"><img loading=\"lazy\" decoding=\"async\" class=\"wp-image-2706 aligncenter\" src=\"https:\/\/blogsaverroes.juntadeandalucia.es\/cepertrecerosas\/files\/2021\/03\/boton-entra-aqui-morado-300x103.png\" alt=\"\" width=\"190\" height=\"65\" srcset=\"https:\/\/blogsaverroes.juntadeandalucia.es\/cepertrecerosas\/files\/2021\/03\/boton-entra-aqui-morado-300x103.png 300w, https:\/\/blogsaverroes.juntadeandalucia.es\/cepertrecerosas\/files\/2021\/03\/boton-entra-aqui-morado-768x263.png 768w, https:\/\/blogsaverroes.juntadeandalucia.es\/cepertrecerosas\/files\/2021\/03\/boton-entra-aqui-morado-24x8.png 24w, https:\/\/blogsaverroes.juntadeandalucia.es\/cepertrecerosas\/files\/2021\/03\/boton-entra-aqui-morado-36x12.png 36w, https:\/\/blogsaverroes.juntadeandalucia.es\/cepertrecerosas\/files\/2021\/03\/boton-entra-aqui-morado-48x16.png 48w, https:\/\/blogsaverroes.juntadeandalucia.es\/cepertrecerosas\/files\/2021\/03\/boton-entra-aqui-morado.png 876w\" sizes=\"(max-width: 190px) 100vw, 190px\" \/><\/a><\/strong><\/p>\n<\/div>\n<\/div>\n<\/div>\n<\/div>\n<\/div>\n<\/div>\n<\/div>\n<\/div>\n<\/div>\n<\/section>\n<section id=\"h.p_UoEcJ9WVWXuA\" class=\"yaqOZd\">\n<div class=\"IFuOkc\">&nbsp;<\/div>\n<div class=\"mYVXT\">\n<div class=\"LS81yb VICjCf\">\n<div class=\"hJDwNd-AhqUyc-R6PoUb JNdkSc L6cTce-purZT L6cTce-pSzOP\">\n<div class=\"JNdkSc-SmKAyb\">\n<div class=\"\">\n<table style=\"border-collapse: collapse;width: 100%;height: 74px\">\n<tbody>\n<tr style=\"height: 74px\">\n<td style=\"width: 42.5641%;height: 74px;background-color: #34bf59;border-style: none;text-align: center\"><span style=\"color: #000000\"><a style=\"color: #000000\" href=\"https:\/\/drive.google.com\/file\/d\/1zRwd8ERMCRd104OtsCvxFs7GbJI_hSSo\/view\" target=\"_blank\" rel=\"noopener noreferrer\"><strong>OFERTA DE CICLOS FORMATIVOS DE GRADO MEDIO EN C\u00c1DIZ<\/strong><\/a><\/span><\/td>\n<td style=\"width: 16.4102%;height: 74px;border-style: none\">&nbsp;<\/td>\n<td style=\"width: 41.0256%;height: 74px;background-color: #c73445;border-style: none;text-align: center\"><span style=\"color: #000000\"><strong style=\"color: #000000\"><a style=\"color: #000000\" href=\"https:\/\/drive.google.com\/file\/d\/1f67RWUp_G8Yu5Mm3D5Jpc16z6_MXhshm\/view\" target=\"_blank\" rel=\"noopener noreferrer\">FORMACI\u00d3N PROFESIONAL EN JEREZ<\/a><\/strong><\/span><\/td>\n<\/tr>\n<\/tbody>\n<\/table>\n<\/div>\n<\/div>\n<\/div>\n<\/div>\n<\/div>\n<\/section>\n<section id=\"h.p_j2s3lazApzMx\" class=\"yaqOZd\">\n<div class=\"mYVXT\">\n<div class=\"LS81yb VICjCf\">\n<div class=\"hJDwNd-AhqUyc-R6PoUb JNdkSc L6cTce-purZT L6cTce-pSzOP\">\n<div class=\"JNdkSc-SmKAyb\">\n<div class=\"\">&nbsp;<\/div>\n<\/div>\n<\/div>\n<\/div>\n<\/div>\n<\/section>\n<section id=\"h.p_-5qDfCwLoqsN\" class=\"yaqOZd\">\n<div class=\"IFuOkc\">&nbsp;<\/div>\n<div class=\"mYVXT\">\n<div class=\"LS81yb VICjCf\">\n<div class=\"hJDwNd-AhqUyc-uQSCkd purZT-AhqUyc-II5mzb pSzOP-AhqUyc-qWD73c JNdkSc\">\n<div class=\"JNdkSc-SmKAyb\">\n<div class=\"\">\n<div class=\"oKdM2c Kzv0Me\">\n<div id=\"h.p_OGDZiZutoqr8\" class=\"hJDwNd-AhqUyc-uQSCkd jXK9ad D2fZ2 OjCsFc wHaque GNzUNc\">\n<div class=\"jXK9ad-SmKAyb\">\n<div class=\"tyJCtd mGzaTb baZpAe\">\n<div id=\"h.p_Xl3ahq2aoqsI\" class=\"CobnVe aP9Z7e\">&nbsp;<\/div>\n<div class=\"CjVfdc\">\n<div class=\"PPhIP rviiZ\">\n<div class=\"U26fgb mUbCce fKz7Od LRAOtb rm120e\" role=\"presentation\" aria-describedby=\"h.p_Xl3ahq2aoqsI\" aria-label=\"Copiar el v\u00ednculo del t\u00edtulo\" data-tooltip=\"Copiar el v\u00ednculo del t\u00edtulo\" aria-hidden=\"true\" data-tooltip-position=\"top\" data-tooltip-vertical-offset=\"12\" data-tooltip-horizontal-offset=\"0\">\n<h3 class=\"VTBa7b MbhUzd\">CICLOS FORMATIVOS DE LA ESCUELA DE ARTE<\/h3>\n<\/div>\n<\/div>\n<\/div>\n<p id=\"h.p_1zAw2IkJore6\" class=\"CDt4Ke zfr3Q\" dir=\"ltr\">La&nbsp;<strong>preinscripci\u00f3n de nuestros estudios<\/strong>&nbsp;es del 1 al 31 de mayo.<\/p>\n<p id=\"h.p_7w-H9ifLore7\" class=\"CDt4Ke zfr3Q\" dir=\"ltr\">Las&nbsp;<strong>ense\u00f1anzas art\u00edsticas profesionales<\/strong>&nbsp;que se imparten en LA ESCUELA DE ARTE DE JEREZ:<\/p>\n<ul class=\"n8H08c UVNKR\">\n<li style=\"list-style-type: none\">\n<ul class=\"n8H08c UVNKR\">\n<li id=\"h.p_ks9OTR_Wore-\" class=\"TYR86d zfr3Q\">1 Ciclo <strong>Formativo de Grado Medio: <\/strong><a class=\"dhtgD aw5Odc\" href=\"https:\/\/drive.google.com\/open?id=1U2gapC6qeX2huEurMyO9qZYG8nptWDni\" target=\"_blank\" rel=\"noopener noreferrer\">Decoraci\u00f3n Cer\u00e1mica<\/a><strong> (<\/strong>turno de tarde).<\/li>\n<li id=\"h.p_90_R7bsCorfA\" class=\"TYR86d zfr3Q\">8 <strong>Ciclos Formativos de Grado Superior<\/strong>:\n<ul class=\"n8H08c UVNKR\">\n<li style=\"list-style-type: none\">\n<ul class=\"n8H08c UVNKR\">\n<li style=\"list-style-type: none\">\n<ul class=\"n8H08c UVNKR\">\n<li style=\"list-style-type: none\">\n<ul class=\"n8H08c UVNKR\">\n<li id=\"h.p_BKpad1qcorfE\" class=\"TYR86d zfr3Q\"><a class=\"dhtgD aw5Odc\" href=\"https:\/\/drive.google.com\/open?id=1UcYg8pcU_8ZDU2w1wVLe9jlLPBTqCY8b\" target=\"_blank\" rel=\"noopener noreferrer\">Gr\u00e1fica Publicitaria <\/a>(turno de tarde)<\/li>\n<li id=\"h.p_IHsvU4w2o97y\" class=\"TYR86d zfr3Q\"><a class=\"dhtgD aw5Odc\" href=\"https:\/\/drive.google.com\/open?id=1XslX-P_CahKCl8h5fF7kaitaVQn5Dlad\" target=\"_blank\" rel=\"noopener noreferrer\">Fotograf\u00eda Art\u00edstica<\/a> (turno de ma\u00f1ana)<\/li>\n<li id=\"h.p_PrGKZtwJorfH\" class=\"TYR86d zfr3Q\"><a class=\"dhtgD aw5Odc\" href=\"https:\/\/drive.google.com\/open?id=1vhLwWP0qWfHnymNaH6b8xoiKSmYAu5lU\" target=\"_blank\" rel=\"noopener noreferrer\">Animaci\u00f3n <\/a>(turno de tarde)<\/li>\n<li id=\"h.p_aZZi_WEborfJ\" class=\"TYR86d zfr3Q\"><a class=\"dhtgD aw5Odc\" href=\"https:\/\/drive.google.com\/open?id=12JTHHCrOdr6wBV0TTldSfjhMwHV65hsI\" target=\"_blank\" rel=\"noopener noreferrer\">Arquitectura Ef\u00edmera <\/a>(turno de tarde)<\/li>\n<li id=\"h.p_CHfn4kirpAM0\" class=\"TYR86d zfr3Q\"><a class=\"dhtgD aw5Odc\" href=\"https:\/\/drive.google.com\/open?id=1KB_I2uw4J97TMsRfqKdkswfX2PvuEEUS\" target=\"_blank\" rel=\"noopener noreferrer\">Proyectos y Direcci\u00f3n de Obras y Decoraci\u00f3n<\/a> (turno de tarde)<\/li>\n<li id=\"h.p_8AZE8y2zorfM\" class=\"TYR86d zfr3Q\"><a class=\"dhtgD aw5Odc\" href=\"https:\/\/drive.google.com\/open?id=1rjustBoN4w3NU077YaiDaK1z8bXmHgjs\" target=\"_blank\" rel=\"noopener noreferrer\">Modelismo de Indumentaria<\/a> (turno de tarde)<\/li>\n<li id=\"h.p_ARcK4ZK9orfN\" class=\"TYR86d zfr3Q\"><a class=\"dhtgD aw5Odc\" href=\"https:\/\/drive.google.com\/open?id=1BMc-rW4tj6J-mQ7P-rJUB5nhIBOmX9mG\" target=\"_blank\" rel=\"noopener noreferrer\">Ebanister\u00eda Art\u00edstica<\/a> (turno de tarde)<\/li>\n<li id=\"h.p_ZExGjkINorfO\" class=\"TYR86d zfr3Q\"><a class=\"dhtgD aw5Odc\" href=\"https:\/\/drive.google.com\/open?id=13E7ur-5uPN2IZJPVZb17IJZB0Pv9phoG\" target=\"_blank\" rel=\"noopener noreferrer\">Escultura Aplicada al Espect\u00e1culo<\/a> (turno de tarde)<\/li>\n<\/ul>\n<\/li>\n<\/ul>\n<\/li>\n<\/ul>\n<\/li>\n<\/ul>\n<\/li>\n<\/ul>\n<\/li>\n<\/ul>\n<ul class=\"n8H08c UVNKR\">\n<li style=\"list-style-type: none\">\n<ul class=\"n8H08c UVNKR\">\n<li id=\"h.p_kMeHNshVorfQ\" class=\"TYR86d zfr3Q\">2 Ense\u00f1anzas Art\u00edsticas Superiores de Dise\u00f1o, equivalentes a grado universitario:<\/li>\n<\/ul>\n<\/li>\n<\/ul>\n<ul class=\"n8H08c UVNKR\">\n<li style=\"list-style-type: none\">\n<ul class=\"n8H08c UVNKR\">\n<li style=\"list-style-type: none\">\n<ul class=\"n8H08c UVNKR\">\n<li style=\"list-style-type: none\">\n<ul class=\"n8H08c UVNKR\">\n<li style=\"list-style-type: none\">\n<ul class=\"n8H08c UVNKR\">\n<li style=\"list-style-type: none\">\n<ul class=\"n8H08c UVNKR\">\n<li id=\"h.p_byZwbW39orfT\" class=\"TYR86d zfr3Q RuayVd\"><a class=\"dhtgD aw5Odc\" href=\"https:\/\/drive.google.com\/open?id=1ROgpMuSd2i9biCVyJROc3xtbDsBsNhhj\" target=\"_blank\" rel=\"noopener noreferrer\">Dise\u00f1o Gr\u00e1fico<\/a>&nbsp;(turno de ma\u00f1ana)<\/li>\n<li id=\"h.p_z6gBPIYtorfU\" class=\"TYR86d zfr3Q RuayVd\"><a class=\"dhtgD aw5Odc\" href=\"https:\/\/drive.google.com\/open?id=19pVf7qJktfJV8yZ72ZWhaoZxpZJn3p_c\" target=\"_blank\" rel=\"noopener noreferrer\">Dise\u00f1o de Interiores<\/a>&nbsp;(turno de ma\u00f1ana)<\/li>\n<\/ul>\n<\/li>\n<\/ul>\n<\/li>\n<\/ul>\n<\/li>\n<\/ul>\n<\/li>\n<\/ul>\n<\/li>\n<\/ul>\n<p id=\"h.p_yy_BLjBBorfW\" class=\"CDt4Ke zfr3Q\" dir=\"ltr\">Pinchando en cada una de las ense\u00f1anzas obtendr\u00e1s m\u00e1s informaci\u00f3n<\/p>\n<\/div>\n<\/div>\n<\/div>\n<\/div>\n<\/div>\n<\/div>\n<\/div>\n<\/div>\n<\/div>\n<\/section>\n<section id=\"h.p_USIenSDbCCSv\" class=\"yaqOZd qeLZfd\">\n<div class=\"IFuOkc\">&nbsp;<\/div>\n<div class=\"mYVXT\">\n<div class=\"LS81yb VICjCf\">\n<div class=\"hJDwNd-AhqUyc-uQSCkd purZT-AhqUyc-II5mzb pSzOP-AhqUyc-qWD73c JNdkSc\">\n<div class=\"JNdkSc-SmKAyb\">\n<div class=\"\">\n<div class=\"oKdM2c Kzv0Me\">\n<div id=\"h.p_xw5Sl77tCCSZ\" class=\"hJDwNd-AhqUyc-uQSCkd jXK9ad D2fZ2 OjCsFc wHaque GNzUNc\">\n<div class=\"jXK9ad-SmKAyb\">\n<div class=\"tyJCtd mGzaTb baZpAe\">\n<div id=\"h.p_YaVV3EElCCSo\" class=\"CobnVe aP9Z7e\">&nbsp;<\/div>\n<div class=\"CjVfdc\">\n<div class=\"PPhIP rviiZ\">\n<div class=\"U26fgb mUbCce fKz7Od LRAOtb rm120e\" role=\"presentation\" aria-describedby=\"h.p_YaVV3EElCCSo\" aria-label=\"Copiar el v\u00ednculo del t\u00edtulo\" data-tooltip=\"Copiar el v\u00ednculo del t\u00edtulo\" aria-hidden=\"true\" data-tooltip-position=\"top\" data-tooltip-vertical-offset=\"12\" data-tooltip-horizontal-offset=\"0\">\n<div class=\"VTBa7b MbhUzd\">&nbsp;<\/div>\n<\/div>\n<\/div>\n<h3>RESUMEN DEL CALENDARIO DE MATRICULACI\u00d3N<\/h3>\n<\/div>\n<p id=\"h.p_mPLyzXzqCDs0\" class=\"CDt4Ke zfr3Q\"><strong>del 15 al 30 de junio<\/strong>: <strong>PRESENTACI\u00d3N DE SOLICITUDES<\/strong><\/p>\n<p id=\"h.p_1WgC2GBbCDs1\" class=\"CDt4Ke zfr3Q\"><em>Este proceso se hace online, a trav\u00e9s de la Secretar\u00eda Virtual de los Centros Docentes<\/em> Andaluces<em> cuyo enlace es: <a class=\"dhtgD aw5Odc\" href=\"https:\/\/www.google.com\/url?q=https%3A%2F%2Fwww.juntadeandalucia.es%2Feducacion%2Fsecretariavirtual%2F&amp;sa=D&amp;sntz=1&amp;usg=AFQjCNHxT3DBxSEaaRQAIOdpG05h8ZaKvw\" target=\"_blank\" rel=\"noopener noreferrer\">https:\/\/www.juntadeandalucia.es\/educacion\/secretariavirtual\/<\/a><\/em><\/p>\n<p id=\"h.p_T3jTuclfCDs2\" class=\"CDt4Ke zfr3Q\"><em>Cuando rellen\u00e9is la solicitud podr\u00e9is poner varios Centros, por orden de preferencia (1\u00ba el que m\u00e1s se desea, luego el 2\u00ba, etc.)<\/em><\/p>\n<p id=\"h.p_0yvvYhSjCDs2\" class=\"CDt4Ke zfr3Q\"><strong>6 de julio: Relaci\u00f3n provisional de personas solicitantes<\/strong><\/p>\n<p id=\"h.p__749ZMfRCDs3\" class=\"CDt4Ke zfr3Q\"><em>Tendr\u00e9is que ver ese d\u00eda en la Secretar\u00eda Virtual si aparec\u00e9is, y vuestros datos son correctos<\/em><\/p>\n<p id=\"h.p_etU4NcoHCDs5\" class=\"CDt4Ke zfr3Q\"><strong>7 al 10 de julio: Alegaciones de la relaci\u00f3n provisional<\/strong><\/p>\n<p id=\"h.p_r2eBYjZKCDs6\" class=\"CDt4Ke zfr3Q\"><em>Si no aparec\u00e9is, o alguno de vuestros datos no son correctos, tendr\u00e9is esos d\u00edas para hacer la reclamaci\u00f3n<\/em><\/p>\n<p id=\"h.p_tfl23c34CDs6\" class=\"CDt4Ke zfr3Q\"><strong>13 de julio: Relaci\u00f3n definitiva de personas solicitantes<\/strong><\/p>\n<p id=\"h.p_d5T50IDYCDs7\" class=\"CDt4Ke zfr3Q\"><strong>14 de julio: Primera adjudicaci\u00f3n<\/strong><\/p>\n<p id=\"h.p_zuA878PjCDs8\" class=\"CDt4Ke zfr3Q\"><em>Saldr\u00e1 la relaci\u00f3n de personas que obtienen plaza en alg\u00fan Ciclo<\/em><\/p>\n<p id=\"h.p_g2COeXY7CDs9\" class=\"CDt4Ke zfr3Q\"><strong>15 al 20 de julio: Matriculaci\u00f3n o reserva de matr\u00edcula de personas admitidas en la primera adjudicaci\u00f3n<\/strong><\/p>\n<p id=\"h.p_F95xMlaiCDs9\" class=\"CDt4Ke zfr3Q\"><em><strong>Muy importante:<\/strong> Las personas a las que se le ha asignado el Ciclo Formativo, que en la lista de sus peticiones hab\u00eda puesto en primer lugar, <strong>tienen que<\/strong> matricularse, acudiendo al Centro donde se imparte ese Ciclo Formativo.<\/em><\/p>\n<p id=\"h.p_stWl2UKBCDs-\" class=\"CDt4Ke zfr3Q\"><em>Las personas a las que se le ha asignado un Ciclo que no era el que solicitaba en primer lugar, (el 2\u00ba, el 3\u00ba, &#8230;) puede hacer dos cosas:<\/em><\/p>\n<p id=\"h.p_s4v7hie0CDs_\" class=\"CDt4Ke zfr3Q\"><em>&#8211; Matricularse en el Ciclo asignado (se acaba el proceso)<\/em><\/p>\n<p id=\"h.p_ndXne3FmCDtA\" class=\"CDt4Ke zfr3Q\"><em>-Reservar matr\u00edcula y esperar a la siguiente adjudicaci\u00f3n, a ver si le dan otro Ciclo mejor. Por ejemplo a alguien le dan el Ciclo que puso en 7\u00ba lugar, puede reservar esa plaza y participar en la siguiente adjudicaci\u00f3n a ver si le dan otro de los que ha puesto antes (el 1\u00ba, el 2\u00ba, el 3\u00ba &#8230;) <u>Para hacer la reserva de matr\u00edcula hay que ir al Centro que se le ha adjudicado<\/u>.<\/em><\/p>\n<p id=\"h.p_sj4jlRFJCDtA\" class=\"CDt4Ke zfr3Q\"><em><strong>L\u00f3gicamente los que no han obtenido plaza, tendr\u00e1n que esperar a las siguientes adjudicaciones.<\/strong><\/em><\/p>\n<p id=\"h.p_lZPPdgeUCDtB\" class=\"CDt4Ke zfr3Q\"><em><strong>24 de julio : Segunda adjudicaci\u00f3n<\/strong><\/em><\/p>\n<p id=\"h.p_ytrptMmbCDtB\" class=\"CDt4Ke zfr3Q\"><em><strong>27 al 30 de julio: Matriculaci\u00f3n o reserva de matr\u00edcula de personas admitidas en la segunda adjudicaci\u00f3n<\/strong><\/em><\/p>\n<p id=\"h.p_VbtZJmG7CDtC\" class=\"CDt4Ke zfr3Q\"><em>Se proceder\u00e1 igual que en la primera adjudicaci\u00f3n<\/em><\/p>\n<p id=\"h.p_YYkmuXGoCDtD\" class=\"CDt4Ke zfr3Q\"><em><strong>1 al 15 de septiembre: Presentaci\u00f3n de solicitudes (para los que aprueben en septiembre)<\/strong><\/em><\/p>\n<p id=\"h.p_gRntA4mqCDtD\" class=\"CDt4Ke zfr3Q\"><em><strong>18 de septiembre: Relaci\u00f3n provisional de solicitudes presentadas<\/strong><\/em><\/p>\n<p id=\"h.p_4exvWz8-CDtE\" class=\"CDt4Ke zfr3Q\"><em><strong>21 al 22 de septiembre: Presentaci\u00f3n de alegaciones a la relaci\u00f3n provisional<\/strong><\/em><\/p>\n<p id=\"h.p_ow_7kqHQCDtE\" class=\"CDt4Ke zfr3Q\"><em><strong>24 de septiembre: Relaci\u00f3n definitiva de solicitudes presentadas<\/strong><\/em><\/p>\n<p id=\"h.p_RMVkRc34CDtF\" class=\"CDt4Ke zfr3Q\"><em><strong>25 de septiembre: Tercera (y \u00faltima) adjudicaci\u00f3n<\/strong><\/em><\/p>\n<p id=\"h.p_7S3BPbNeCDtG\" class=\"CDt4Ke zfr3Q\"><em><strong>28 al 30 de septiembre: Matriculaci\u00f3n de admitidos en la tercera adjudicaci\u00f3n.<\/strong><\/em><\/p>\n<p id=\"h.p_qeYPRK0mCDtG\" class=\"CDt4Ke zfr3Q\"><em>En la \u00faltima adjudicaci\u00f3n <strong>hay que<\/strong> matricularse obligatoriamente, ya no hay reserva de matr\u00edcula.<\/em><\/p>\n<p id=\"h.p_-UNEZlfxCDtH\" class=\"CDt4Ke zfr3Q\"><em><strong>MUY IMPORTANTE: <\/strong><\/em>Una vez matriculado todo el alumnado de 1\u00ba, puede darse la circunstancia que haya repetidores que hayan aprobado varias asignaturas (que en Ciclos se llaman M\u00f3dulos). Entonces los Centros &#8220;rellenan&#8221; esos huecos con solicitantes de <strong>matr\u00edcula parcial.<\/strong> <u>Es por esto que es muy importante que cuando rellen\u00e9is la solicitud<\/u> <strong>tambi\u00e9n marqu\u00e9is la opci\u00f3n matr\u00edcula parcial.<\/strong> Si no hab\u00e9is obtenido plaza en ninguna de las 3 adjudicaciones, esta opci\u00f3n os permitir\u00eda entrar en un Ciclo, no con todas las asignaturas (M\u00f3dulos), sino con algunos (matr\u00edcula parcial). Pero de esa forma entrar\u00edais en el Ciclo. El resto de los M\u00f3dulos los tendr\u00edais que hacer al a\u00f1o siguiente<\/p>\n<\/div>\n<\/div>\n<\/div>\n<\/div>\n<\/div>\n<\/div>\n<\/div>\n<\/div>\n<\/div>\n<\/section>\n","protected":false},"excerpt":{"rendered":"<p>Ciclos Formativos F.P. INFORMACI\u00d3N MATRICULACI\u00d3N CICLOS FORMATIVOS DE FORMACI\u00d3N PROFESIONAL SOLICITUD CICLOS FORMATIVOS DE FP Fecha solicitud: del 15 de junio al 1 de&#46;&#46;&#46;<\/p>\n","protected":false},"author":11972,"featured_media":3155,"parent":0,"menu_order":0,"comment_status":"closed","ping_status":"closed","template":"","meta":{"ngg_post_thumbnail":0,"footnotes":"","_mc_calendar":[]},"aioseo_notices":[],"_links":{"self":[{"href":"https:\/\/blogsaverroes.juntadeandalucia.es\/cepertrecerosas\/wp-json\/wp\/v2\/pages\/2500"}],"collection":[{"href":"https:\/\/blogsaverroes.juntadeandalucia.es\/cepertrecerosas\/wp-json\/wp\/v2\/pages"}],"about":[{"href":"https:\/\/blogsaverroes.juntadeandalucia.es\/cepertrecerosas\/wp-json\/wp\/v2\/types\/page"}],"author":[{"embeddable":true,"href":"https:\/\/blogsaverroes.juntadeandalucia.es\/cepertrecerosas\/wp-json\/wp\/v2\/users\/11972"}],"replies":[{"embeddable":true,"href":"https:\/\/blogsaverroes.juntadeandalucia.es\/cepertrecerosas\/wp-json\/wp\/v2\/comments?post=2500"}],"version-history":[{"count":14,"href":"https:\/\/blogsaverroes.juntadeandalucia.es\/cepertrecerosas\/wp-json\/wp\/v2\/pages\/2500\/revisions"}],"predecessor-version":[{"id":3159,"href":"https:\/\/blogsaverroes.juntadeandalucia.es\/cepertrecerosas\/wp-json\/wp\/v2\/pages\/2500\/revisions\/3159"}],"wp:featuredmedia":[{"embeddable":true,"href":"https:\/\/blogsaverroes.juntadeandalucia.es\/cepertrecerosas\/wp-json\/wp\/v2\/media\/3155"}],"wp:attachment":[{"href":"https:\/\/blogsaverroes.juntadeandalucia.es\/cepertrecerosas\/wp-json\/wp\/v2\/media?parent=2500"}],"curies":[{"name":"wp","href":"https:\/\/api.w.org\/{rel}","templated":true}]}}