{"id":2523,"date":"2021-01-20T18:27:51","date_gmt":"2021-01-20T18:27:51","guid":{"rendered":"https:\/\/blogsaverroes.juntadeandalucia.es\/cepertrecerosas\/?page_id=2523"},"modified":"2021-05-11T11:15:57","modified_gmt":"2021-05-11T11:15:57","slug":"salud-y-memoria","status":"publish","type":"page","link":"https:\/\/blogsaverroes.juntadeandalucia.es\/cepertrecerosas\/salud-y-memoria\/","title":{"rendered":"Salud y Memoria"},"content":{"rendered":"<h1>Salud y Memoria<\/h1>\n<h2 class=\"CjVfdc\">Recursos de los Planes Educativos preparaci\u00f3n para el fomento de la ciudadan\u00eda activa &#8211; Adquisi\u00f3n h\u00e1b. de vida salud. y prev. de enferm y riesgos prof.<a href=\"https:\/\/blogsaverroes.juntadeandalucia.es\/cepertrecerosas\/files\/2021\/05\/d4fdb932-dbcf-4910-a080-cd4526416c7e.jpg\"><img loading=\"lazy\" decoding=\"async\" class=\"alignnone size-medium wp-image-3174\" src=\"https:\/\/blogsaverroes.juntadeandalucia.es\/cepertrecerosas\/files\/2021\/05\/d4fdb932-dbcf-4910-a080-cd4526416c7e-300x300.jpg\" alt=\"\" width=\"300\" height=\"300\" srcset=\"https:\/\/blogsaverroes.juntadeandalucia.es\/cepertrecerosas\/files\/2021\/05\/d4fdb932-dbcf-4910-a080-cd4526416c7e-300x300.jpg 300w, https:\/\/blogsaverroes.juntadeandalucia.es\/cepertrecerosas\/files\/2021\/05\/d4fdb932-dbcf-4910-a080-cd4526416c7e-1024x1024.jpg 1024w, https:\/\/blogsaverroes.juntadeandalucia.es\/cepertrecerosas\/files\/2021\/05\/d4fdb932-dbcf-4910-a080-cd4526416c7e-150x150.jpg 150w, https:\/\/blogsaverroes.juntadeandalucia.es\/cepertrecerosas\/files\/2021\/05\/d4fdb932-dbcf-4910-a080-cd4526416c7e-768x768.jpg 768w, https:\/\/blogsaverroes.juntadeandalucia.es\/cepertrecerosas\/files\/2021\/05\/d4fdb932-dbcf-4910-a080-cd4526416c7e-80x80.jpg 80w, https:\/\/blogsaverroes.juntadeandalucia.es\/cepertrecerosas\/files\/2021\/05\/d4fdb932-dbcf-4910-a080-cd4526416c7e-320x320.jpg 320w, https:\/\/blogsaverroes.juntadeandalucia.es\/cepertrecerosas\/files\/2021\/05\/d4fdb932-dbcf-4910-a080-cd4526416c7e-24x24.jpg 24w, https:\/\/blogsaverroes.juntadeandalucia.es\/cepertrecerosas\/files\/2021\/05\/d4fdb932-dbcf-4910-a080-cd4526416c7e-36x36.jpg 36w, https:\/\/blogsaverroes.juntadeandalucia.es\/cepertrecerosas\/files\/2021\/05\/d4fdb932-dbcf-4910-a080-cd4526416c7e-48x48.jpg 48w, https:\/\/blogsaverroes.juntadeandalucia.es\/cepertrecerosas\/files\/2021\/05\/d4fdb932-dbcf-4910-a080-cd4526416c7e.jpg 1080w\" sizes=\"(max-width: 300px) 100vw, 300px\" \/><\/a><a href=\"https:\/\/blogsaverroes.juntadeandalucia.es\/cepertrecerosas\/files\/2021\/05\/13b8f7be-c6df-40af-a959-f29b9fa4da49.jpg\"><img loading=\"lazy\" decoding=\"async\" class=\"size-medium wp-image-3168 alignright\" src=\"https:\/\/blogsaverroes.juntadeandalucia.es\/cepertrecerosas\/files\/2021\/05\/13b8f7be-c6df-40af-a959-f29b9fa4da49-300x298.jpg\" alt=\"\" width=\"300\" height=\"298\" srcset=\"https:\/\/blogsaverroes.juntadeandalucia.es\/cepertrecerosas\/files\/2021\/05\/13b8f7be-c6df-40af-a959-f29b9fa4da49-300x298.jpg 300w, https:\/\/blogsaverroes.juntadeandalucia.es\/cepertrecerosas\/files\/2021\/05\/13b8f7be-c6df-40af-a959-f29b9fa4da49-1024x1018.jpg 1024w, https:\/\/blogsaverroes.juntadeandalucia.es\/cepertrecerosas\/files\/2021\/05\/13b8f7be-c6df-40af-a959-f29b9fa4da49-150x150.jpg 150w, https:\/\/blogsaverroes.juntadeandalucia.es\/cepertrecerosas\/files\/2021\/05\/13b8f7be-c6df-40af-a959-f29b9fa4da49-768x764.jpg 768w, https:\/\/blogsaverroes.juntadeandalucia.es\/cepertrecerosas\/files\/2021\/05\/13b8f7be-c6df-40af-a959-f29b9fa4da49-80x80.jpg 80w, https:\/\/blogsaverroes.juntadeandalucia.es\/cepertrecerosas\/files\/2021\/05\/13b8f7be-c6df-40af-a959-f29b9fa4da49-24x24.jpg 24w, https:\/\/blogsaverroes.juntadeandalucia.es\/cepertrecerosas\/files\/2021\/05\/13b8f7be-c6df-40af-a959-f29b9fa4da49-36x36.jpg 36w, https:\/\/blogsaverroes.juntadeandalucia.es\/cepertrecerosas\/files\/2021\/05\/13b8f7be-c6df-40af-a959-f29b9fa4da49-48x48.jpg 48w, https:\/\/blogsaverroes.juntadeandalucia.es\/cepertrecerosas\/files\/2021\/05\/13b8f7be-c6df-40af-a959-f29b9fa4da49.jpg 1080w\" sizes=\"(max-width: 300px) 100vw, 300px\" \/><\/a><\/h2>\n","protected":false},"excerpt":{"rendered":"<p>Salud y Memoria Recursos de los Planes Educativos preparaci\u00f3n para el fomento de la ciudadan\u00eda activa &#8211; Adquisi\u00f3n h\u00e1b. de vida salud. y prev.&#46;&#46;&#46;<\/p>\n","protected":false},"author":11972,"featured_media":3168,"parent":0,"menu_order":0,"comment_status":"closed","ping_status":"closed","template":"","meta":{"ngg_post_thumbnail":0,"footnotes":"","_mc_calendar":[]},"aioseo_notices":[],"_links":{"self":[{"href":"https:\/\/blogsaverroes.juntadeandalucia.es\/cepertrecerosas\/wp-json\/wp\/v2\/pages\/2523"}],"collection":[{"href":"https:\/\/blogsaverroes.juntadeandalucia.es\/cepertrecerosas\/wp-json\/wp\/v2\/pages"}],"about":[{"href":"https:\/\/blogsaverroes.juntadeandalucia.es\/cepertrecerosas\/wp-json\/wp\/v2\/types\/page"}],"author":[{"embeddable":true,"href":"https:\/\/blogsaverroes.juntadeandalucia.es\/cepertrecerosas\/wp-json\/wp\/v2\/users\/11972"}],"replies":[{"embeddable":true,"href":"https:\/\/blogsaverroes.juntadeandalucia.es\/cepertrecerosas\/wp-json\/wp\/v2\/comments?post=2523"}],"version-history":[{"count":4,"href":"https:\/\/blogsaverroes.juntadeandalucia.es\/cepertrecerosas\/wp-json\/wp\/v2\/pages\/2523\/revisions"}],"predecessor-version":[{"id":3179,"href":"https:\/\/blogsaverroes.juntadeandalucia.es\/cepertrecerosas\/wp-json\/wp\/v2\/pages\/2523\/revisions\/3179"}],"wp:featuredmedia":[{"embeddable":true,"href":"https:\/\/blogsaverroes.juntadeandalucia.es\/cepertrecerosas\/wp-json\/wp\/v2\/media\/3168"}],"wp:attachment":[{"href":"https:\/\/blogsaverroes.juntadeandalucia.es\/cepertrecerosas\/wp-json\/wp\/v2\/media?parent=2523"}],"curies":[{"name":"wp","href":"https:\/\/api.w.org\/{rel}","templated":true}]}}