{"id":2731,"date":"2021-03-11T09:01:28","date_gmt":"2021-03-11T09:01:28","guid":{"rendered":"https:\/\/blogsaverroes.juntadeandalucia.es\/cepertrecerosas\/?page_id=2731"},"modified":"2022-05-31T15:09:41","modified_gmt":"2022-05-31T15:09:41","slug":"seper-gibalbin","status":"publish","type":"page","link":"https:\/\/blogsaverroes.juntadeandalucia.es\/cepertrecerosas\/seper-gibalbin\/","title":{"rendered":"SEPER Gibalb\u00edn"},"content":{"rendered":"<p><a href=\"https:\/\/blogsaverroes.juntadeandalucia.es\/cepertrecerosas\/files\/2021\/03\/Captura-de-pantalla-2021-03-11-a-las-9.40.32.png\"><img loading=\"lazy\" decoding=\"async\" class=\" wp-image-2735 aligncenter\" src=\"https:\/\/blogsaverroes.juntadeandalucia.es\/cepertrecerosas\/files\/2021\/03\/Captura-de-pantalla-2021-03-11-a-las-9.40.32-300x135.png\" alt=\"\" width=\"611\" height=\"275\" srcset=\"https:\/\/blogsaverroes.juntadeandalucia.es\/cepertrecerosas\/files\/2021\/03\/Captura-de-pantalla-2021-03-11-a-las-9.40.32-300x135.png 300w, https:\/\/blogsaverroes.juntadeandalucia.es\/cepertrecerosas\/files\/2021\/03\/Captura-de-pantalla-2021-03-11-a-las-9.40.32-1024x462.png 1024w, https:\/\/blogsaverroes.juntadeandalucia.es\/cepertrecerosas\/files\/2021\/03\/Captura-de-pantalla-2021-03-11-a-las-9.40.32-768x347.png 768w, https:\/\/blogsaverroes.juntadeandalucia.es\/cepertrecerosas\/files\/2021\/03\/Captura-de-pantalla-2021-03-11-a-las-9.40.32-24x11.png 24w, https:\/\/blogsaverroes.juntadeandalucia.es\/cepertrecerosas\/files\/2021\/03\/Captura-de-pantalla-2021-03-11-a-las-9.40.32-36x16.png 36w, https:\/\/blogsaverroes.juntadeandalucia.es\/cepertrecerosas\/files\/2021\/03\/Captura-de-pantalla-2021-03-11-a-las-9.40.32-48x22.png 48w, https:\/\/blogsaverroes.juntadeandalucia.es\/cepertrecerosas\/files\/2021\/03\/Captura-de-pantalla-2021-03-11-a-las-9.40.32.png 1386w\" sizes=\"(max-width: 611px) 100vw, 611px\" \/><\/a><\/p>\n<table style=\"border-collapse: collapse;width: 100%\">\n<tbody>\n<tr>\n<td style=\"width: 50%\"><iframe loading=\"lazy\" src=\"https:\/\/www.google.com\/maps\/embed?pb=!1m14!1m8!1m3!1d3193.7010501919176!2d-5.9264090000000005!3d36.825683!3m2!1i1024!2i768!4f13.1!3m3!1m2!1s0xd0d97c721cb2f49%3A0xd199d86d01fdf897!2zR2liYWxiw61uLCA3NCwgMTE0MDAgR2liYWxiw61uLCBDw6FkaXosIEVzcGHDsWE!5e0!3m2!1ses!2sus!4v1615451543034!5m2!1ses!2sus\" width=\"600\" height=\"450\"><span data-mce-type=\"bookmark\" style=\"width: 0px;overflow: hidden;line-height: 0\" class=\"mce_SELRES_start\">\ufeff<\/span><\/iframe>&nbsp;<\/td>\n<td style=\"width: 50%\">\n<div class=\"oKdM2c Kzv0Me\">\n<div id=\"h.p_nE0j7igrj7Dk\" class=\"hJDwNd-AhqUyc-qWD73c jXK9ad D2fZ2 OjCsFc GNzUNc\">\n<div class=\"jXK9ad-SmKAyb\">\n<div class=\"tyJCtd mGzaTb baZpAe\">\n<p id=\"h.p_XItFC4bYj7EO\" class=\"CDt4Ke zfr3Q\"><strong>C\u00f3digo:<\/strong> 11500341<\/p>\n<p id=\"h.p_5p9SC1lXkW-I\" class=\"CDt4Ke zfr3Q\"><strong>Centro:<\/strong> S.E.PER. Gibalb\u00edn<\/p>\n<p id=\"h.p_fRUw0LsukW-K\" class=\"CDt4Ke zfr3Q\"><strong>Domicilio:<\/strong> Gibalb\u00edn s\/n<\/p>\n<p id=\"h.p_cuGhGmMVkW-L\" class=\"CDt4Ke zfr3Q\"><strong>Localidad: <\/strong>Gibalb\u00edn<strong> (<\/strong>Jerez de la Frontera)<\/p>\n<p id=\"h.p_Hi54FiEskW-M\" class=\"CDt4Ke zfr3Q\"><strong>Provincia:<\/strong> C\u00e1diz<\/p>\n<p id=\"h.p_U4YTNnaFkW-N\" class=\"CDt4Ke zfr3Q\"><strong>C\u00f3digo postal:<\/strong> 11592<\/p>\n<p id=\"h.p_9cLvlQJ4kW-N\" class=\"CDt4Ke zfr3Q\"><strong>Tel\u00e9fono:<\/strong> 956161076<\/p>\n<p id=\"h.p_5RUMzAh5kW-O\" class=\"CDt4Ke zfr3Q\"><strong>Tel\u00e9fono corp:<\/strong><\/p>\n<p id=\"h.p_yvSejOZqkW-Q\" class=\"CDt4Ke zfr3Q\"><strong>Fax:<\/strong><\/p>\n<p id=\"h.p_U4mpraTnkW-R\" class=\"CDt4Ke zfr3Q\"><strong>email:<\/strong> 11500341.edu@juntadeandalucia.es<\/p>\n<\/div>\n<\/div>\n<\/div>\n<\/div>\n<div class=\"oKdM2c\">\n<div id=\"h.p_ELe2AKiij7ET\" class=\"hJDwNd-AhqUyc-qWD73c jXK9ad D2fZ2 wHaque GNzUNc\">\n<div class=\"jXK9ad-SmKAyb\">\n<div class=\"tyJCtd mGzaTb baZpAe\">\n<p id=\"h.p_ZBGgtkWej7EX\" class=\"CDt4Ke zfr3Q\">Este S.E.Per. tiene docencia adem\u00e1s de en la sede en el Aula de Torremelgarejo<\/p>\n<\/div>\n<\/div>\n<\/div>\n<\/div>\n<\/td>\n<\/tr>\n<tr>\n<td style=\"width: 50%;background-color: #d4b2b2\" colspan=\"2\">\n<div class=\"CjVfdc\" style=\"text-align: left\">&nbsp;<\/div>\n<\/td>\n<\/tr>\n<\/tbody>\n<\/table>\n<p><a href=\"https:\/\/blogsaverroes.juntadeandalucia.es\/cepertrecerosas\/files\/2022\/05\/oferta-gibalbin-torre.png\"><img loading=\"lazy\" decoding=\"async\" class=\"size-large wp-image-4118 aligncenter\" src=\"https:\/\/blogsaverroes.juntadeandalucia.es\/cepertrecerosas\/files\/2022\/05\/oferta-gibalbin-torre-1024x724.png\" alt=\"\" width=\"1024\" height=\"724\" srcset=\"https:\/\/blogsaverroes.juntadeandalucia.es\/cepertrecerosas\/files\/2022\/05\/oferta-gibalbin-torre-1024x724.png 1024w, https:\/\/blogsaverroes.juntadeandalucia.es\/cepertrecerosas\/files\/2022\/05\/oferta-gibalbin-torre-300x212.png 300w, https:\/\/blogsaverroes.juntadeandalucia.es\/cepertrecerosas\/files\/2022\/05\/oferta-gibalbin-torre-768x543.png 768w, https:\/\/blogsaverroes.juntadeandalucia.es\/cepertrecerosas\/files\/2022\/05\/oferta-gibalbin-torre-1536x1086.png 1536w, https:\/\/blogsaverroes.juntadeandalucia.es\/cepertrecerosas\/files\/2022\/05\/oferta-gibalbin-torre-2048x1448.png 2048w, https:\/\/blogsaverroes.juntadeandalucia.es\/cepertrecerosas\/files\/2022\/05\/oferta-gibalbin-torre.png 1600w\" sizes=\"(max-width: 1024px) 100vw, 1024px\" \/><\/a><\/p>\n","protected":false},"excerpt":{"rendered":"<p>\ufeff&nbsp; C\u00f3digo: 11500341 Centro: S.E.PER. Gibalb\u00edn Domicilio: Gibalb\u00edn s\/n Localidad: Gibalb\u00edn (Jerez de la Frontera) Provincia: C\u00e1diz C\u00f3digo postal: 11592 Tel\u00e9fono: 956161076 Tel\u00e9fono corp:&#46;&#46;&#46;<\/p>\n","protected":false},"author":11972,"featured_media":0,"parent":0,"menu_order":0,"comment_status":"closed","ping_status":"closed","template":"","meta":{"ngg_post_thumbnail":0,"footnotes":"","_mc_calendar":[]},"aioseo_notices":[],"_links":{"self":[{"href":"https:\/\/blogsaverroes.juntadeandalucia.es\/cepertrecerosas\/wp-json\/wp\/v2\/pages\/2731"}],"collection":[{"href":"https:\/\/blogsaverroes.juntadeandalucia.es\/cepertrecerosas\/wp-json\/wp\/v2\/pages"}],"about":[{"href":"https:\/\/blogsaverroes.juntadeandalucia.es\/cepertrecerosas\/wp-json\/wp\/v2\/types\/page"}],"author":[{"embeddable":true,"href":"https:\/\/blogsaverroes.juntadeandalucia.es\/cepertrecerosas\/wp-json\/wp\/v2\/users\/11972"}],"replies":[{"embeddable":true,"href":"https:\/\/blogsaverroes.juntadeandalucia.es\/cepertrecerosas\/wp-json\/wp\/v2\/comments?post=2731"}],"version-history":[{"count":9,"href":"https:\/\/blogsaverroes.juntadeandalucia.es\/cepertrecerosas\/wp-json\/wp\/v2\/pages\/2731\/revisions"}],"predecessor-version":[{"id":4119,"href":"https:\/\/blogsaverroes.juntadeandalucia.es\/cepertrecerosas\/wp-json\/wp\/v2\/pages\/2731\/revisions\/4119"}],"wp:attachment":[{"href":"https:\/\/blogsaverroes.juntadeandalucia.es\/cepertrecerosas\/wp-json\/wp\/v2\/media?parent=2731"}],"curies":[{"name":"wp","href":"https:\/\/api.w.org\/{rel}","templated":true}]}}