{"id":3704,"date":"2021-10-28T16:56:22","date_gmt":"2021-10-28T16:56:22","guid":{"rendered":"https:\/\/blogsaverroes.juntadeandalucia.es\/cepertrecerosas\/?page_id=3704"},"modified":"2021-12-17T08:07:32","modified_gmt":"2021-12-17T08:07:32","slug":"a-c-curso-21-22","status":"publish","type":"page","link":"https:\/\/blogsaverroes.juntadeandalucia.es\/cepertrecerosas\/a-c-curso-21-22\/","title":{"rendered":"A.C. Curso 21-22"},"content":{"rendered":"<h2>VISITA AL MUSEO DE BELLAS ARTES DE SEVILLA EN EL PROYECTO CREARTES<\/h2>\n<p>El pasado d\u00eda 27 de octubre tuvimos la primera visita dentro del Proyecto CREARTES al Museo de Bellas Artes de Sevilla. En la misma tuvimos una convivencia durante toda la ma\u00f1ana un grupo de 20 alumnos y alumnas de nuestro centro. Pudimos contemplar obras art\u00edsticas de Murillo y Zurbar\u00e1n entre otros muchos, as\u00ed como una exposici\u00f3n temporal de algunas obras de Picasso.<\/p>\n<p><a href=\"https:\/\/blogsaverroes.juntadeandalucia.es\/cepertrecerosas\/files\/2021\/10\/IMG_5178-scaled.jpeg\"><img loading=\"lazy\" decoding=\"async\" class=\"aligncenter wp-image-3706 size-large\" src=\"https:\/\/blogsaverroes.juntadeandalucia.es\/cepertrecerosas\/files\/2021\/10\/IMG_5178-768x1024.jpeg\" alt=\"\" width=\"768\" height=\"1024\" srcset=\"https:\/\/blogsaverroes.juntadeandalucia.es\/cepertrecerosas\/files\/2021\/10\/IMG_5178-768x1024.jpeg 768w, https:\/\/blogsaverroes.juntadeandalucia.es\/cepertrecerosas\/files\/2021\/10\/IMG_5178-225x300.jpeg 225w, https:\/\/blogsaverroes.juntadeandalucia.es\/cepertrecerosas\/files\/2021\/10\/IMG_5178-1152x1536.jpeg 1152w, https:\/\/blogsaverroes.juntadeandalucia.es\/cepertrecerosas\/files\/2021\/10\/IMG_5178-1536x2048.jpeg 1536w, https:\/\/blogsaverroes.juntadeandalucia.es\/cepertrecerosas\/files\/2021\/10\/IMG_5178-18x24.jpeg 18w, https:\/\/blogsaverroes.juntadeandalucia.es\/cepertrecerosas\/files\/2021\/10\/IMG_5178-27x36.jpeg 27w, https:\/\/blogsaverroes.juntadeandalucia.es\/cepertrecerosas\/files\/2021\/10\/IMG_5178-36x48.jpeg 36w, https:\/\/blogsaverroes.juntadeandalucia.es\/cepertrecerosas\/files\/2021\/10\/IMG_5178-scaled.jpeg 1200w\" sizes=\"(max-width: 768px) 100vw, 768px\" \/><\/a> <a href=\"https:\/\/blogsaverroes.juntadeandalucia.es\/cepertrecerosas\/files\/2021\/10\/IMG_5240-scaled.jpeg\"><img loading=\"lazy\" decoding=\"async\" class=\"size-large wp-image-3708 aligncenter\" src=\"https:\/\/blogsaverroes.juntadeandalucia.es\/cepertrecerosas\/files\/2021\/10\/IMG_5240-768x1024.jpeg\" alt=\"\" width=\"768\" height=\"1024\" srcset=\"https:\/\/blogsaverroes.juntadeandalucia.es\/cepertrecerosas\/files\/2021\/10\/IMG_5240-768x1024.jpeg 768w, https:\/\/blogsaverroes.juntadeandalucia.es\/cepertrecerosas\/files\/2021\/10\/IMG_5240-225x300.jpeg 225w, https:\/\/blogsaverroes.juntadeandalucia.es\/cepertrecerosas\/files\/2021\/10\/IMG_5240-1152x1536.jpeg 1152w, https:\/\/blogsaverroes.juntadeandalucia.es\/cepertrecerosas\/files\/2021\/10\/IMG_5240-1536x2048.jpeg 1536w, https:\/\/blogsaverroes.juntadeandalucia.es\/cepertrecerosas\/files\/2021\/10\/IMG_5240-18x24.jpeg 18w, https:\/\/blogsaverroes.juntadeandalucia.es\/cepertrecerosas\/files\/2021\/10\/IMG_5240-27x36.jpeg 27w, https:\/\/blogsaverroes.juntadeandalucia.es\/cepertrecerosas\/files\/2021\/10\/IMG_5240-36x48.jpeg 36w, https:\/\/blogsaverroes.juntadeandalucia.es\/cepertrecerosas\/files\/2021\/10\/IMG_5240-scaled.jpeg 1200w\" sizes=\"(max-width: 768px) 100vw, 768px\" \/><\/a><\/p>\n<h2>ACTIVIDAD DEL PROGRAMA &#8220;JEREZ EDUCA&#8221; DEL AYUNTAMIENTO PARA ALUMNADO DE FORMACI\u00d3N B\u00c1SICA<\/h2>\n<p>&#8220;Qu\u00e9 ocurre mientras duermes, la importancia de dormir bien&#8221; . Actividad llevada acabo por el programa Jerez-Educa del Ayto de Jerez. Alumnado de Formaci\u00f3n B\u00e1sica<\/p>\n<p><a href=\"https:\/\/blogsaverroes.juntadeandalucia.es\/cepertrecerosas\/files\/2021\/11\/5ff59aa9-449e-4f19-b1ea-868be2e5805d.jpg\"><img loading=\"lazy\" decoding=\"async\" class=\"size-large wp-image-3724 aligncenter\" src=\"https:\/\/blogsaverroes.juntadeandalucia.es\/cepertrecerosas\/files\/2021\/11\/5ff59aa9-449e-4f19-b1ea-868be2e5805d-768x1024.jpg\" alt=\"\" width=\"768\" height=\"1024\" srcset=\"https:\/\/blogsaverroes.juntadeandalucia.es\/cepertrecerosas\/files\/2021\/11\/5ff59aa9-449e-4f19-b1ea-868be2e5805d-768x1024.jpg 768w, https:\/\/blogsaverroes.juntadeandalucia.es\/cepertrecerosas\/files\/2021\/11\/5ff59aa9-449e-4f19-b1ea-868be2e5805d-225x300.jpg 225w, https:\/\/blogsaverroes.juntadeandalucia.es\/cepertrecerosas\/files\/2021\/11\/5ff59aa9-449e-4f19-b1ea-868be2e5805d-1152x1536.jpg 1152w, https:\/\/blogsaverroes.juntadeandalucia.es\/cepertrecerosas\/files\/2021\/11\/5ff59aa9-449e-4f19-b1ea-868be2e5805d-18x24.jpg 18w, https:\/\/blogsaverroes.juntadeandalucia.es\/cepertrecerosas\/files\/2021\/11\/5ff59aa9-449e-4f19-b1ea-868be2e5805d-27x36.jpg 27w, https:\/\/blogsaverroes.juntadeandalucia.es\/cepertrecerosas\/files\/2021\/11\/5ff59aa9-449e-4f19-b1ea-868be2e5805d-36x48.jpg 36w, https:\/\/blogsaverroes.juntadeandalucia.es\/cepertrecerosas\/files\/2021\/11\/5ff59aa9-449e-4f19-b1ea-868be2e5805d.jpg 1200w\" sizes=\"(max-width: 768px) 100vw, 768px\" \/><\/a> <img loading=\"lazy\" decoding=\"async\" class=\"size-large wp-image-3723 aligncenter\" src=\"https:\/\/blogsaverroes.juntadeandalucia.es\/cepertrecerosas\/files\/2021\/11\/eef800c2-6779-40da-9bd1-7ace1eb01ea4-768x1024.jpg\" alt=\"\" width=\"768\" height=\"1024\" srcset=\"https:\/\/blogsaverroes.juntadeandalucia.es\/cepertrecerosas\/files\/2021\/11\/eef800c2-6779-40da-9bd1-7ace1eb01ea4-768x1024.jpg 768w, https:\/\/blogsaverroes.juntadeandalucia.es\/cepertrecerosas\/files\/2021\/11\/eef800c2-6779-40da-9bd1-7ace1eb01ea4-225x300.jpg 225w, https:\/\/blogsaverroes.juntadeandalucia.es\/cepertrecerosas\/files\/2021\/11\/eef800c2-6779-40da-9bd1-7ace1eb01ea4-1152x1536.jpg 1152w, https:\/\/blogsaverroes.juntadeandalucia.es\/cepertrecerosas\/files\/2021\/11\/eef800c2-6779-40da-9bd1-7ace1eb01ea4-18x24.jpg 18w, https:\/\/blogsaverroes.juntadeandalucia.es\/cepertrecerosas\/files\/2021\/11\/eef800c2-6779-40da-9bd1-7ace1eb01ea4-27x36.jpg 27w, https:\/\/blogsaverroes.juntadeandalucia.es\/cepertrecerosas\/files\/2021\/11\/eef800c2-6779-40da-9bd1-7ace1eb01ea4-36x48.jpg 36w, https:\/\/blogsaverroes.juntadeandalucia.es\/cepertrecerosas\/files\/2021\/11\/eef800c2-6779-40da-9bd1-7ace1eb01ea4.jpg 1200w\" sizes=\"(max-width: 768px) 100vw, 768px\" \/><\/p>\n<h2>&nbsp;<\/h2>\n<h2>Visita al Centro de Visitantes del P.N. de la Bah\u00eda de C\u00e1diz<\/h2>\n<p>El pasado jueves 9 de diciembre, un numeroso grupo de alumnos y alumnas del plan de patrimonio realizaron una visita al Centro de Visitantes del P.N. de la Bah\u00eda de C\u00e1diz, y realizaron una ruta hasta la Punta del Boquer\u00f3n, declarado monumento natural, donde pudieron apreciar y descubrir el entorno conducidos por gu\u00edas del parque.<\/p>\n<p><a href=\"https:\/\/blogsaverroes.juntadeandalucia.es\/cepertrecerosas\/files\/2021\/12\/1c093891-ae5d-420d-be8a-da593f473019.jpg\"><img loading=\"lazy\" decoding=\"async\" class=\"size-large wp-image-3827 aligncenter\" src=\"https:\/\/blogsaverroes.juntadeandalucia.es\/cepertrecerosas\/files\/2021\/12\/1c093891-ae5d-420d-be8a-da593f473019-1024x768.jpg\" alt=\"\" width=\"1024\" height=\"768\" srcset=\"https:\/\/blogsaverroes.juntadeandalucia.es\/cepertrecerosas\/files\/2021\/12\/1c093891-ae5d-420d-be8a-da593f473019-1024x768.jpg 1024w, https:\/\/blogsaverroes.juntadeandalucia.es\/cepertrecerosas\/files\/2021\/12\/1c093891-ae5d-420d-be8a-da593f473019-300x225.jpg 300w, https:\/\/blogsaverroes.juntadeandalucia.es\/cepertrecerosas\/files\/2021\/12\/1c093891-ae5d-420d-be8a-da593f473019-768x576.jpg 768w, https:\/\/blogsaverroes.juntadeandalucia.es\/cepertrecerosas\/files\/2021\/12\/1c093891-ae5d-420d-be8a-da593f473019-1536x1152.jpg 1536w, https:\/\/blogsaverroes.juntadeandalucia.es\/cepertrecerosas\/files\/2021\/12\/1c093891-ae5d-420d-be8a-da593f473019.jpg 1600w\" sizes=\"(max-width: 1024px) 100vw, 1024px\" \/><\/a> <a href=\"https:\/\/blogsaverroes.juntadeandalucia.es\/cepertrecerosas\/files\/2021\/12\/eca2b9a3-f2ba-4d25-ad17-2d9a5d302162.jpg\"><img loading=\"lazy\" decoding=\"async\" class=\"size-large wp-image-3830 aligncenter\" src=\"https:\/\/blogsaverroes.juntadeandalucia.es\/cepertrecerosas\/files\/2021\/12\/eca2b9a3-f2ba-4d25-ad17-2d9a5d302162-661x1024.jpg\" alt=\"\" width=\"661\" height=\"1024\" srcset=\"https:\/\/blogsaverroes.juntadeandalucia.es\/cepertrecerosas\/files\/2021\/12\/eca2b9a3-f2ba-4d25-ad17-2d9a5d302162-661x1024.jpg 661w, https:\/\/blogsaverroes.juntadeandalucia.es\/cepertrecerosas\/files\/2021\/12\/eca2b9a3-f2ba-4d25-ad17-2d9a5d302162-194x300.jpg 194w, https:\/\/blogsaverroes.juntadeandalucia.es\/cepertrecerosas\/files\/2021\/12\/eca2b9a3-f2ba-4d25-ad17-2d9a5d302162.jpg 747w\" sizes=\"(max-width: 661px) 100vw, 661px\" \/><\/a><\/p>\n","protected":false},"excerpt":{"rendered":"<p>VISITA AL MUSEO DE BELLAS ARTES DE SEVILLA EN EL PROYECTO CREARTES El pasado d\u00eda 27 de octubre tuvimos la primera visita dentro del&#46;&#46;&#46;<\/p>\n","protected":false},"author":11972,"featured_media":0,"parent":0,"menu_order":0,"comment_status":"closed","ping_status":"closed","template":"","meta":{"ngg_post_thumbnail":0,"footnotes":"","_mc_calendar":[]},"aioseo_notices":[],"_links":{"self":[{"href":"https:\/\/blogsaverroes.juntadeandalucia.es\/cepertrecerosas\/wp-json\/wp\/v2\/pages\/3704"}],"collection":[{"href":"https:\/\/blogsaverroes.juntadeandalucia.es\/cepertrecerosas\/wp-json\/wp\/v2\/pages"}],"about":[{"href":"https:\/\/blogsaverroes.juntadeandalucia.es\/cepertrecerosas\/wp-json\/wp\/v2\/types\/page"}],"author":[{"embeddable":true,"href":"https:\/\/blogsaverroes.juntadeandalucia.es\/cepertrecerosas\/wp-json\/wp\/v2\/users\/11972"}],"replies":[{"embeddable":true,"href":"https:\/\/blogsaverroes.juntadeandalucia.es\/cepertrecerosas\/wp-json\/wp\/v2\/comments?post=3704"}],"version-history":[{"count":6,"href":"https:\/\/blogsaverroes.juntadeandalucia.es\/cepertrecerosas\/wp-json\/wp\/v2\/pages\/3704\/revisions"}],"predecessor-version":[{"id":3832,"href":"https:\/\/blogsaverroes.juntadeandalucia.es\/cepertrecerosas\/wp-json\/wp\/v2\/pages\/3704\/revisions\/3832"}],"wp:attachment":[{"href":"https:\/\/blogsaverroes.juntadeandalucia.es\/cepertrecerosas\/wp-json\/wp\/v2\/media?parent=3704"}],"curies":[{"name":"wp","href":"https:\/\/api.w.org\/{rel}","templated":true}]}}