{"id":4783,"date":"2025-09-09T10:23:09","date_gmt":"2025-09-09T10:23:09","guid":{"rendered":"https:\/\/blogsaverroes.juntadeandalucia.es\/cepertrecerosas\/?page_id=4783"},"modified":"2025-09-09T18:43:43","modified_gmt":"2025-09-09T18:43:43","slug":"horarios-y-listados-curso-25-26","status":"publish","type":"page","link":"https:\/\/blogsaverroes.juntadeandalucia.es\/cepertrecerosas\/horarios-y-listados-curso-25-26\/","title":{"rendered":"HORARIOS Y LISTADOS CURSO 25-26"},"content":{"rendered":"<table style=\"border-collapse: collapse;width: 100.29%;height: 222px\">\n<tbody>\n<tr>\n<td style=\"width: 33.3333%;text-align: center\">\n<h2><a href=\"https:\/\/drive.google.com\/file\/d\/1_CvpIqXYwSsBKAk_hjwMIKkGaHAo3ARd\/view?usp=drive_link\" target=\"_blank\" rel=\"noopener\">FORMACI\u00d3N B\u00c1SICA<\/a><\/h2>\n<\/td>\n<td style=\"width: 33.3333%;text-align: center\">\n<h2><a href=\"https:\/\/drive.google.com\/file\/d\/15UJxMc-DT5imUYFNv7mTqMIFvpCkl1K5\/view?usp=drive_link\" target=\"_blank\" rel=\"noopener\">ESPA &#8211; EDUCACI\u00d3N SECUNDARIA<\/a><\/h2>\n<\/td>\n<td style=\"width: 33.3333%;text-align: center\">\n<h2><a href=\"https:\/\/drive.google.com\/file\/d\/1H0Ebc2iitIt0U-IGqKiDiy54YVrlbloG\/view?usp=drive_link\" target=\"_blank\" rel=\"noopener\">SHERRY CRUSH<\/a><\/h2>\n<\/td>\n<\/tr>\n<tr>\n<td style=\"width: 33.3333%;text-align: center\">\n<h2><a href=\"https:\/\/drive.google.com\/file\/d\/1xi32IUYkVdSaHBlvyzBrD3h40f-LHFYq\/view?usp=drive_link\" target=\"_blank\" rel=\"noopener\">PAGS &#8211; ACCESO GRADO SUPERIOR<\/a><\/h2>\n<\/td>\n<td style=\"width: 33.3333%;text-align: center\">\n<h2><a href=\"https:\/\/blogsaverroes.juntadeandalucia.es\/cepertrecerosas\/horarios-y-listados-patrimonio-curso-25-26\/\" target=\"_blank\" rel=\"noopener\">PATRIMONIO<\/a><\/h2>\n<\/td>\n<td style=\"width: 33.3333%;text-align: center\">\n<h2><a href=\"https:\/\/blogsaverroes.juntadeandalucia.es\/cepertrecerosas\/horarios-y-listados-informatica-tic-curso-25-26\/\" target=\"_blank\" rel=\"noopener\">INFORM\u00c1TICA &#8211; TIC<\/a><\/h2>\n<\/td>\n<\/tr>\n<tr>\n<td style=\"width: 33.3333%;text-align: center\">\n<h2><a href=\"https:\/\/blogsaverroes.juntadeandalucia.es\/cepertrecerosas\/horarios-y-listados-ingles-curso-25-26\/\" target=\"_blank\" rel=\"noopener\">INGL\u00c9S<\/a><\/h2>\n<\/td>\n<td style=\"width: 33.3333%;text-align: center\">\n<h2><a href=\"https:\/\/blogsaverroes.juntadeandalucia.es\/cepertrecerosas\/horarios-y-listados-de-frances-curso-25-26\/\" target=\"_blank\" rel=\"noopener\">FRANC\u00c9S<\/a><\/h2>\n<\/td>\n<td style=\"width: 33.3333%;text-align: center\">\n<h2><a href=\"https:\/\/blogsaverroes.juntadeandalucia.es\/cepertrecerosas\/horarios-y-listados-de-salud-curso-25-26\/\" target=\"_blank\" rel=\"noopener\">SALUD &#8211; H\u00c1BITOS DE VIDA SALUDABLE<\/a><\/h2>\n<\/td>\n<\/tr>\n<tr>\n<td style=\"width: 33.3333%;text-align: center\">\n<h2><a href=\"https:\/\/blogsaverroes.juntadeandalucia.es\/cepertrecerosas\/horarios-y-listados-de-memoria-curso-25-26\/\" target=\"_blank\" rel=\"noopener\">MEMORIA<\/a><\/h2>\n<\/td>\n<td style=\"width: 33.3333%;text-align: center\">\n<h2><a href=\"https:\/\/blogsaverroes.juntadeandalucia.es\/cepertrecerosas\/horarios-y-listados-de-creartes-curso-25-26\/\" target=\"_blank\" rel=\"noopener\">CREARTES<\/a><\/h2>\n<\/td>\n<td style=\"width: 33.3333%;text-align: center\">\n<h2><a href=\"https:\/\/drive.google.com\/file\/d\/1o6DAXvbhRN_XBfmJhJoYGAB9ffp7-Z-0\/view?usp=drive_link\" target=\"_blank\" rel=\"noopener\">HUERTO<\/a><\/h2>\n<\/td>\n<\/tr>\n<\/tbody>\n<\/table>\n","protected":false},"excerpt":{"rendered":"<p>FORMACI\u00d3N B\u00c1SICA ESPA &#8211; EDUCACI\u00d3N SECUNDARIA SHERRY CRUSH PAGS &#8211; ACCESO GRADO SUPERIOR PATRIMONIO INFORM\u00c1TICA &#8211; TIC INGL\u00c9S FRANC\u00c9S SALUD &#8211; H\u00c1BITOS DE VIDA&#46;&#46;&#46;<\/p>\n","protected":false},"author":11972,"featured_media":0,"parent":0,"menu_order":0,"comment_status":"closed","ping_status":"closed","template":"","meta":{"ngg_post_thumbnail":0,"footnotes":"","_mc_calendar":[]},"aioseo_notices":[],"_links":{"self":[{"href":"https:\/\/blogsaverroes.juntadeandalucia.es\/cepertrecerosas\/wp-json\/wp\/v2\/pages\/4783"}],"collection":[{"href":"https:\/\/blogsaverroes.juntadeandalucia.es\/cepertrecerosas\/wp-json\/wp\/v2\/pages"}],"about":[{"href":"https:\/\/blogsaverroes.juntadeandalucia.es\/cepertrecerosas\/wp-json\/wp\/v2\/types\/page"}],"author":[{"embeddable":true,"href":"https:\/\/blogsaverroes.juntadeandalucia.es\/cepertrecerosas\/wp-json\/wp\/v2\/users\/11972"}],"replies":[{"embeddable":true,"href":"https:\/\/blogsaverroes.juntadeandalucia.es\/cepertrecerosas\/wp-json\/wp\/v2\/comments?post=4783"}],"version-history":[{"count":6,"href":"https:\/\/blogsaverroes.juntadeandalucia.es\/cepertrecerosas\/wp-json\/wp\/v2\/pages\/4783\/revisions"}],"predecessor-version":[{"id":4820,"href":"https:\/\/blogsaverroes.juntadeandalucia.es\/cepertrecerosas\/wp-json\/wp\/v2\/pages\/4783\/revisions\/4820"}],"wp:attachment":[{"href":"https:\/\/blogsaverroes.juntadeandalucia.es\/cepertrecerosas\/wp-json\/wp\/v2\/media?parent=4783"}],"curies":[{"name":"wp","href":"https:\/\/api.w.org\/{rel}","templated":true}]}}