{"id":2321,"date":"2020-09-15T11:26:00","date_gmt":"2020-09-15T11:26:00","guid":{"rendered":"https:\/\/blogsaverroes.juntadeandalucia.es\/cepervalledelguadiato\/?page_id=2321"},"modified":"2021-11-17T15:51:59","modified_gmt":"2021-11-17T15:51:59","slug":"sep-penarroya-pueblonuevo","status":"publish","type":"page","link":"https:\/\/blogsaverroes.juntadeandalucia.es\/cepervalledelguadiato\/sep-penarroya-pueblonuevo\/","title":{"rendered":"SEP Pe\u00f1arroya-Pueblonuevo"},"content":{"rendered":"<p><strong>S.E.P. \u201cPe\u00f1arroya-Pueblonuevo\u201d<\/strong><\/p>\n<p><strong>Direcci\u00f3n:<\/strong>&nbsp; CAlle Maestro J\u00f3se Torrellas s\/n<\/p>\n<p>&nbsp; &nbsp; &nbsp; &nbsp; &nbsp; &nbsp; &nbsp; &nbsp; &nbsp; &nbsp; &nbsp; &nbsp;14200 Pe\u00f1arroya-Pueblonuevo ( C\u00f3rdoba )<\/p>\n<p><strong>Tel\u00e9fono: <\/strong>650702426<\/p>\n<p><strong>Email:<\/strong> 14500467.edu@juntadeandalucia.es<\/p>\n<h4><strong>Horarios<\/strong><\/h4>\n<p>El horario de atenci\u00f3n son los mi\u00e9rcoles de 9:00 a 14:00.<\/p>\n<p>El horario de las clases es por la tarde de 16:00 a 21:00, durante este horario tambi\u00e9n ser\u00e1 posible la atenci\u00f3n para aquellas personas que lo requieran.<\/p>\n<p><strong>Jefa de secci\u00f3n:&nbsp;<\/strong> Mar\u00eda Rodr\u00edguez Moreno.<\/p>\n","protected":false},"excerpt":{"rendered":"<p>S.E.P. \u201cPe\u00f1arroya-Pueblonuevo\u201d Direcci\u00f3n:&nbsp; CAlle Maestro J\u00f3se Torrellas s\/n &nbsp; &nbsp; &nbsp; &nbsp; &nbsp; &nbsp; &nbsp; &nbsp; &nbsp; &nbsp; &nbsp; &nbsp;14200 Pe\u00f1arroya-Pueblonuevo ( C\u00f3rdoba ) Tel\u00e9fono: 650702426 Email: 14500467.edu@juntadeandalucia.es Horarios El horario de atenci\u00f3n son&#46;&#46;&#46;<\/p>\n","protected":false},"author":10539,"featured_media":0,"parent":0,"menu_order":0,"comment_status":"closed","ping_status":"closed","template":"","meta":{"ngg_post_thumbnail":0,"footnotes":"","_mc_calendar":[]},"aioseo_notices":[],"_links":{"self":[{"href":"https:\/\/blogsaverroes.juntadeandalucia.es\/cepervalledelguadiato\/wp-json\/wp\/v2\/pages\/2321"}],"collection":[{"href":"https:\/\/blogsaverroes.juntadeandalucia.es\/cepervalledelguadiato\/wp-json\/wp\/v2\/pages"}],"about":[{"href":"https:\/\/blogsaverroes.juntadeandalucia.es\/cepervalledelguadiato\/wp-json\/wp\/v2\/types\/page"}],"author":[{"embeddable":true,"href":"https:\/\/blogsaverroes.juntadeandalucia.es\/cepervalledelguadiato\/wp-json\/wp\/v2\/users\/10539"}],"replies":[{"embeddable":true,"href":"https:\/\/blogsaverroes.juntadeandalucia.es\/cepervalledelguadiato\/wp-json\/wp\/v2\/comments?post=2321"}],"version-history":[{"count":5,"href":"https:\/\/blogsaverroes.juntadeandalucia.es\/cepervalledelguadiato\/wp-json\/wp\/v2\/pages\/2321\/revisions"}],"predecessor-version":[{"id":2540,"href":"https:\/\/blogsaverroes.juntadeandalucia.es\/cepervalledelguadiato\/wp-json\/wp\/v2\/pages\/2321\/revisions\/2540"}],"wp:attachment":[{"href":"https:\/\/blogsaverroes.juntadeandalucia.es\/cepervalledelguadiato\/wp-json\/wp\/v2\/media?parent=2321"}],"curies":[{"name":"wp","href":"https:\/\/api.w.org\/{rel}","templated":true}]}}

SEP Peñarroya-Pueblonuevo

<p><strong>S.E.P. “Peñarroya-Pueblonuevo”</strong></p>
<p><strong>Dirección:</strong>&nbsp; CAlle Maestro Jóse Torrellas s/n</p>
<p>&nbsp; &nbsp; &nbsp; &nbsp; &nbsp; &nbsp; &nbsp; &nbsp; &nbsp; &nbsp; &nbsp; &nbsp;14200 Peñarroya-Pueblonuevo ( Córdoba )</p>
<p><strong>Teléfono: </strong>650702426</p>
<p><strong>Email:</strong> 14500467.edu@juntadeandalucia.es</p>
<h4><strong>Horarios</strong></h4>
<p>El horario de atención son los miércoles de 9:00 a 14:00.</p>
<p>El horario de las clases es por la tarde de 16:00 a 21:00, durante este horario también será posible la atención para aquellas personas que lo requieran.</p>
<p><strong>Jefa de sección:&nbsp;</strong> María Rodríguez Moreno.</p>

<p>S.E.P. “Peñarroya-Pueblonuevo” Dirección:&nbsp; CAlle Maestro Jóse Torrellas s/n &nbsp; &nbsp; &nbsp; &nbsp; &nbsp; &nbsp; &nbsp; &nbsp; &nbsp; &nbsp; &nbsp; &nbsp;14200 Peñarroya-Pueblonuevo ( Córdoba ) Teléfono: 650702426 Email: 14500467.edu@juntadeandalucia.es Horarios El horario de atención son&#46;&#46;&#46;</p>
