{"id":2323,"date":"2020-09-15T11:26:14","date_gmt":"2020-09-15T11:26:14","guid":{"rendered":"https:\/\/blogsaverroes.juntadeandalucia.es\/cepervalledelguadiato\/?page_id=2323"},"modified":"2020-09-17T09:51:32","modified_gmt":"2020-09-17T09:51:32","slug":"sep-belmez","status":"publish","type":"page","link":"https:\/\/blogsaverroes.juntadeandalucia.es\/cepervalledelguadiato\/sep-belmez\/","title":{"rendered":"SEP Belmez"},"content":{"rendered":"<p><strong>S.E.P. \u201cBelmez\u201d<\/strong><\/p>\n<p><strong>Direcci\u00f3n:<\/strong>&nbsp; Plaza Santo n\u00ba 7<\/p>\n<p>&nbsp; &nbsp; &nbsp; &nbsp; &nbsp; &nbsp; &nbsp; &nbsp; &nbsp; &nbsp; &nbsp; &nbsp;14240 Belmez ( C\u00f3rdoba )<\/p>\n<p><strong>Tel\u00e9fono \/ FAX:&nbsp; <\/strong>957 573 257&nbsp; \/ 957 573 257<\/p>\n<p><strong>Email:<\/strong> 14500479.edu@juntadeandalucia.es<\/p>\n<h4><strong>Horarios<\/strong><\/h4>\n<p>El horario de atenci\u00f3n son los mi\u00e9rcoles de 9:00 a 14:00.<\/p>\n<p>El horario de las clases es por la tarde de 16:00 a 21:00, durante este horario tambi\u00e9n ser\u00e1 posible la atenci\u00f3n para aquellas personas que lo requieran.<\/p>\n<p><strong>Jefa de secci\u00f3n:&nbsp;<\/strong>Magdalena S\u00e1nchez Armenta.<\/p>\n","protected":false},"excerpt":{"rendered":"<p>S.E.P. \u201cBelmez\u201d Direcci\u00f3n:&nbsp; Plaza Santo n\u00ba 7 &nbsp; &nbsp; &nbsp; &nbsp; &nbsp; &nbsp; &nbsp; &nbsp; &nbsp; &nbsp; &nbsp; &nbsp;14240 Belmez ( C\u00f3rdoba ) Tel\u00e9fono \/ FAX:&nbsp; 957 573 257&nbsp; \/ 957 573 257 Email:&#46;&#46;&#46;<\/p>\n","protected":false},"author":10539,"featured_media":0,"parent":0,"menu_order":0,"comment_status":"closed","ping_status":"closed","template":"","meta":{"ngg_post_thumbnail":0,"footnotes":"","_mc_calendar":[]},"aioseo_notices":[],"_links":{"self":[{"href":"https:\/\/blogsaverroes.juntadeandalucia.es\/cepervalledelguadiato\/wp-json\/wp\/v2\/pages\/2323"}],"collection":[{"href":"https:\/\/blogsaverroes.juntadeandalucia.es\/cepervalledelguadiato\/wp-json\/wp\/v2\/pages"}],"about":[{"href":"https:\/\/blogsaverroes.juntadeandalucia.es\/cepervalledelguadiato\/wp-json\/wp\/v2\/types\/page"}],"author":[{"embeddable":true,"href":"https:\/\/blogsaverroes.juntadeandalucia.es\/cepervalledelguadiato\/wp-json\/wp\/v2\/users\/10539"}],"replies":[{"embeddable":true,"href":"https:\/\/blogsaverroes.juntadeandalucia.es\/cepervalledelguadiato\/wp-json\/wp\/v2\/comments?post=2323"}],"version-history":[{"count":4,"href":"https:\/\/blogsaverroes.juntadeandalucia.es\/cepervalledelguadiato\/wp-json\/wp\/v2\/pages\/2323\/revisions"}],"predecessor-version":[{"id":2348,"href":"https:\/\/blogsaverroes.juntadeandalucia.es\/cepervalledelguadiato\/wp-json\/wp\/v2\/pages\/2323\/revisions\/2348"}],"wp:attachment":[{"href":"https:\/\/blogsaverroes.juntadeandalucia.es\/cepervalledelguadiato\/wp-json\/wp\/v2\/media?parent=2323"}],"curies":[{"name":"wp","href":"https:\/\/api.w.org\/{rel}","templated":true}]}}

<p><strong>S.E.P. “Belmez”</strong></p>
<p><strong>Dirección:</strong>&nbsp; Plaza Santo nº 7</p>
<p>&nbsp; &nbsp; &nbsp; &nbsp; &nbsp; &nbsp; &nbsp; &nbsp; &nbsp; &nbsp; &nbsp; &nbsp;14240 Belmez ( Córdoba )</p>
<p><strong>Teléfono / FAX:&nbsp; </strong>957 573 257&nbsp; / 957 573 257</p>
<p><strong>Email:</strong> 14500479.edu@juntadeandalucia.es</p>
<h4><strong>Horarios</strong></h4>
<p>El horario de atención son los miércoles de 9:00 a 14:00.</p>
<p>El horario de las clases es por la tarde de 16:00 a 21:00, durante este horario también será posible la atención para aquellas personas que lo requieran.</p>
<p><strong>Jefa de sección:&nbsp;</strong>Magdalena Sánchez Armenta.</p>

<p>S.E.P. “Belmez” Dirección:&nbsp; Plaza Santo nº 7 &nbsp; &nbsp; &nbsp; &nbsp; &nbsp; &nbsp; &nbsp; &nbsp; &nbsp; &nbsp; &nbsp; &nbsp;14240 Belmez ( Córdoba ) Teléfono / FAX:&nbsp; 957 573 257&nbsp; / 957 573 257 Email:&#46;&#46;&#46;</p>
