{"id":42,"date":"2015-03-13T08:40:47","date_gmt":"2015-03-13T08:40:47","guid":{"rendered":"http:\/\/blogsaverroes.juntadeandalucia.es\/pre\/ceip\/?page_id=42"},"modified":"2023-01-13T11:25:21","modified_gmt":"2023-01-13T11:25:21","slug":"equipo-directivo","status":"publish","type":"page","link":"https:\/\/blogsaverroes.juntadeandalucia.es\/cepervalledelguadiato\/equipo-directivo\/","title":{"rendered":"Equipo directivo"},"content":{"rendered":"<p>&nbsp;<\/p>\n<p><strong>Direcci\u00f3n:&nbsp;<\/strong><\/p>\n<p><a href=\"https:\/\/blogsaverroes.juntadeandalucia.es\/cepervalledelguadiato\/files\/2020\/09\/thumbnail_IMG_4836.jpg\"><img fetchpriority=\"high\" decoding=\"async\" class=\"size-full wp-image-2225 alignnone\" src=\"https:\/\/blogsaverroes.juntadeandalucia.es\/cepervalledelguadiato\/files\/2020\/09\/thumbnail_IMG_4836.jpg\" alt=\"\" width=\"209\" height=\"263\" srcset=\"https:\/\/blogsaverroes.juntadeandalucia.es\/cepervalledelguadiato\/files\/2020\/09\/thumbnail_IMG_4836.jpg 209w, https:\/\/blogsaverroes.juntadeandalucia.es\/cepervalledelguadiato\/files\/2020\/09\/thumbnail_IMG_4836-19x24.jpg 19w, https:\/\/blogsaverroes.juntadeandalucia.es\/cepervalledelguadiato\/files\/2020\/09\/thumbnail_IMG_4836-29x36.jpg 29w, https:\/\/blogsaverroes.juntadeandalucia.es\/cepervalledelguadiato\/files\/2020\/09\/thumbnail_IMG_4836-38x48.jpg 38w\" sizes=\"(max-width: 209px) 100vw, 209px\" \/><\/a><\/p>\n<p>Mar\u00eda Auxiliadora G\u00f3mez Rivera.<\/p>\n<p><strong>Jefatura de estudios:&nbsp;<\/strong><\/p>\n<p><a href=\"https:\/\/blogsaverroes.juntadeandalucia.es\/cepervalledelguadiato\/files\/2023\/01\/WhatsApp-Image-2023-01-13-at-12.23.45-PM.jpeg\"><img decoding=\"async\" class=\"wp-image-2542 alignleft\" src=\"https:\/\/blogsaverroes.juntadeandalucia.es\/cepervalledelguadiato\/files\/2023\/01\/WhatsApp-Image-2023-01-13-at-12.23.45-PM.jpeg\" alt=\"\" width=\"205\" height=\"262\" srcset=\"https:\/\/blogsaverroes.juntadeandalucia.es\/cepervalledelguadiato\/files\/2023\/01\/WhatsApp-Image-2023-01-13-at-12.23.45-PM.jpeg 801w, https:\/\/blogsaverroes.juntadeandalucia.es\/cepervalledelguadiato\/files\/2023\/01\/WhatsApp-Image-2023-01-13-at-12.23.45-PM-235x300.jpeg 235w, https:\/\/blogsaverroes.juntadeandalucia.es\/cepervalledelguadiato\/files\/2023\/01\/WhatsApp-Image-2023-01-13-at-12.23.45-PM-768x982.jpeg 768w\" sizes=\"(max-width: 205px) 100vw, 205px\" \/><\/a><\/p>\n<p>&nbsp;<\/p>\n<p>&nbsp;<\/p>\n<p>&nbsp;<\/p>\n<p>&nbsp;<\/p>\n<p>&nbsp;<\/p>\n<p>&nbsp;<\/p>\n<p>&nbsp;<\/p>\n<p>Fernando Pulgar\u00edn Mellado.<\/p>\n<p>&nbsp;<\/p>\n","protected":false},"excerpt":{"rendered":"<p>&nbsp; Direcci\u00f3n:&nbsp; Mar\u00eda Auxiliadora G\u00f3mez Rivera. Jefatura de estudios:&nbsp; &nbsp; &nbsp; &nbsp; &nbsp; &nbsp; &nbsp; &nbsp; Fernando Pulgar\u00edn Mellado. &nbsp;<\/p>\n","protected":false},"author":1,"featured_media":0,"parent":0,"menu_order":0,"comment_status":"closed","ping_status":"open","template":"","meta":{"ngg_post_thumbnail":0,"footnotes":"","_mc_calendar":[]},"aioseo_notices":[],"_links":{"self":[{"href":"https:\/\/blogsaverroes.juntadeandalucia.es\/cepervalledelguadiato\/wp-json\/wp\/v2\/pages\/42"}],"collection":[{"href":"https:\/\/blogsaverroes.juntadeandalucia.es\/cepervalledelguadiato\/wp-json\/wp\/v2\/pages"}],"about":[{"href":"https:\/\/blogsaverroes.juntadeandalucia.es\/cepervalledelguadiato\/wp-json\/wp\/v2\/types\/page"}],"author":[{"embeddable":true,"href":"https:\/\/blogsaverroes.juntadeandalucia.es\/cepervalledelguadiato\/wp-json\/wp\/v2\/users\/1"}],"replies":[{"embeddable":true,"href":"https:\/\/blogsaverroes.juntadeandalucia.es\/cepervalledelguadiato\/wp-json\/wp\/v2\/comments?post=42"}],"version-history":[{"count":6,"href":"https:\/\/blogsaverroes.juntadeandalucia.es\/cepervalledelguadiato\/wp-json\/wp\/v2\/pages\/42\/revisions"}],"predecessor-version":[{"id":2543,"href":"https:\/\/blogsaverroes.juntadeandalucia.es\/cepervalledelguadiato\/wp-json\/wp\/v2\/pages\/42\/revisions\/2543"}],"wp:attachment":[{"href":"https:\/\/blogsaverroes.juntadeandalucia.es\/cepervalledelguadiato\/wp-json\/wp\/v2\/media?parent=42"}],"curies":[{"name":"wp","href":"https:\/\/api.w.org\/{rel}","templated":true}]}}