{"id":44,"date":"2015-03-13T08:42:15","date_gmt":"2015-03-13T08:42:15","guid":{"rendered":"http:\/\/blogsaverroes.juntadeandalucia.es\/pre\/ceip\/?page_id=44"},"modified":"2025-12-08T15:30:07","modified_gmt":"2025-12-08T15:30:07","slug":"planes-y-proyectos","status":"publish","type":"page","link":"https:\/\/blogsaverroes.juntadeandalucia.es\/cepervalledelguadiato\/planes-y-proyectos\/","title":{"rendered":"Planes y Programas"},"content":{"rendered":"<p>&nbsp;<\/p>\n<p><a href=\"https:\/\/blogsaverroes.juntadeandalucia.es\/cepervalledelguadiato\/files\/2020\/09\/planesyprogramas.png\"><img fetchpriority=\"high\" decoding=\"async\" class=\"alignnone wp-image-2248\" src=\"https:\/\/blogsaverroes.juntadeandalucia.es\/cepervalledelguadiato\/files\/2020\/09\/planesyprogramas-300x122.png\" alt=\"\" width=\"396\" height=\"161\" srcset=\"https:\/\/blogsaverroes.juntadeandalucia.es\/cepervalledelguadiato\/files\/2020\/09\/planesyprogramas-300x122.png 300w, https:\/\/blogsaverroes.juntadeandalucia.es\/cepervalledelguadiato\/files\/2020\/09\/planesyprogramas-24x10.png 24w, https:\/\/blogsaverroes.juntadeandalucia.es\/cepervalledelguadiato\/files\/2020\/09\/planesyprogramas-36x15.png 36w, https:\/\/blogsaverroes.juntadeandalucia.es\/cepervalledelguadiato\/files\/2020\/09\/planesyprogramas-48x19.png 48w, https:\/\/blogsaverroes.juntadeandalucia.es\/cepervalledelguadiato\/files\/2020\/09\/planesyprogramas.png 370w\" sizes=\"(max-width: 396px) 100vw, 396px\" \/><\/a><\/p>\n<p>En consonancia con lo recogido en nuestro proyecto de educaci\u00f3n permanente el centro ha decidido adherirse a diferentes Planes y Programas promovidos por la Conserjer\u00eda de Educaci\u00f3n, Cultura y Deporte, que son los siguientes:<\/p>\n<ul>\n<li><strong>Plan de igualdad<\/strong>, cuya coordinadora es Mar\u00eda Del Mar Mellado Castillejo.<\/li>\n<li><strong>Plan de biblioteca<\/strong>, su coordinadora es Auxiliadora G\u00f3mez Rivera.<\/li>\n<li><strong>Programa para la Transformaci\u00f3n Digital Educativa<\/strong>, cuyo coordinador es David Mac\u00edas Garc\u00eda.<\/li>\n<li><strong>Red Andaluza Escuela: \u00abEspacio de Paz\u00bb, <\/strong>coordinador Eloisa Cecilio Coria.<\/li>\n<\/ul>\n<p>&nbsp;<\/p>\n<p>&nbsp;<\/p>\n<p>&nbsp;<\/p>\n","protected":false},"excerpt":{"rendered":"<p>&nbsp; En consonancia con lo recogido en nuestro proyecto de educaci\u00f3n permanente el centro ha decidido adherirse a diferentes Planes y Programas promovidos por la Conserjer\u00eda de Educaci\u00f3n, Cultura y Deporte, que son los&#46;&#46;&#46;<\/p>\n","protected":false},"author":1,"featured_media":0,"parent":0,"menu_order":0,"comment_status":"closed","ping_status":"closed","template":"","meta":{"ngg_post_thumbnail":0,"footnotes":"","_mc_calendar":[]},"aioseo_notices":[],"_links":{"self":[{"href":"https:\/\/blogsaverroes.juntadeandalucia.es\/cepervalledelguadiato\/wp-json\/wp\/v2\/pages\/44"}],"collection":[{"href":"https:\/\/blogsaverroes.juntadeandalucia.es\/cepervalledelguadiato\/wp-json\/wp\/v2\/pages"}],"about":[{"href":"https:\/\/blogsaverroes.juntadeandalucia.es\/cepervalledelguadiato\/wp-json\/wp\/v2\/types\/page"}],"author":[{"embeddable":true,"href":"https:\/\/blogsaverroes.juntadeandalucia.es\/cepervalledelguadiato\/wp-json\/wp\/v2\/users\/1"}],"replies":[{"embeddable":true,"href":"https:\/\/blogsaverroes.juntadeandalucia.es\/cepervalledelguadiato\/wp-json\/wp\/v2\/comments?post=44"}],"version-history":[{"count":8,"href":"https:\/\/blogsaverroes.juntadeandalucia.es\/cepervalledelguadiato\/wp-json\/wp\/v2\/pages\/44\/revisions"}],"predecessor-version":[{"id":2247,"href":"https:\/\/blogsaverroes.juntadeandalucia.es\/cepervalledelguadiato\/wp-json\/wp\/v2\/pages\/44\/revisions\/2247"}],"wp:attachment":[{"href":"https:\/\/blogsaverroes.juntadeandalucia.es\/cepervalledelguadiato\/wp-json\/wp\/v2\/media?parent=44"}],"curies":[{"name":"wp","href":"https:\/\/api.w.org\/{rel}","templated":true}]}}