{"id":1102,"date":"2022-04-25T10:40:20","date_gmt":"2022-04-25T09:40:20","guid":{"rendered":"https:\/\/blogsaverroes.juntadeandalucia.es\/ceperzaidin\/?page_id=1102"},"modified":"2025-09-09T18:42:22","modified_gmt":"2025-09-09T17:42:22","slug":"organos-de-gobierno","status":"publish","type":"page","link":"https:\/\/blogsaverroes.juntadeandalucia.es\/ceperzaidin\/organos-de-gobierno\/","title":{"rendered":"\u00d3RGANOS DE GOBIERNO"},"content":{"rendered":"<p><strong>\u00d3rganos Unipersonales:<\/strong><\/p>\n<p style=\"padding-left: 40px\"><strong>Direcci\u00f3n: <\/strong>Silvia Garc\u00eda Porcel.<\/p>\n<p style=\"padding-left: 40px\"><strong>Jefatura de Estudios:&nbsp;<\/strong>Ana Isabel Heredia Fern\u00e1ndez<\/p>\n<p><strong>\u00d3rganos Colegiados:<\/strong><\/p>\n<p><strong>&nbsp; &nbsp; &nbsp; &nbsp; &nbsp; Consejo de Centro:<\/strong><\/p>\n<p style=\"padding-left: 40px\"><strong>Presidenta: <\/strong>Silvia Garc\u00eda Porcel.<\/p>\n<p style=\"padding-left: 40px\"><strong>Secretaria:<\/strong> Ana Isabel Heredia Fern\u00e1ndez<\/p>\n<p style=\"padding-left: 40px\"><strong>Representantes del profesorado:<\/strong><\/p>\n<p style=\"padding-left: 40px\">Luis Garc\u00eda Blanco.<\/p>\n<p style=\"padding-left: 40px\">Ana Isabel Heredia Fern\u00e1ndez.<\/p>\n<p style=\"padding-left: 40px\">Almudena P\u00e9rez Ca\u00f1avate.<\/p>\n<p style=\"padding-left: 40px\"><strong>Representantes del alumnado:<\/strong><\/p>\n<p style=\"padding-left: 40px\">M\u00aa Carmen Garc\u00eda G\u00f3mez.<\/p>\n<p style=\"padding-left: 40px\">Dolores Salas Quirantes.<\/p>\n<p style=\"padding-left: 40px\">Eugenia Huertas Mart\u00edn.<\/p>\n<p style=\"padding-left: 40px\"><strong>Representante del ayuntamiento de Granada:<\/strong><\/p>\n<p style=\"padding-left: 40px\">Carmen Do\u00f1a Varela.<\/p>\n","protected":false},"excerpt":{"rendered":"<p>\u00d3rganos Unipersonales: Direcci\u00f3n: Silvia Garc\u00eda Porcel. Jefatura de Estudios:&nbsp;Ana Isabel Heredia Fern\u00e1ndez \u00d3rganos Colegiados: &nbsp; &nbsp; &nbsp; &nbsp; &nbsp; Consejo de Centro: Presidenta: Silvia Garc\u00eda Porcel. Secretaria: Ana Isabel Heredia Fern\u00e1ndez Representantes del profesorado: Luis&#46;&#46;&#46;<\/p>\n","protected":false},"author":14743,"featured_media":0,"parent":0,"menu_order":0,"comment_status":"closed","ping_status":"closed","template":"","meta":{"ngg_post_thumbnail":0,"footnotes":""},"aioseo_notices":[],"_links":{"self":[{"href":"https:\/\/blogsaverroes.juntadeandalucia.es\/ceperzaidin\/wp-json\/wp\/v2\/pages\/1102"}],"collection":[{"href":"https:\/\/blogsaverroes.juntadeandalucia.es\/ceperzaidin\/wp-json\/wp\/v2\/pages"}],"about":[{"href":"https:\/\/blogsaverroes.juntadeandalucia.es\/ceperzaidin\/wp-json\/wp\/v2\/types\/page"}],"author":[{"embeddable":true,"href":"https:\/\/blogsaverroes.juntadeandalucia.es\/ceperzaidin\/wp-json\/wp\/v2\/users\/14743"}],"replies":[{"embeddable":true,"href":"https:\/\/blogsaverroes.juntadeandalucia.es\/ceperzaidin\/wp-json\/wp\/v2\/comments?post=1102"}],"version-history":[{"count":10,"href":"https:\/\/blogsaverroes.juntadeandalucia.es\/ceperzaidin\/wp-json\/wp\/v2\/pages\/1102\/revisions"}],"predecessor-version":[{"id":1954,"href":"https:\/\/blogsaverroes.juntadeandalucia.es\/ceperzaidin\/wp-json\/wp\/v2\/pages\/1102\/revisions\/1954"}],"wp:attachment":[{"href":"https:\/\/blogsaverroes.juntadeandalucia.es\/ceperzaidin\/wp-json\/wp\/v2\/media?parent=1102"}],"curies":[{"name":"wp","href":"https:\/\/api.w.org\/{rel}","templated":true}]}}

ÓRGANOS DE GOBIERNO

<p><strong>Órganos Unipersonales:</strong></p>
<p style="padding-left: 40px"><strong>Dirección: </strong>Silvia García Porcel.</p>
<p style="padding-left: 40px"><strong>Jefatura de Estudios:&nbsp;</strong>Ana Isabel Heredia Fernández</p>
<p><strong>Órganos Colegiados:</strong></p>
<p><strong>&nbsp; &nbsp; &nbsp; &nbsp; &nbsp; Consejo de Centro:</strong></p>
<p style="padding-left: 40px"><strong>Presidenta: </strong>Silvia García Porcel.</p>
<p style="padding-left: 40px"><strong>Secretaria:</strong> Ana Isabel Heredia Fernández</p>
<p style="padding-left: 40px"><strong>Representantes del profesorado:</strong></p>
<p style="padding-left: 40px">Luis García Blanco.</p>
<p style="padding-left: 40px">Ana Isabel Heredia Fernández.</p>
<p style="padding-left: 40px">Almudena Pérez Cañavate.</p>
<p style="padding-left: 40px"><strong>Representantes del alumnado:</strong></p>
<p style="padding-left: 40px">Mª Carmen García Gómez.</p>
<p style="padding-left: 40px">Dolores Salas Quirantes.</p>
<p style="padding-left: 40px">Eugenia Huertas Martín.</p>
<p style="padding-left: 40px"><strong>Representante del ayuntamiento de Granada:</strong></p>
<p style="padding-left: 40px">Carmen Doña Varela.</p>

<p>Órganos Unipersonales: Dirección: Silvia García Porcel. Jefatura de Estudios:&nbsp;Ana Isabel Heredia Fernández Órganos Colegiados: &nbsp; &nbsp; &nbsp; &nbsp; &nbsp; Consejo de Centro: Presidenta: Silvia García Porcel. Secretaria: Ana Isabel Heredia Fernández Representantes del profesorado: Luis&#46;&#46;&#46;</p>
