{"id":1113,"date":"2022-04-25T11:50:10","date_gmt":"2022-04-25T10:50:10","guid":{"rendered":"https:\/\/blogsaverroes.juntadeandalucia.es\/ceperzaidin\/?page_id=1113"},"modified":"2025-09-20T11:17:09","modified_gmt":"2025-09-20T10:17:09","slug":"informatica","status":"publish","type":"page","link":"https:\/\/blogsaverroes.juntadeandalucia.es\/ceperzaidin\/informatica\/","title":{"rendered":"INFORM\u00c1TICA  (TIC 1 Y TIC 2) (Ana M\u00aa Vilchez y profesor\/a por llegar)"},"content":{"rendered":"<h1 class=\"entry-title \"><span style=\"font-size: 14pt\">Plan Educativo para el uso b\u00e1sico de las Tecnolog\u00edas de la Informaci\u00f3n y Comunicaci\u00f3n (INFORM\u00c1TICA)<\/span><\/h1>\n<p>Este Plan pretende dotar al alumnado de los recursos inform\u00e1ticos b\u00e1sicos para la incorporaci\u00f3n de \u00e9ste a la sociedad del conocimiento.<\/p>\n<p>La finalidad del Plan, por tanto, consiste en conseguir un alumnado que maneje con soltura un ordenador personal, que utilice con solvencia las capacidades de un procesador de textos y que disponga de los recursos suficientes para hacer frente a la mayor variedad posible de formatos de presentaci\u00f3n textual, con especial atenci\u00f3n a Internet.<\/p>\n<p>Existen dos niveles, para el estudio de esta disciplina, uno b\u00e1sico, donde el alumno NO tiene que poseer ning\u00fan conocimiento previo sobre inform\u00e1tica, y otro medio donde los alumnos aprenden a manejar con m\u00e1s soltura el ordenador y algunos de sus programas m\u00e1s importantes.<\/p>\n<p>El Centro de Adultos est\u00e1 acondicionado con dos AULAS DE INFORM\u00c1TICA, con conexi\u00f3n a Internet, para la realizaci\u00f3n de estas actividades<\/p>\n<p>Las clases se imparten en horario de ma\u00f1ana y tarde. Adapt\u00e1ndonos a las necesidades del Alumnado.<\/p>\n","protected":false},"excerpt":{"rendered":"<p>Plan Educativo para el uso b\u00e1sico de las Tecnolog\u00edas de la Informaci\u00f3n y Comunicaci\u00f3n (INFORM\u00c1TICA) Este Plan pretende dotar al alumnado de los recursos inform\u00e1ticos b\u00e1sicos para la incorporaci\u00f3n de \u00e9ste a la sociedad del&#46;&#46;&#46;<\/p>\n","protected":false},"author":14743,"featured_media":0,"parent":0,"menu_order":0,"comment_status":"closed","ping_status":"closed","template":"","meta":{"ngg_post_thumbnail":0,"footnotes":""},"aioseo_notices":[],"_links":{"self":[{"href":"https:\/\/blogsaverroes.juntadeandalucia.es\/ceperzaidin\/wp-json\/wp\/v2\/pages\/1113"}],"collection":[{"href":"https:\/\/blogsaverroes.juntadeandalucia.es\/ceperzaidin\/wp-json\/wp\/v2\/pages"}],"about":[{"href":"https:\/\/blogsaverroes.juntadeandalucia.es\/ceperzaidin\/wp-json\/wp\/v2\/types\/page"}],"author":[{"embeddable":true,"href":"https:\/\/blogsaverroes.juntadeandalucia.es\/ceperzaidin\/wp-json\/wp\/v2\/users\/14743"}],"replies":[{"embeddable":true,"href":"https:\/\/blogsaverroes.juntadeandalucia.es\/ceperzaidin\/wp-json\/wp\/v2\/comments?post=1113"}],"version-history":[{"count":7,"href":"https:\/\/blogsaverroes.juntadeandalucia.es\/ceperzaidin\/wp-json\/wp\/v2\/pages\/1113\/revisions"}],"predecessor-version":[{"id":2345,"href":"https:\/\/blogsaverroes.juntadeandalucia.es\/ceperzaidin\/wp-json\/wp\/v2\/pages\/1113\/revisions\/2345"}],"wp:attachment":[{"href":"https:\/\/blogsaverroes.juntadeandalucia.es\/ceperzaidin\/wp-json\/wp\/v2\/media?parent=1113"}],"curies":[{"name":"wp","href":"https:\/\/api.w.org\/{rel}","templated":true}]}}