{"id":1204,"date":"2022-04-27T10:03:37","date_gmt":"2022-04-27T09:03:37","guid":{"rendered":"https:\/\/blogsaverroes.juntadeandalucia.es\/ceperzaidin\/?page_id=1204"},"modified":"2025-09-11T08:57:27","modified_gmt":"2025-09-11T07:57:27","slug":"recursos-espanol","status":"publish","type":"page","link":"https:\/\/blogsaverroes.juntadeandalucia.es\/ceperzaidin\/recursos-espanol\/","title":{"rendered":"RECURSOS DE ESPA\u00d1OL"},"content":{"rendered":"<ul class=\"ul1\">\n<li><a href=\"https:\/\/www.profedeele.es\/a1\/\" target=\"_blank\" rel=\"noopener noreferrer\">PROFE DE ELE<\/a><\/li>\n<li><a href=\"https:\/\/www.youtube.com\/watch?v=27Xo6QxpFeQ&amp;list=PLsdm2a8Sgk_2EhkQfCLfOqGQPdgABwd9X\">VIDEOS DE ESPA\u00d1OL B\u00c1SICO PARA HABLANTES DE \u00c1RABE<\/a><\/li>\n<li><a href=\"https:\/\/espanolparainmigrantes.wordpress.com\/\" target=\"_blank\" rel=\"noopener noreferrer\">ESPA\u00d1OL PARA INMIGRANTES<\/a><\/li>\n<li><a href=\"https:\/\/www.youtube.com\/watch?v=IIkXK7ezRuA&amp;list=PL_JdwZWnDhAXgk0VA0d95JPQWO2jW651_\">VIDEOS DE YOUTUBE CON&nbsp; CLASES ONLINE<\/a><\/li>\n<li><a href=\"https:\/\/www.educacionyfp.gob.es\/brasil\/enlaces-interes\/recursos-para-aprendizaje-del-espa-ol.html\" target=\"_blank\" rel=\"noopener noreferrer\">RECURSOS GOBIERNO DE ESPA\u00d1A<\/a><\/li>\n<li><a href=\"https:\/\/www.juntadeandalucia.es\/educacion\/permanente\/materiales\/index.php?espanol#space\">RECURSOS CREA<\/a><\/li>\n<\/ul>\n","protected":false},"excerpt":{"rendered":"<p>PROFE DE ELE VIDEOS DE ESPA\u00d1OL B\u00c1SICO PARA HABLANTES DE \u00c1RABE ESPA\u00d1OL PARA INMIGRANTES VIDEOS DE YOUTUBE CON&nbsp; CLASES ONLINE RECURSOS GOBIERNO DE ESPA\u00d1A RECURSOS CREA<\/p>\n","protected":false},"author":14743,"featured_media":0,"parent":0,"menu_order":0,"comment_status":"closed","ping_status":"closed","template":"","meta":{"ngg_post_thumbnail":0,"footnotes":""},"aioseo_notices":[],"_links":{"self":[{"href":"https:\/\/blogsaverroes.juntadeandalucia.es\/ceperzaidin\/wp-json\/wp\/v2\/pages\/1204"}],"collection":[{"href":"https:\/\/blogsaverroes.juntadeandalucia.es\/ceperzaidin\/wp-json\/wp\/v2\/pages"}],"about":[{"href":"https:\/\/blogsaverroes.juntadeandalucia.es\/ceperzaidin\/wp-json\/wp\/v2\/types\/page"}],"author":[{"embeddable":true,"href":"https:\/\/blogsaverroes.juntadeandalucia.es\/ceperzaidin\/wp-json\/wp\/v2\/users\/14743"}],"replies":[{"embeddable":true,"href":"https:\/\/blogsaverroes.juntadeandalucia.es\/ceperzaidin\/wp-json\/wp\/v2\/comments?post=1204"}],"version-history":[{"count":9,"href":"https:\/\/blogsaverroes.juntadeandalucia.es\/ceperzaidin\/wp-json\/wp\/v2\/pages\/1204\/revisions"}],"predecessor-version":[{"id":2025,"href":"https:\/\/blogsaverroes.juntadeandalucia.es\/ceperzaidin\/wp-json\/wp\/v2\/pages\/1204\/revisions\/2025"}],"wp:attachment":[{"href":"https:\/\/blogsaverroes.juntadeandalucia.es\/ceperzaidin\/wp-json\/wp\/v2\/media?parent=1204"}],"curies":[{"name":"wp","href":"https:\/\/api.w.org\/{rel}","templated":true}]}}