{"id":1452,"date":"2023-05-22T16:55:04","date_gmt":"2023-05-22T15:55:04","guid":{"rendered":"https:\/\/blogsaverroes.juntadeandalucia.es\/ceperzaidin\/?page_id=1452"},"modified":"2025-09-15T11:50:35","modified_gmt":"2025-09-15T10:50:35","slug":"b1-titulo-oficial-2","status":"publish","type":"page","link":"https:\/\/blogsaverroes.juntadeandalucia.es\/ceperzaidin\/b1-titulo-oficial-2\/","title":{"rendered":"B1 (preparaci\u00f3n) (Luis Manuel Garc\u00eda)"},"content":{"rendered":"<p>En este Plan se prepara al alumnado para la prueba de nivel B1 (nivel intermedio).<\/p>\n<p>Ser\u00e1 impartido por Luis Manuel Garc\u00eda en una sesi\u00f3n los jueves de 16 a 18 horas.<\/p>\n","protected":false},"excerpt":{"rendered":"<p>En este Plan se prepara al alumnado para la prueba de nivel B1 (nivel intermedio). Ser\u00e1 impartido por Luis Manuel Garc\u00eda en una sesi\u00f3n los jueves de 16 a 18 horas.<\/p>\n","protected":false},"author":14743,"featured_media":0,"parent":0,"menu_order":0,"comment_status":"closed","ping_status":"closed","template":"","meta":{"ngg_post_thumbnail":0,"footnotes":""},"aioseo_notices":[],"_links":{"self":[{"href":"https:\/\/blogsaverroes.juntadeandalucia.es\/ceperzaidin\/wp-json\/wp\/v2\/pages\/1452"}],"collection":[{"href":"https:\/\/blogsaverroes.juntadeandalucia.es\/ceperzaidin\/wp-json\/wp\/v2\/pages"}],"about":[{"href":"https:\/\/blogsaverroes.juntadeandalucia.es\/ceperzaidin\/wp-json\/wp\/v2\/types\/page"}],"author":[{"embeddable":true,"href":"https:\/\/blogsaverroes.juntadeandalucia.es\/ceperzaidin\/wp-json\/wp\/v2\/users\/14743"}],"replies":[{"embeddable":true,"href":"https:\/\/blogsaverroes.juntadeandalucia.es\/ceperzaidin\/wp-json\/wp\/v2\/comments?post=1452"}],"version-history":[{"count":4,"href":"https:\/\/blogsaverroes.juntadeandalucia.es\/ceperzaidin\/wp-json\/wp\/v2\/pages\/1452\/revisions"}],"predecessor-version":[{"id":2131,"href":"https:\/\/blogsaverroes.juntadeandalucia.es\/ceperzaidin\/wp-json\/wp\/v2\/pages\/1452\/revisions\/2131"}],"wp:attachment":[{"href":"https:\/\/blogsaverroes.juntadeandalucia.es\/ceperzaidin\/wp-json\/wp\/v2\/media?parent=1452"}],"curies":[{"name":"wp","href":"https:\/\/api.w.org\/{rel}","templated":true}]}}