{"id":425,"date":"2017-12-12T16:31:57","date_gmt":"2017-12-12T16:31:57","guid":{"rendered":"https:\/\/blogsaverroes.juntadeandalucia.es\/cepguadix\/?page_id=425"},"modified":"2017-12-12T16:31:57","modified_gmt":"2017-12-12T16:31:57","slug":"educacion-infantil","status":"publish","type":"page","link":"https:\/\/blogsaverroes.juntadeandalucia.es\/cepguadix\/educacion-infantil\/","title":{"rendered":"Educaci\u00f3n Infantil"},"content":{"rendered":"<div class=\"pt-cv-wrapper\"><div class=\"pt-cv-view pt-cv-grid pt-cv-colsys\" id=\"pt-cv-view-d3310bfvw4\"><div data-id=\"pt-cv-page-1\" class=\"pt-cv-page\" data-cvc=\"2\"><div class=\"col-md-6 col-sm-6 col-xs-12 pt-cv-content-item pt-cv-1-col\" ><div class='pt-cv-ifield'><a href=\"https:\/\/blogsaverroes.juntadeandalucia.es\/cepguadix\/2026\/04\/24\/robotica-impresion-3d-ia\/\" class=\"_self pt-cv-href-thumbnail pt-cv-thumb-default\" target=\"_self\" ><img loading=\"lazy\" decoding=\"async\" width=\"150\" height=\"150\" src=\"https:\/\/blogsaverroes.juntadeandalucia.es\/cepguadix\/files\/2025\/06\/ICONO-CIENTIFICO-TECNOLOGICO.png\" class=\"pt-cv-thumbnail\" alt=\"\" \/><\/a>\n<h4 class=\"pt-cv-title\"><a href=\"https:\/\/blogsaverroes.juntadeandalucia.es\/cepguadix\/2026\/04\/24\/robotica-impresion-3d-ia\/\" class=\"_self\" target=\"_self\" >ROB\u00d3TICA, INTELIGENCIA ARTIFICAL E IMPRESI\u00d3N 3D COMO RECURSO EDUCATIVO EN EL AULA<\/a><\/h4>\n<div class=\"pt-cv-content\">Centro: Hermanos Coronel Vel\u00e1zquez Localidad: P\u00ed\u00f1ar Etapa: Infantil, Primaria y Secundaria DESCRIPCI\u00d3N: Durante el presente curso escolar, el centro ha desarrollado un grupo de trabajo centrado en la integraci\u00f3n de la rob\u00f3tica, la impresi\u00f3n 3D y la inteligencia artificial como herramientas educativas innovadoras. Esta iniciativa surge como continuaci\u00f3n del trabajo ...<br \/><div class=\"pt-cv-rmwrap\"><a href=\"https:\/\/blogsaverroes.juntadeandalucia.es\/cepguadix\/2026\/04\/24\/robotica-impresion-3d-ia\/\" class=\"_self pt-cv-readmore btn btn-success\" target=\"_self\">Leer M\u00e1s<\/a><\/div><\/div><\/div><\/div>\n<div class=\"col-md-6 col-sm-6 col-xs-12 pt-cv-content-item pt-cv-1-col\" ><div class='pt-cv-ifield'><a href=\"https:\/\/blogsaverroes.juntadeandalucia.es\/cepguadix\/2026\/04\/21\/razonamiento-matematico\/\" class=\"_self pt-cv-href-thumbnail pt-cv-thumb-default\" target=\"_self\" ><img loading=\"lazy\" decoding=\"async\" width=\"150\" height=\"150\" src=\"https:\/\/blogsaverroes.juntadeandalucia.es\/cepguadix\/files\/2025\/06\/ICONO-CIENTIFICO-TECNOLOGICO.png\" class=\"pt-cv-thumbnail\" alt=\"\" \/><\/a>\n<h4 class=\"pt-cv-title\"><a href=\"https:\/\/blogsaverroes.juntadeandalucia.es\/cepguadix\/2026\/04\/21\/razonamiento-matematico\/\" class=\"_self\" target=\"_self\" >RAZONAMIENTO MATEM\u00c1TICO Y RESOLUCI\u00d3N DE PROBLEMAS<\/a><\/h4>\n<div class=\"pt-cv-content\">Centro: CEIP Hermanos Coronel Vel\u00e1zquez Localidad: P\u00ed\u00f1ar Etapa: Infantil, Primaria, Primer ciclo de Secundaria DESCRIPCI\u00d3N: Este curso escolar, el CEIP Hermanos Coronel Vel\u00e1zquez ha trabajado en torno a la mejora en matem\u00e1ticas y espec\u00edficamente en resoluci\u00f3n de problemas en todo el centro. Dadas las carencias detectadas en el desarrollo de ...<br \/><div class=\"pt-cv-rmwrap\"><a href=\"https:\/\/blogsaverroes.juntadeandalucia.es\/cepguadix\/2026\/04\/21\/razonamiento-matematico\/\" class=\"_self pt-cv-readmore btn btn-success\" target=\"_self\">Leer M\u00e1s<\/a><\/div><\/div><\/div><\/div>\n<div class=\"col-md-6 col-sm-6 col-xs-12 pt-cv-content-item pt-cv-1-col\" ><div class='pt-cv-ifield'><a href=\"https:\/\/blogsaverroes.juntadeandalucia.es\/cepguadix\/2025\/06\/02\/gestion-colaborativa-de-la-direccion\/\" class=\"_self pt-cv-href-thumbnail pt-cv-thumb-default\" target=\"_self\" ><img loading=\"lazy\" decoding=\"async\" width=\"150\" height=\"150\" src=\"https:\/\/blogsaverroes.juntadeandalucia.es\/cepguadix\/files\/2026\/04\/ICONO-CONVIVENCIA.png\" class=\"pt-cv-thumbnail\" alt=\"\" \/><\/a>\n<h4 class=\"pt-cv-title\"><a href=\"https:\/\/blogsaverroes.juntadeandalucia.es\/cepguadix\/2025\/06\/02\/gestion-colaborativa-de-la-direccion\/\" class=\"_self\" target=\"_self\" >GESTI\u00d3N COLABORATIVA DE LA DIRECCI\u00d3N<\/a><\/h4>\n<div class=\"pt-cv-content\">Centro: Centros zona Iznalloz Localidad: Localidades zona Iznalloz Etapa: Infantil, Primaria y Secundaria DESCRIPCI\u00d3N: Al inicio de curso ante el cambio de inspecci\u00f3n educativa en la zona de los Montes Orientales, nos reunimos los directores y directoras de la zona para proponer, como iniciativa de grupo, la puesta en marcha ...<br \/><div class=\"pt-cv-rmwrap\"><a href=\"https:\/\/blogsaverroes.juntadeandalucia.es\/cepguadix\/2025\/06\/02\/gestion-colaborativa-de-la-direccion\/\" class=\"_self pt-cv-readmore btn btn-success\" target=\"_self\">Leer M\u00e1s<\/a><\/div><\/div><\/div><\/div>\n<div class=\"col-md-6 col-sm-6 col-xs-12 pt-cv-content-item pt-cv-1-col\" ><div class='pt-cv-ifield'><a href=\"https:\/\/blogsaverroes.juntadeandalucia.es\/cepguadix\/2025\/06\/02\/creacion-de-una-biblioteca-virtual\/\" class=\"_self pt-cv-href-thumbnail pt-cv-thumb-default\" target=\"_self\" ><img loading=\"lazy\" decoding=\"async\" width=\"152\" height=\"150\" src=\"https:\/\/blogsaverroes.juntadeandalucia.es\/cepguadix\/files\/2026\/04\/ICONO-COMUNICACION-LINGUISTICA-V5-Editada.png\" class=\"pt-cv-thumbnail\" alt=\"\" \/><\/a>\n<h4 class=\"pt-cv-title\"><a href=\"https:\/\/blogsaverroes.juntadeandalucia.es\/cepguadix\/2025\/06\/02\/creacion-de-una-biblioteca-virtual\/\" class=\"_self\" target=\"_self\" >CREACI\u00d3N DE UNA BIBLIOTECA VIRTUAL<\/a><\/h4>\n<div class=\"pt-cv-content\">Centro: CEIP San Sebasti\u00e1n Localidad: Benal\u00faa de las Villas Etapa: Infantil, Primaria y Secundaria DESCRIPCI\u00d3N: Como su nombre indica se propone la creaci\u00f3n colaborativa de una biblioteca online por parte del profesorado, con el objetivo de fomentar el gusto por la lectura, desarrollar la competencia digital y mejorar la capacidad ...<br \/><div class=\"pt-cv-rmwrap\"><a href=\"https:\/\/blogsaverroes.juntadeandalucia.es\/cepguadix\/2025\/06\/02\/creacion-de-una-biblioteca-virtual\/\" class=\"_self pt-cv-readmore btn btn-success\" target=\"_self\">Leer M\u00e1s<\/a><\/div><\/div><\/div><\/div>\n<div class=\"col-md-6 col-sm-6 col-xs-12 pt-cv-content-item pt-cv-1-col\" ><div class='pt-cv-ifield'><a href=\"https:\/\/blogsaverroes.juntadeandalucia.es\/cepguadix\/2025\/06\/02\/matematicas-divertidas\/\" class=\"_self pt-cv-href-thumbnail pt-cv-thumb-default\" target=\"_self\" ><img loading=\"lazy\" decoding=\"async\" width=\"150\" height=\"150\" src=\"https:\/\/blogsaverroes.juntadeandalucia.es\/cepguadix\/files\/2025\/06\/ICONO-CIENTIFICO-TECNOLOGICO.png\" class=\"pt-cv-thumbnail\" alt=\"\" \/><\/a>\n<h4 class=\"pt-cv-title\"><a href=\"https:\/\/blogsaverroes.juntadeandalucia.es\/cepguadix\/2025\/06\/02\/matematicas-divertidas\/\" class=\"_self\" target=\"_self\" >MATEM\u00c1TICAS DIVERTIDAS<\/a><\/h4>\n<div class=\"pt-cv-content\">Centro: CEIP San Juan de \u00c1vila Localidad: Iznalloz Etapa: Infantil y Primaria DESCRIPCI\u00d3N: El grupo de trabajo surgi\u00f3 por la dificultad encontrada en el alumnado para resolver problemas matem\u00e1ticos, su escaso razonamiento para encontrar dentro del problema lo que se le ped\u00eda y el no saber dar una respuesta adecuada ...<br \/><div class=\"pt-cv-rmwrap\"><a href=\"https:\/\/blogsaverroes.juntadeandalucia.es\/cepguadix\/2025\/06\/02\/matematicas-divertidas\/\" class=\"_self pt-cv-readmore btn btn-success\" target=\"_self\">Leer M\u00e1s<\/a><\/div><\/div><\/div><\/div>\n<div class=\"col-md-6 col-sm-6 col-xs-12 pt-cv-content-item pt-cv-1-col\" ><div class='pt-cv-ifield'><a href=\"https:\/\/blogsaverroes.juntadeandalucia.es\/cepguadix\/2025\/05\/30\/creacion-de-un-banco-de-recursos-para-trabajar-la-competencia-matematica\/\" class=\"_self pt-cv-href-thumbnail pt-cv-thumb-default\" target=\"_self\" ><img loading=\"lazy\" decoding=\"async\" width=\"150\" height=\"150\" src=\"https:\/\/blogsaverroes.juntadeandalucia.es\/cepguadix\/files\/2025\/06\/ICONO-CIENTIFICO-TECNOLOGICO.png\" class=\"pt-cv-thumbnail\" alt=\"\" \/><\/a>\n<h4 class=\"pt-cv-title\"><a href=\"https:\/\/blogsaverroes.juntadeandalucia.es\/cepguadix\/2025\/05\/30\/creacion-de-un-banco-de-recursos-para-trabajar-la-competencia-matematica\/\" class=\"_self\" target=\"_self\" >CREACI\u00d3N DE UN BANCO DE RECURSOS PARA TRABAJAR LA COMPETENCIA MATEM\u00c1TICA<\/a><\/h4>\n<div class=\"pt-cv-content\">Centro: CEIP Crist\u00f3bal de Arce Localidad: La Peza Etapa: Infantil y Primaria DESCRIPCI\u00d3N: A lo largo de estos meses el claustro del CEIP Cristobal de Arce ha dise\u00f1ado un material propio para el desarrollo de la competencia matem\u00e1tica en todos los niveles educativos que se imparten en el centro. OBJETIVOS: ...<br \/><div class=\"pt-cv-rmwrap\"><a href=\"https:\/\/blogsaverroes.juntadeandalucia.es\/cepguadix\/2025\/05\/30\/creacion-de-un-banco-de-recursos-para-trabajar-la-competencia-matematica\/\" class=\"_self pt-cv-readmore btn btn-success\" target=\"_self\">Leer M\u00e1s<\/a><\/div><\/div><\/div><\/div>\n<div class=\"col-md-6 col-sm-6 col-xs-12 pt-cv-content-item pt-cv-1-col\" ><div class='pt-cv-ifield'><a href=\"https:\/\/blogsaverroes.juntadeandalucia.es\/cepguadix\/2025\/05\/29\/interdisciplinariedad-en-el-cpr-zalabi\/\" class=\"_self pt-cv-href-thumbnail pt-cv-thumb-default\" target=\"_self\" ><img loading=\"lazy\" decoding=\"async\" width=\"150\" height=\"150\" src=\"https:\/\/blogsaverroes.juntadeandalucia.es\/cepguadix\/files\/2025\/06\/ICONO-CIENTIFICO-TECNOLOGICO.png\" class=\"pt-cv-thumbnail\" alt=\"\" \/><\/a>\n<h4 class=\"pt-cv-title\"><a href=\"https:\/\/blogsaverroes.juntadeandalucia.es\/cepguadix\/2025\/05\/29\/interdisciplinariedad-en-el-cpr-zalabi\/\" class=\"_self\" target=\"_self\" >INTERDISCIPLINARIEDAD EN EL CPR ZALAB\u00cd<\/a><\/h4>\n<div class=\"pt-cv-content\">Centro: CPR Zalab\u00ed Localidad: Valle del Zalab\u00ed Etapa: Educaci\u00f3n Infantil y Primaria DESCRIPCI\u00d3N: Desde hace ya varios cursos, en nuestro colegio apostamos firmemente por la realizaci\u00f3n de semanas interdisciplinares como una herramienta educativa clave para enriquecer la formaci\u00f3n de nuestro alumnado. Estas semanas, que se desarrollan una por trimestre, nacen ...<br \/><div class=\"pt-cv-rmwrap\"><a href=\"https:\/\/blogsaverroes.juntadeandalucia.es\/cepguadix\/2025\/05\/29\/interdisciplinariedad-en-el-cpr-zalabi\/\" class=\"_self pt-cv-readmore btn btn-success\" target=\"_self\">Leer M\u00e1s<\/a><\/div><\/div><\/div><\/div>\n<div class=\"col-md-6 col-sm-6 col-xs-12 pt-cv-content-item pt-cv-1-col\" ><div class='pt-cv-ifield'><a href=\"https:\/\/blogsaverroes.juntadeandalucia.es\/cepguadix\/2025\/05\/29\/matematicas-en-educacion-infantil\/\" class=\"_self pt-cv-href-thumbnail pt-cv-thumb-default\" target=\"_self\" ><img loading=\"lazy\" decoding=\"async\" width=\"150\" height=\"150\" src=\"https:\/\/blogsaverroes.juntadeandalucia.es\/cepguadix\/files\/2025\/06\/ICONO-CIENTIFICO-TECNOLOGICO.png\" class=\"pt-cv-thumbnail\" alt=\"\" \/><\/a>\n<h4 class=\"pt-cv-title\"><a href=\"https:\/\/blogsaverroes.juntadeandalucia.es\/cepguadix\/2025\/05\/29\/matematicas-en-educacion-infantil\/\" class=\"_self\" target=\"_self\" >MATEM\u00c1TICAS EN EDUCACI\u00d3N INFANTIL<\/a><\/h4>\n<div class=\"pt-cv-content\">Centro: CPR Zalab\u00ed Localidad: Valle del Zalab\u00ed Etapa: Educaci\u00f3n Infantil DESCRIPCI\u00d3N: Somos un grupo de docentes especialistas en Educaci\u00f3n Infantil y un especialista en Pedagog\u00eda Terap\u00e9utica conscientes de la importancia que tiene para nuestro alumnado tener una base s\u00f3lida en el \u00e1rea de las matem\u00e1ticas. La experiencia nos dice que ...<br \/><div class=\"pt-cv-rmwrap\"><a href=\"https:\/\/blogsaverroes.juntadeandalucia.es\/cepguadix\/2025\/05\/29\/matematicas-en-educacion-infantil\/\" class=\"_self pt-cv-readmore btn btn-success\" target=\"_self\">Leer M\u00e1s<\/a><\/div><\/div><\/div><\/div>\n<div class=\"col-md-6 col-sm-6 col-xs-12 pt-cv-content-item pt-cv-1-col\" ><div class='pt-cv-ifield'><a href=\"https:\/\/blogsaverroes.juntadeandalucia.es\/cepguadix\/2025\/05\/29\/creacion-y-diseno-de-lecturas-comprensivas-multinivel\/\" class=\"_self pt-cv-href-thumbnail pt-cv-thumb-default\" target=\"_self\" ><img loading=\"lazy\" decoding=\"async\" width=\"152\" height=\"150\" src=\"https:\/\/blogsaverroes.juntadeandalucia.es\/cepguadix\/files\/2026\/04\/ICONO-COMUNICACION-LINGUISTICA-V5-Editada.png\" class=\"pt-cv-thumbnail\" alt=\"\" \/><\/a>\n<h4 class=\"pt-cv-title\"><a href=\"https:\/\/blogsaverroes.juntadeandalucia.es\/cepguadix\/2025\/05\/29\/creacion-y-diseno-de-lecturas-comprensivas-multinivel\/\" class=\"_self\" target=\"_self\" >CREACI\u00d3N Y DISE\u00d1O DE LECTURAS COMPRENSIVAS MULTINIVEL<\/a><\/h4>\n<div class=\"pt-cv-content\">Centro: CPR Tres Fuentes Localidad: Gor Etapa: Educaci\u00f3n Infantil y Primaria DESCRIPCI\u00d3N: Considerando el valor que tiene la lectura hoy en d\u00eda en nuestra sociedad, se hace necesario formar lectores competentes, capaces de usar la lectura como fuente de informaci\u00f3n y conocimiento, as\u00ed como fuente de placer y disfrute, y ...<br \/><div class=\"pt-cv-rmwrap\"><a href=\"https:\/\/blogsaverroes.juntadeandalucia.es\/cepguadix\/2025\/05\/29\/creacion-y-diseno-de-lecturas-comprensivas-multinivel\/\" class=\"_self pt-cv-readmore btn btn-success\" target=\"_self\">Leer M\u00e1s<\/a><\/div><\/div><\/div><\/div>\n<div class=\"col-md-6 col-sm-6 col-xs-12 pt-cv-content-item pt-cv-1-col\" ><div class='pt-cv-ifield'><a href=\"https:\/\/blogsaverroes.juntadeandalucia.es\/cepguadix\/2025\/05\/28\/las-edades-del-hombre\/\" class=\"_self pt-cv-href-thumbnail pt-cv-thumb-default\" target=\"_self\" ><img loading=\"lazy\" decoding=\"async\" width=\"150\" height=\"150\" src=\"https:\/\/blogsaverroes.juntadeandalucia.es\/cepguadix\/files\/2025\/06\/ICONO-METODOLOGIAS.png\" class=\"pt-cv-thumbnail\" alt=\"\" \/><\/a>\n<h4 class=\"pt-cv-title\"><a href=\"https:\/\/blogsaverroes.juntadeandalucia.es\/cepguadix\/2025\/05\/28\/las-edades-del-hombre\/\" class=\"_self\" target=\"_self\" >LAS EDADES DEL HOMBRE<\/a><\/h4>\n<div class=\"pt-cv-content\">Centro: CEIP Ru\u00edz del Peral Localidad: Guadix Etapa: Infantil y Primaria DESCRIPCI\u00d3N: Este curso escolar, el CEIP Ruiz del Peral ha desarrollado un proyecto de centro interdisciplinar bajo el t\u00edtulo \u201cLas edades del hombre\u201d, en el que todo el alumnado, desde Infantil de 3 a\u00f1os hasta 6\u00ba de Primaria, ha ...<br \/><div class=\"pt-cv-rmwrap\"><a href=\"https:\/\/blogsaverroes.juntadeandalucia.es\/cepguadix\/2025\/05\/28\/las-edades-del-hombre\/\" class=\"_self pt-cv-readmore btn btn-success\" target=\"_self\">Leer M\u00e1s<\/a><\/div><\/div><\/div><\/div><\/div><\/div>\n<div class=\" pt-cv-pagination-wrapper\"><ul class=\"pt-cv-pagination pt-cv-ajax pagination\" data-totalpages=\"3\" data-currentpage=\"1\" data-sid=\"d3310bfvw4\" data-unid=\"\" data-isblock=\"\" data-postid=\"\"><li class=\"active\"><a href=\"#\">1<\/a><\/li>\n\t<li ><a class=\"\" href=\"https:\/\/blogsaverroes.juntadeandalucia.es\/cepguadix\/wp-json\/wp\/v2\/pages\/425\/?_page=2\">2<\/a><\/li>\n\t<li ><a class=\"\" href=\"https:\/\/blogsaverroes.juntadeandalucia.es\/cepguadix\/wp-json\/wp\/v2\/pages\/425\/?_page=3\">3<\/a><\/li>\n\t<li ><a class=\" \" href=\"https:\/\/blogsaverroes.juntadeandalucia.es\/cepguadix\/wp-json\/wp\/v2\/pages\/425\/?_page=2\">&rsaquo;<\/a><\/li>\n\t<\/ul><img loading=\"lazy\" decoding=\"async\" width=\"15\" height=\"15\" class=\"pt-cv-spinner\" alt=\"Cargando...\" src=\"data:image\/gif;base64,R0lGODlhDwAPALMPAMrKygwMDJOTkz09PZWVla+vr3p6euTk5M7OzuXl5TMzMwAAAJmZmWZmZszMzP\/\/\/yH\/C05FVFNDQVBFMi4wAwEAAAAh+QQFCgAPACwAAAAADwAPAAAEQvDJaZaZOIcV8iQK8VRX4iTYoAwZ4iCYoAjZ4RxejhVNoT+mRGP4cyF4Pp0N98sBGIBMEMOotl6YZ3S61Bmbkm4mAgAh+QQFCgAPACwAAAAADQANAAAENPDJSRSZeA418itN8QiK8BiLITVsFiyBBIoYqnoewAD4xPw9iY4XLGYSjkQR4UAUD45DLwIAIfkEBQoADwAsAAAAAA8ACQAABC\/wyVlamTi3nSdgwFNdhEJgTJoNyoB9ISYoQmdjiZPcj7EYCAeCF1gEDo4Dz2eIAAAh+QQFCgAPACwCAAAADQANAAAEM\/DJBxiYeLKdX3IJZT1FU0iIg2RNKx3OkZVnZ98ToRD4MyiDnkAh6BkNC0MvsAj0kMpHBAAh+QQFCgAPACwGAAAACQAPAAAEMDC59KpFDll73HkAA2wVY5KgiK5b0RRoI6MuzG6EQqCDMlSGheEhUAgqgUUAFRySIgAh+QQFCgAPACwCAAIADQANAAAEM\/DJKZNLND\/kkKaHc3xk+QAMYDKsiaqmZCxGVjSFFCxB1vwy2oOgIDxuucxAMTAJFAJNBAAh+QQFCgAPACwAAAYADwAJAAAEMNAs86q1yaWwwv2Ig0jUZx3OYa4XoRAfwADXoAwfo1+CIjyFRuEho60aSNYlOPxEAAAh+QQFCgAPACwAAAIADQANAAAENPA9s4y8+IUVcqaWJ4qEQozSoAzoIyhCK2NFU2SJk0hNnyEOhKR2AzAAj4Pj4GE4W0bkJQIAOw==\" \/><div class=\"clear pt-cv-clear-pagination\"><\/div><\/div><\/div>\n","protected":false},"excerpt":{"rendered":"","protected":false},"author":5139,"featured_media":0,"parent":0,"menu_order":0,"comment_status":"closed","ping_status":"closed","template":"","meta":{"ngg_post_thumbnail":0,"footnotes":""},"aioseo_notices":[],"_links":{"self":[{"href":"https:\/\/blogsaverroes.juntadeandalucia.es\/cepguadix\/wp-json\/wp\/v2\/pages\/425"}],"collection":[{"href":"https:\/\/blogsaverroes.juntadeandalucia.es\/cepguadix\/wp-json\/wp\/v2\/pages"}],"about":[{"href":"https:\/\/blogsaverroes.juntadeandalucia.es\/cepguadix\/wp-json\/wp\/v2\/types\/page"}],"author":[{"embeddable":true,"href":"https:\/\/blogsaverroes.juntadeandalucia.es\/cepguadix\/wp-json\/wp\/v2\/users\/5139"}],"replies":[{"embeddable":true,"href":"https:\/\/blogsaverroes.juntadeandalucia.es\/cepguadix\/wp-json\/wp\/v2\/comments?post=425"}],"version-history":[{"count":1,"href":"https:\/\/blogsaverroes.juntadeandalucia.es\/cepguadix\/wp-json\/wp\/v2\/pages\/425\/revisions"}],"predecessor-version":[{"id":426,"href":"https:\/\/blogsaverroes.juntadeandalucia.es\/cepguadix\/wp-json\/wp\/v2\/pages\/425\/revisions\/426"}],"wp:attachment":[{"href":"https:\/\/blogsaverroes.juntadeandalucia.es\/cepguadix\/wp-json\/wp\/v2\/media?parent=425"}],"curies":[{"name":"wp","href":"https:\/\/api.w.org\/{rel}","templated":true}]}}